-- https://www.phpmyadmin.net/
--
-- Vært: localhost:3306
-- Genereringstid: 30. 10 2025 kl. 16:15:45
-- Serverversion: 10.11.13-MariaDB-0ubuntu0.24.04.1-log
-- PHP-version: 8.4.12

START TRANSACTION;



--
-- Database: `projectnow_`
--

-- --------------------------------------------------------

--
-- Struktur-dump for tabellen `attachments`
--

CREATE TABLE `attachments` (
  `id` char(36) NOT NULL,
  `filename` text NOT NULL,
  `driver` int(11) NOT NULL,
  `type` varchar(191) NOT NULL,
  `user_id` bigint(20) UNSIGNED DEFAULT NULL,
  `post_id` bigint(20) UNSIGNED DEFAULT NULL,
  `message_id` bigint(20) UNSIGNED DEFAULT NULL,
  `coconut_id` varchar(191) DEFAULT NULL,
  `has_thumbnail` tinyint(1) DEFAULT NULL,
  `has_blurred_preview` tinyint(1) DEFAULT NULL,
  `created_at` timestamp NULL DEFAULT NULL,
  `updated_at` timestamp NULL DEFAULT NULL,
  `payment_request_id` bigint(20) UNSIGNED DEFAULT NULL
) ENGINE=InnoDB DEFAULT CHARSET=utf8mb4 COLLATE=utf8mb4_unicode_ci;

-- --------------------------------------------------------

--
-- Struktur-dump for tabellen `contact_messages`
--

CREATE TABLE `contact_messages` (
  `id` bigint(20) UNSIGNED NOT NULL,
  `email` varchar(191) NOT NULL,
  `subject` varchar(191) NOT NULL,
  `message` text NOT NULL,
  `created_at` timestamp NULL DEFAULT NULL,
  `updated_at` timestamp NULL DEFAULT NULL
) ENGINE=InnoDB DEFAULT CHARSET=utf8mb4 COLLATE=utf8mb4_unicode_ci;

-- --------------------------------------------------------

--
-- Struktur-dump for tabellen `countries`
--

CREATE TABLE `countries` (
  `id` bigint(20) UNSIGNED NOT NULL,
  `name` varchar(191) NOT NULL,
  `country_code` varchar(191) DEFAULT NULL,
  `phone_code` varchar(191) DEFAULT NULL,
  `created_at` timestamp NULL DEFAULT NULL,
  `updated_at` timestamp NULL DEFAULT NULL
) ENGINE=InnoDB DEFAULT CHARSET=utf8mb4 COLLATE=utf8mb4_unicode_ci;

--
-- Data dump for tabellen `countries`
--

INSERT INTO `countries` (`id`, `name`, `country_code`, `phone_code`, `created_at`, `updated_at`) VALUES
(1, 'All', NULL, NULL, '2022-04-14 18:35:50', '2022-04-14 18:35:50'),
(2, 'Afghanistan', 'AF', '93', '2022-04-14 18:35:50', '2022-04-14 18:35:50'),
(3, 'Albania', 'AL', '355', '2022-04-14 18:35:50', '2022-04-14 18:35:50'),
(4, 'Algeria', 'DZ', '213', '2022-04-14 18:35:50', '2022-04-14 18:35:50'),
(5, 'American Samoa', 'AS', '1684', '2022-04-14 18:35:50', '2022-04-14 18:35:50'),
(6, 'Andorra', 'AD', '376', '2022-04-14 18:35:50', '2022-04-14 18:35:50'),
(7, 'Angola', 'AO', '244', '2022-04-14 18:35:50', '2022-04-14 18:35:50'),
(8, 'Anguilla', 'AI', '1264', '2022-04-14 18:35:50', '2022-04-14 18:35:50'),
(9, 'Antarctica', 'AQ', '672', '2022-04-14 18:35:50', '2022-04-14 18:35:50'),
(10, 'Antigua and Barbuda', 'AG', '1268', '2022-04-14 18:35:50', '2022-04-14 18:35:50'),
(11, 'Argentina', 'AR', '54', '2022-04-14 18:35:50', '2022-04-14 18:35:50'),
(12, 'Armenia', 'AM', '374', '2022-04-14 18:35:50', '2022-04-14 18:35:50'),
(13, 'Aruba', 'AW', '297', '2022-04-14 18:35:50', '2022-04-14 18:35:50'),
(14, 'Australia', 'AU', '61', '2022-04-14 18:35:50', '2022-04-14 18:35:50'),
(15, 'Austria', 'AT', '43', '2022-04-14 18:35:50', '2022-04-14 18:35:50'),
(16, 'Azerbaijan', 'AZ', '994', '2022-04-14 18:35:50', '2022-04-14 18:35:50'),
(17, 'Bahamas (the)', 'BS', '1242', '2022-04-14 18:35:50', '2022-04-14 18:35:50'),
(18, 'Bahrain', 'BH', '973', '2022-04-14 18:35:50', '2022-04-14 18:35:50'),
(19, 'Bangladesh', 'BD', '880', '2022-04-14 18:35:50', '2022-04-14 18:35:50'),
(20, 'Barbados', 'BB', '1246', '2022-04-14 18:35:50', '2022-04-14 18:35:50'),
(21, 'Belarus', 'BY', '375', '2022-04-14 18:35:50', '2022-04-14 18:35:50'),
(22, 'Belgium', 'BE', '32', '2022-04-14 18:35:50', '2022-04-14 18:35:50'),
(23, 'Belize', 'BZ', '501', '2022-04-14 18:35:50', '2022-04-14 18:35:50'),
(24, 'Benin', 'BJ', '229', '2022-04-14 18:35:50', '2022-04-14 18:35:50'),
(25, 'Bermuda', 'BM', '1441', '2022-04-14 18:35:50', '2022-04-14 18:35:50'),
(26, 'Bhutan', 'BT', '975', '2022-04-14 18:35:50', '2022-04-14 18:35:50'),
(27, 'Bolivia (Plurinational State of)', 'BO', '591', '2022-04-14 18:35:50', '2022-04-14 18:35:50'),
(28, 'Bonaire, Sint Eustatius and Saba', 'BQ', '599', '2022-04-14 18:35:50', '2022-04-14 18:35:50'),
(29, 'Bosnia and Herzegovina', 'BA', '387', '2022-04-14 18:35:50', '2022-04-14 18:35:50'),
(30, 'Botswana', 'BW', '267', '2022-04-14 18:35:50', '2022-04-14 18:35:50'),
(31, 'Bouvet Island', 'BV', '55', '2022-04-14 18:35:50', '2022-04-14 18:35:50'),
(32, 'Brazil', 'BR', '55', '2022-04-14 18:35:50', '2022-04-14 18:35:50'),
(33, 'British Indian Ocean Territory (the)', 'IO', '246', '2022-04-14 18:35:50', '2022-04-14 18:35:50'),
(34, 'Brunei Darussalam', 'BN', '673', '2022-04-14 18:35:50', '2022-04-14 18:35:50'),
(35, 'Bulgaria', 'BG', '359', '2022-04-14 18:35:50', '2022-04-14 18:35:50'),
(36, 'Burkina Faso', 'BF', '226', '2022-04-14 18:35:50', '2022-04-14 18:35:50'),
(37, 'Burundi', 'BI', '257', '2022-04-14 18:35:50', '2022-04-14 18:35:50'),
(38, 'Cabo Verde', 'CV', '238', '2022-04-14 18:35:50', '2022-04-14 18:35:50'),
(39, 'Cambodia', 'KH', '855', '2022-04-14 18:35:50', '2022-04-14 18:35:50'),
(40, 'Cameroon', 'CM', '237', '2022-04-14 18:35:50', '2022-04-14 18:35:50'),
(41, 'Canada', 'CA', '1', '2022-04-14 18:35:50', '2022-04-14 18:35:50'),
(42, 'Cayman Islands (the)', 'KY', '1345', '2022-04-14 18:35:50', '2022-04-14 18:35:50'),
(43, 'Central African Republic (the)', 'CF', '236', '2022-04-14 18:35:50', '2022-04-14 18:35:50'),
(44, 'Chad', 'TD', '235', '2022-04-14 18:35:50', '2022-04-14 18:35:50'),
(45, 'Chile', 'CL', '56', '2022-04-14 18:35:50', '2022-04-14 18:35:50'),
(46, 'China', 'CN', '86', '2022-04-14 18:35:50', '2022-04-14 18:35:50'),
(47, 'Christmas Island', 'CX', '61', '2022-04-14 18:35:50', '2022-04-14 18:35:50'),
(48, 'Cocos (Keeling) Islands (the)', 'CC', '672', '2022-04-14 18:35:50', '2022-04-14 18:35:50'),
(49, 'Colombia', 'CO', '57', '2022-04-14 18:35:50', '2022-04-14 18:35:50'),
(50, 'Comoros (the)', 'KM', '269', '2022-04-14 18:35:50', '2022-04-14 18:35:50'),
(51, 'Congo (the Democratic Republic of the)', 'CG', '242', '2022-04-14 18:35:50', '2022-04-14 18:35:50'),
(52, 'Congo (the)', 'CG', '242', '2022-04-14 18:35:50', '2022-04-14 18:35:50'),
(53, 'Cook Islands (the)', 'CK', '682', '2022-04-14 18:35:50', '2022-04-14 18:35:50'),
(54, 'Costa Rica', 'CR', '506', '2022-04-14 18:35:50', '2022-04-14 18:35:50'),
(55, 'Croatia', 'HR', '385', '2022-04-14 18:35:50', '2022-04-14 18:35:50'),
(56, 'Cuba', 'CU', '53', '2022-04-14 18:35:50', '2022-04-14 18:35:50'),
(57, 'Curaçao', 'CW', '599', '2022-04-14 18:35:50', '2022-04-14 18:35:50'),
(58, 'Cyprus', 'CY', '357', '2022-04-14 18:35:50', '2022-04-14 18:35:50'),
(59, 'Czechia', 'CZ', '420', '2022-04-14 18:35:50', '2022-04-14 18:35:50'),
(60, 'Côte d\'Ivoire', 'CI', '225', '2022-04-14 18:35:50', '2022-04-14 18:35:50'),
(61, 'Denmark', 'DK', '45', '2022-04-14 18:35:50', '2022-04-14 18:35:50'),
(62, 'Djibouti', 'DJ', '253', '2022-04-14 18:35:50', '2022-04-14 18:35:50'),
(63, 'Dominica', 'DM', '1767', '2022-04-14 18:35:50', '2022-04-14 18:35:50'),
(64, 'Dominican Republic (the)', 'DO', '1809', '2022-04-14 18:35:50', '2022-04-14 18:35:50'),
(65, 'Ecuador', 'EC', '593', '2022-04-14 18:35:50', '2022-04-14 18:35:50'),
(66, 'Egypt', 'EG', '20', '2022-04-14 18:35:50', '2022-04-14 18:35:50'),
(67, 'El Salvador', 'SV', '503', '2022-04-14 18:35:50', '2022-04-14 18:35:50'),
(68, 'Equatorial Guinea', 'GQ', '240', '2022-04-14 18:35:50', '2022-04-14 18:35:50'),
(69, 'Eritrea', 'ER', '291', '2022-04-14 18:35:50', '2022-04-14 18:35:50'),
(70, 'Estonia', 'EE', '372', '2022-04-14 18:35:50', '2022-04-14 18:35:50'),
(71, 'Eswatini', 'SWZ', '268', '2022-04-14 18:35:50', '2022-04-14 18:35:50'),
(72, 'Ethiopia', 'ET', '251', '2022-04-14 18:35:50', '2022-04-14 18:35:50'),
(73, 'Falkland Islands (the) [Malvinas]', 'FK', '500', '2022-04-14 18:35:50', '2022-04-14 18:35:50'),
(74, 'Faroe Islands (the)', 'FO', '298', '2022-04-14 18:35:50', '2022-04-14 18:35:50'),
(75, 'Fiji', 'FJ', '679', '2022-04-14 18:35:50', '2022-04-14 18:35:50'),
(76, 'Finland', 'FI', '358', '2022-04-14 18:35:50', '2022-04-14 18:35:50'),
(77, 'France', 'FR', '33', '2022-04-14 18:35:50', '2022-04-14 18:35:50'),
(78, 'French Guiana', 'GF', '594', '2022-04-14 18:35:50', '2022-04-14 18:35:50'),
(79, 'French Polynesia', 'PF', '689', '2022-04-14 18:35:50', '2022-04-14 18:35:50'),
(80, 'French Southern Territories (the)', 'GF', '594', '2022-04-14 18:35:50', '2022-04-14 18:35:50'),
(81, 'Gabon', 'GA', '241', '2022-04-14 18:35:50', '2022-04-14 18:35:50'),
(82, 'Gambia (the)', 'GM', '220', '2022-04-14 18:35:50', '2022-04-14 18:35:50'),
(83, 'Georgia', 'GE', '995', '2022-04-14 18:35:50', '2022-04-14 18:35:50'),
(84, 'Germany', 'DE', '49', '2022-04-14 18:35:50', '2022-04-14 18:35:50'),
(85, 'Ghana', 'GH', '233', '2022-04-14 18:35:50', '2022-04-14 18:35:50'),
(86, 'Gibraltar', 'GI', '350', '2022-04-14 18:35:50', '2022-04-14 18:35:50'),
(87, 'Greece', 'GR', '30', '2022-04-14 18:35:50', '2022-04-14 18:35:50'),
(88, 'Greenland', 'GL', '299', '2022-04-14 18:35:50', '2022-04-14 18:35:50'),
(89, 'Grenada', 'GD', '1473', '2022-04-14 18:35:50', '2022-04-14 18:35:50'),
(90, 'Guadeloupe', 'GP', '590', '2022-04-14 18:35:50', '2022-04-14 18:35:50'),
(91, 'Guam', 'GU', '1671', '2022-04-14 18:35:50', '2022-04-14 18:35:50'),
(92, 'Guatemala', 'GT', '502', '2022-04-14 18:35:50', '2022-04-14 18:35:50'),
(93, 'Guernsey', 'GG', '44', '2022-04-14 18:35:50', '2022-04-14 18:35:50'),
(94, 'Guinea', 'GN', '224', '2022-04-14 18:35:50', '2022-04-14 18:35:50'),
(95, 'Guinea-Bissau', 'GW', '245', '2022-04-14 18:35:50', '2022-04-14 18:35:50'),
(96, 'Guyana', 'GY', '592', '2022-04-14 18:35:50', '2022-04-14 18:35:50'),
(97, 'Haiti', 'HT', '509', '2022-04-14 18:35:50', '2022-04-14 18:35:50'),
(98, 'Heard Island and McDonald Islands', 'HM', '0', '2022-04-14 18:35:50', '2022-04-14 18:35:50'),
(99, 'Holy See (the)', 'VA', '39', '2022-04-14 18:35:50', '2022-04-14 18:35:50'),
(100, 'Honduras', 'HN', '504', '2022-04-14 18:35:50', '2022-04-14 18:35:50'),
(101, 'Hong Kong', 'HK', '852', '2022-04-14 18:35:50', '2022-04-14 18:35:50'),
(102, 'Hungary', 'HU', '36', '2022-04-14 18:35:50', '2022-04-14 18:35:50'),
(103, 'Iceland', 'IS', '354', '2022-04-14 18:35:50', '2022-04-14 18:35:50'),
(104, 'India', 'IN', '91', '2022-04-14 18:35:50', '2022-04-14 18:35:50'),
(105, 'Indonesia', 'ID', '62', '2022-04-14 18:35:50', '2022-04-14 18:35:50'),
(106, 'Iran (Islamic Republic of)', 'IR', '98', '2022-04-14 18:35:50', '2022-04-14 18:35:50'),
(107, 'Iraq', 'IQ', '964', '2022-04-14 18:35:50', '2022-04-14 18:35:50'),
(108, 'Ireland', 'IE', '353', '2022-04-14 18:35:50', '2022-04-14 18:35:50'),
(109, 'Isle of Man', 'IM', '44', '2022-04-14 18:35:50', '2022-04-14 18:35:50'),
(110, 'Israel', 'IL', '972', '2022-04-14 18:35:50', '2022-04-14 18:35:50'),
(111, 'Italy', 'IT', '39', '2022-04-14 18:35:50', '2022-04-14 18:35:50'),
(112, 'Jamaica', 'JM', '1876', '2022-04-14 18:35:50', '2022-04-14 18:35:50'),
(113, 'Japan', 'JP', '81', '2022-04-14 18:35:50', '2022-04-14 18:35:50'),
(114, 'Jersey', 'JE', '44', '2022-04-14 18:35:50', '2022-04-14 18:35:50'),
(115, 'Jordan', 'JO', '962', '2022-04-14 18:35:50', '2022-04-14 18:35:50'),
(116, 'Kazakhstan', 'KZ', '7', '2022-04-14 18:35:50', '2022-04-14 18:35:50'),
(117, 'Kenya', 'KE', '254', '2022-04-14 18:35:50', '2022-04-14 18:35:50'),
(118, 'Kiribati', 'KI', '686', '2022-04-14 18:35:50', '2022-04-14 18:35:50'),
(119, 'Korea (the Democratic People\'s Republic of)', 'KP', '850', '2022-04-14 18:35:50', '2022-04-14 18:35:50'),
(120, 'Korea (the Republic of)', 'KP', '850', '2022-04-14 18:35:50', '2022-04-14 18:35:50'),
(121, 'Kuwait', 'KW', '965', '2022-04-14 18:35:50', '2022-04-14 18:35:50'),
(122, 'Kyrgyzstan', 'KG', '996', '2022-04-14 18:35:50', '2022-04-14 18:35:50'),
(123, 'Lao People\'s Democratic Republic (the)', 'LA', '856', '2022-04-14 18:35:50', '2022-04-14 18:35:50'),
(124, 'Latvia', 'LV', '371', '2022-04-14 18:35:50', '2022-04-14 18:35:50'),
(125, 'Lebanon', 'LB', '961', '2022-04-14 18:35:50', '2022-04-14 18:35:50'),
(126, 'Lesotho', 'LS', '266', '2022-04-14 18:35:50', '2022-04-14 18:35:50'),
(127, 'Liberia', 'LR', '231', '2022-04-14 18:35:50', '2022-04-14 18:35:50'),
(128, 'Libya', 'LY', '218', '2022-04-14 18:35:50', '2022-04-14 18:35:50'),
(129, 'Liechtenstein', 'LI', '423', '2022-04-14 18:35:50', '2022-04-14 18:35:50'),
(130, 'Lithuania', 'LT', '370', '2022-04-14 18:35:50', '2022-04-14 18:35:50'),
(131, 'Luxembourg', 'LU', '352', '2022-04-14 18:35:50', '2022-04-14 18:35:50'),
(132, 'Macao', 'MO', '853', '2022-04-14 18:35:50', '2022-04-14 18:35:50'),
(133, 'Madagascar', 'MG', '261', '2022-04-14 18:35:50', '2022-04-14 18:35:50'),
(134, 'Malawi', 'MW', '265', '2022-04-14 18:35:50', '2022-04-14 18:35:50'),
(135, 'Malaysia', 'MY', '60', '2022-04-14 18:35:50', '2022-04-14 18:35:50'),
(136, 'Maldives', 'MV', '960', '2022-04-14 18:35:50', '2022-04-14 18:35:50'),
(137, 'Mali', 'ML', '223', '2022-04-14 18:35:50', '2022-04-14 18:35:50'),
(138, 'Malta', 'MT', '356', '2022-04-14 18:35:50', '2022-04-14 18:35:50'),
(139, 'Marshall Islands (the)', 'MH', '692', '2022-04-14 18:35:50', '2022-04-14 18:35:50'),
(140, 'Martinique', 'MQ', '596', '2022-04-14 18:35:50', '2022-04-14 18:35:50'),
(141, 'Mauritania', 'MR', '222', '2022-04-14 18:35:50', '2022-04-14 18:35:50'),
(142, 'Mauritius', 'MU', '230', '2022-04-14 18:35:50', '2022-04-14 18:35:50'),
(143, 'Mayotte', 'YT', '269', '2022-04-14 18:35:50', '2022-04-14 18:35:50'),
(144, 'Mexico', 'MX', '52', '2022-04-14 18:35:50', '2022-04-14 18:35:50'),
(145, 'Micronesia (Federated States of)', 'FM', '691', '2022-04-14 18:35:50', '2022-04-14 18:35:50'),
(146, 'Moldova (the Republic of)', 'MD', '373', '2022-04-14 18:35:50', '2022-04-14 18:35:50'),
(147, 'Monaco', 'MC', '377', '2022-04-14 18:35:50', '2022-04-14 18:35:50'),
(148, 'Mongolia', 'MN', '976', '2022-04-14 18:35:50', '2022-04-14 18:35:50'),
(149, 'Montenegro', 'ME', '382', '2022-04-14 18:35:50', '2022-04-14 18:35:50'),
(150, 'Montserrat', 'MS', '1664', '2022-04-14 18:35:51', '2022-04-14 18:35:51'),
(151, 'Morocco', 'MA', '212', '2022-04-14 18:35:51', '2022-04-14 18:35:51'),
(152, 'Mozambique', 'MZ', '258', '2022-04-14 18:35:51', '2022-04-14 18:35:51'),
(153, 'Myanmar', 'MM', '95', '2022-04-14 18:35:51', '2022-04-14 18:35:51'),
(154, 'Namibia', 'NA', '264', '2022-04-14 18:35:51', '2022-04-14 18:35:51'),
(155, 'Nauru', 'NR', '674', '2022-04-14 18:35:51', '2022-04-14 18:35:51'),
(156, 'Nepal', 'NP', '977', '2022-04-14 18:35:51', '2022-04-14 18:35:51'),
(157, 'Netherlands (the)', 'NL', '31', '2022-04-14 18:35:51', '2022-04-14 18:35:51'),
(158, 'New Caledonia', 'NC', '687', '2022-04-14 18:35:51', '2022-04-14 18:35:51'),
(159, 'New Zealand', 'NZ', '64', '2022-04-14 18:35:51', '2022-04-14 18:35:51'),
(160, 'Nicaragua', 'NI', '505', '2022-04-14 18:35:51', '2022-04-14 18:35:51'),
(161, 'Niger (the)', 'NE', '227', '2022-04-14 18:35:51', '2022-04-14 18:35:51'),
(162, 'Nigeria', 'NG', '234', '2022-04-14 18:35:51', '2022-04-14 18:35:51'),
(163, 'Niue', 'NU', '683', '2022-04-14 18:35:51', '2022-04-14 18:35:51'),
(164, 'Norfolk Island', 'NF', '672', '2022-04-14 18:35:51', '2022-04-14 18:35:51'),
(165, 'Northern Mariana Islands (the)', 'MP', '1670', '2022-04-14 18:35:51', '2022-04-14 18:35:51'),
(166, 'Norway', 'NO', '47', '2022-04-14 18:35:51', '2022-04-14 18:35:51'),
(167, 'Oman', 'OM', '968', '2022-04-14 18:35:51', '2022-04-14 18:35:51'),
(168, 'Pakistan', 'PK', '92', '2022-04-14 18:35:51', '2022-04-14 18:35:51'),
(169, 'Palau', 'PW', '680', '2022-04-14 18:35:51', '2022-04-14 18:35:51'),
(170, 'Palestine, State of', 'PH', '63', '2022-04-14 18:35:51', '2022-04-14 18:35:51'),
(171, 'Panama', 'PA', '507', '2022-04-14 18:35:51', '2022-04-14 18:35:51'),
(172, 'Papua New Guinea', 'PG', '675', '2022-04-14 18:35:51', '2022-04-14 18:35:51'),
(173, 'Paraguay', 'PY', '595', '2022-04-14 18:35:51', '2022-04-14 18:35:51'),
(174, 'Peru', 'PE', '51', '2022-04-14 18:35:51', '2022-04-14 18:35:51'),
(175, 'Philippines (the)', 'PH', '63', '2022-04-14 18:35:51', '2022-04-14 18:35:51'),
(176, 'Pitcairn', 'PN', '64', '2022-04-14 18:35:51', '2022-04-14 18:35:51'),
(177, 'Poland', 'PL', '48', '2022-04-14 18:35:51', '2022-04-14 18:35:51'),
(178, 'Portugal', 'PT', '351', '2022-04-14 18:35:51', '2022-04-14 18:35:51'),
(179, 'Puerto Rico', 'PR', '1787', '2022-04-14 18:35:51', '2022-04-14 18:35:51'),
(180, 'Qatar', 'QA', '974', '2022-04-14 18:35:51', '2022-04-14 18:35:51'),
(181, 'Republic of North Macedonia', 'MK', '389', '2022-04-14 18:35:51', '2022-04-14 18:35:51'),
(182, 'Romania', 'RO', '40', '2022-04-14 18:35:51', '2022-04-14 18:35:51'),
(183, 'Russian Federation (the)', 'RU', '70', '2022-04-14 18:35:51', '2022-04-14 18:35:51'),
(184, 'Rwanda', 'RW', '250', '2022-04-14 18:35:51', '2022-04-14 18:35:51'),
(185, 'Réunion', 'RE', '262', '2022-04-14 18:35:51', '2022-04-14 18:35:51'),
(186, 'Saint Barthélemy', 'BL', '590', '2022-04-14 18:35:51', '2022-04-14 18:35:51'),
(187, 'Saint Helena, Ascension and Tristan da Cunha', 'SH', '290', '2022-04-14 18:35:51', '2022-04-14 18:35:51'),
(188, 'Saint Kitts and Nevis', 'KN', '1869', '2022-04-14 18:35:51', '2022-04-14 18:35:51'),
(189, 'Saint Lucia', 'LC', '1758', '2022-04-14 18:35:51', '2022-04-14 18:35:51'),
(190, 'Saint Martin (French part)', 'MF', '590', '2022-04-14 18:35:51', '2022-04-14 18:35:51'),
(191, 'Saint Pierre and Miquelon', 'PM', '508', '2022-04-14 18:35:51', '2022-04-14 18:35:51'),
(192, 'Saint Vincent and the Grenadines', 'VC', '1784', '2022-04-14 18:35:51', '2022-04-14 18:35:51'),
(193, 'Samoa', 'WS', '684', '2022-04-14 18:35:51', '2022-04-14 18:35:51'),
(194, 'San Marino', 'SM', '378', '2022-04-14 18:35:51', '2022-04-14 18:35:51'),
(195, 'Sao Tome and Principe', 'ST', '239', '2022-04-14 18:35:51', '2022-04-14 18:35:51'),
(196, 'Saudi Arabia', 'SA', '966', '2022-04-14 18:35:51', '2022-04-14 18:35:51'),
(197, 'Senegal', 'SN', '221', '2022-04-14 18:35:51', '2022-04-14 18:35:51'),
(198, 'Serbia', 'RS', '381', '2022-04-14 18:35:51', '2022-04-14 18:35:51'),
(199, 'Seychelles', 'SC', '248', '2022-04-14 18:35:51', '2022-04-14 18:35:51'),
(200, 'Sierra Leone', 'SL', '232', '2022-04-14 18:35:51', '2022-04-14 18:35:51'),
(201, 'Singapore', 'SG', '65', '2022-04-14 18:35:51', '2022-04-14 18:35:51'),
(202, 'Sint Maarten (Dutch part)', 'SX', '1', '2022-04-14 18:35:51', '2022-04-14 18:35:51'),
(203, 'Slovakia', 'SK', '421', '2022-04-14 18:35:51', '2022-04-14 18:35:51'),
(204, 'Slovenia', 'SI', '386', '2022-04-14 18:35:51', '2022-04-14 18:35:51'),
(205, 'Solomon Islands', 'SB', '677', '2022-04-14 18:35:51', '2022-04-14 18:35:51'),
(206, 'Somalia', 'SO', '252', '2022-04-14 18:35:51', '2022-04-14 18:35:51'),
(207, 'South Africa', 'ZA', '27', '2022-04-14 18:35:51', '2022-04-14 18:35:51'),
(208, 'South Georgia and the South Sandwich Islands', 'GS', '500', '2022-04-14 18:35:51', '2022-04-14 18:35:51'),
(209, 'South Sudan', 'SS', '211', '2022-04-14 18:35:51', '2022-04-14 18:35:51'),
(210, 'Spain', 'ES', '34', '2022-04-14 18:35:51', '2022-04-14 18:35:51'),
(211, 'Sri Lanka', 'LK', '94', '2022-04-14 18:35:51', '2022-04-14 18:35:51'),
(212, 'Sudan (the)', 'SS', '211', '2022-04-14 18:35:51', '2022-04-14 18:35:51'),
(213, 'Suriname', 'SR', '597', '2022-04-14 18:35:51', '2022-04-14 18:35:51'),
(214, 'Svalbard and Jan Mayen', 'SJ', '47', '2022-04-14 18:35:51', '2022-04-14 18:35:51'),
(215, 'Sweden', 'SE', '46', '2022-04-14 18:35:51', '2022-04-14 18:35:51'),
(216, 'Switzerland', 'CH', '41', '2022-04-14 18:35:51', '2022-04-14 18:35:51'),
(217, 'Syrian Arab Republic', 'SY', '963', '2022-04-14 18:35:51', '2022-04-14 18:35:51'),
(218, 'Taiwan', 'TW', '886', '2022-04-14 18:35:51', '2022-04-14 18:35:51'),
(219, 'Tajikistan', 'TJ', '992', '2022-04-14 18:35:51', '2022-04-14 18:35:51'),
(220, 'Tanzania, United Republic of', 'TZ', '255', '2022-04-14 18:35:51', '2022-04-14 18:35:51'),
(221, 'Thailand', 'TH', '66', '2022-04-14 18:35:51', '2022-04-14 18:35:51'),
(222, 'Timor-Leste', 'TL', '670', '2022-04-14 18:35:51', '2022-04-14 18:35:51'),
(223, 'Togo', 'TG', '228', '2022-04-14 18:35:51', '2022-04-14 18:35:51'),
(224, 'Tokelau', 'TK', '690', '2022-04-14 18:35:51', '2022-04-14 18:35:51'),
(225, 'Tonga', 'TO', '676', '2022-04-14 18:35:51', '2022-04-14 18:35:51'),
(226, 'Trinidad and Tobago', 'TT', '1868', '2022-04-14 18:35:51', '2022-04-14 18:35:51'),
(227, 'Tunisia', 'TN', '216', '2022-04-14 18:35:51', '2022-04-14 18:35:51'),
(228, 'Turkey', 'TR', '90', '2022-04-14 18:35:51', '2022-04-14 18:35:51'),
(229, 'Turkmenistan', 'TM', '7370', '2022-04-14 18:35:51', '2022-04-14 18:35:51'),
(230, 'Turks and Caicos Islands (the)', 'TC', '1649', '2022-04-14 18:35:51', '2022-04-14 18:35:51'),
(231, 'Tuvalu', 'TV', '688', '2022-04-14 18:35:51', '2022-04-14 18:35:51'),
(232, 'Uganda', 'UG', '256', '2022-04-14 18:35:51', '2022-04-14 18:35:51'),
(233, 'Ukraine', 'UA', '380', '2022-04-14 18:35:51', '2022-04-14 18:35:51'),
(234, 'United Arab Emirates (the)', 'AE', '971', '2022-04-14 18:35:51', '2022-04-14 18:35:51'),
(235, 'United Kingdom of Great Britain and Northern Ireland (the)', 'GB', '44', '2022-04-14 18:35:51', '2022-04-14 18:35:51'),
(236, 'United States Minor Outlying Islands (the)', 'UM', '1', '2022-04-14 18:35:51', '2022-04-14 18:35:51'),
(237, 'United States of America (the)', 'US', '1', '2022-04-14 18:35:51', '2022-04-14 18:35:51'),
(238, 'Uruguay', 'UY', '598', '2022-04-14 18:35:51', '2022-04-14 18:35:51'),
(239, 'Uzbekistan', 'UZ', '998', '2022-04-14 18:35:51', '2022-04-14 18:35:51'),
(240, 'Vanuatu', 'VU', '678', '2022-04-14 18:35:51', '2022-04-14 18:35:51'),
(241, 'Venezuela (Bolivarian Republic of)', 'VE', '58', '2022-04-14 18:35:51', '2022-04-14 18:35:51'),
(242, 'Viet Nam', 'VN', '84', '2022-04-14 18:35:51', '2022-04-14 18:35:51'),
(243, 'Virgin Islands (British)', 'VG', '1284', '2022-04-14 18:35:51', '2022-04-14 18:35:51'),
(244, 'Virgin Islands (U.S.)', 'VI', '1340', '2022-04-14 18:35:51', '2022-04-14 18:35:51'),
(245, 'Wallis and Futuna', 'WF', '681', '2022-04-14 18:35:51', '2022-04-14 18:35:51'),
(246, 'Western Sahara', 'EH', '212', '2022-04-14 18:35:51', '2022-04-14 18:35:51'),
(247, 'Yemen', 'YE', '967', '2022-04-14 18:35:51', '2022-04-14 18:35:51'),
(248, 'Zambia', 'ZM', '260', '2022-04-14 18:35:51', '2022-04-14 18:35:51'),
(249, 'Zimbabwe', 'ZW', '263', '2022-04-14 18:35:51', '2022-04-14 18:35:51'),
(250, 'Åland Islands', 'AX', '358', '2022-04-14 18:35:51', '2022-04-14 18:35:51');

-- --------------------------------------------------------

--
-- Struktur-dump for tabellen `country_taxes`
--

CREATE TABLE `country_taxes` (
  `tax_id` bigint(20) UNSIGNED NOT NULL,
  `country_id` bigint(20) UNSIGNED NOT NULL
) ENGINE=InnoDB DEFAULT CHARSET=utf8mb4 COLLATE=utf8mb4_unicode_ci;

-- --------------------------------------------------------

--
-- Struktur-dump for tabellen `creator_offers`
--

CREATE TABLE `creator_offers` (
  `id` bigint(20) UNSIGNED NOT NULL,
  `user_id` bigint(20) UNSIGNED NOT NULL,
  `old_profile_access_price` decimal(12,2) DEFAULT 5.00,
  `old_profile_access_price_3_months` decimal(12,2) DEFAULT 5.00,
  `old_profile_access_price_6_months` decimal(12,2) DEFAULT 5.00,
  `old_profile_access_price_12_months` decimal(12,2) DEFAULT 5.00,
  `expires_at` datetime DEFAULT NULL,
  `created_at` timestamp NULL DEFAULT NULL,
  `updated_at` timestamp NULL DEFAULT NULL
) ENGINE=InnoDB DEFAULT CHARSET=utf8mb4 COLLATE=utf8mb4_unicode_ci;

-- --------------------------------------------------------

--
-- Struktur-dump for tabellen `failed_jobs`
--

CREATE TABLE `failed_jobs` (
  `id` bigint(20) UNSIGNED NOT NULL,
  `connection` text NOT NULL,
  `queue` text NOT NULL,
  `payload` longtext NOT NULL,
  `exception` longtext NOT NULL,
  `failed_at` timestamp NOT NULL DEFAULT current_timestamp()
) ENGINE=InnoDB DEFAULT CHARSET=utf8mb4 COLLATE=utf8mb4_unicode_ci;

-- --------------------------------------------------------

--
-- Struktur-dump for tabellen `featured_users`
--

CREATE TABLE `featured_users` (
  `id` bigint(20) UNSIGNED NOT NULL,
  `user_id` bigint(20) UNSIGNED NOT NULL,
  `created_at` timestamp NULL DEFAULT NULL,
  `updated_at` timestamp NULL DEFAULT NULL
) ENGINE=InnoDB DEFAULT CHARSET=utf8mb4 COLLATE=utf8mb4_unicode_ci;

-- --------------------------------------------------------

--
-- Struktur-dump for tabellen `global_announcements`
--

CREATE TABLE `global_announcements` (
  `id` bigint(20) UNSIGNED NOT NULL,
  `content` longtext NOT NULL,
  `is_published` tinyint(1) NOT NULL DEFAULT 1,
  `is_dismissible` tinyint(1) NOT NULL DEFAULT 1,
  `is_sticky` tinyint(1) NOT NULL,
  `is_global` tinyint(1) NOT NULL,
  `size` varchar(191) NOT NULL,
  `expiring_at` datetime DEFAULT NULL,
  `created_at` timestamp NULL DEFAULT NULL,
  `updated_at` timestamp NULL DEFAULT NULL
) ENGINE=InnoDB DEFAULT CHARSET=utf8mb4 COLLATE=utf8mb4_unicode_ci;

-- --------------------------------------------------------

--
-- Struktur-dump for tabellen `invoices`
--

CREATE TABLE `invoices` (
  `id` bigint(20) UNSIGNED NOT NULL,
  `invoice_id` varchar(191) NOT NULL,
  `data` text NOT NULL,
  `created_at` timestamp NULL DEFAULT NULL,
  `updated_at` timestamp NULL DEFAULT NULL
) ENGINE=InnoDB DEFAULT CHARSET=utf8mb4 COLLATE=utf8mb4_unicode_ci;

-- --------------------------------------------------------

--
-- Struktur-dump for tabellen `jobs`
--

CREATE TABLE `jobs` (
  `id` bigint(20) UNSIGNED NOT NULL,
  `queue` varchar(191) NOT NULL,
  `payload` longtext NOT NULL,
  `attempts` tinyint(3) UNSIGNED NOT NULL,
  `reserved_at` int(10) UNSIGNED DEFAULT NULL,
  `available_at` int(10) UNSIGNED NOT NULL,
  `created_at` int(10) UNSIGNED NOT NULL
) ENGINE=InnoDB DEFAULT CHARSET=utf8mb4 COLLATE=utf8mb4_unicode_ci;

-- --------------------------------------------------------

--
-- Struktur-dump for tabellen `migrations`
--

CREATE TABLE `migrations` (
  `id` int(10) UNSIGNED NOT NULL,
  `migration` varchar(191) NOT NULL,
  `batch` int(11) NOT NULL
) ENGINE=InnoDB DEFAULT CHARSET=utf8mb4 COLLATE=utf8mb4_unicode_ci;

--
-- Data dump for tabellen `migrations`
--

INSERT INTO `migrations` (`id`, `migration`, `batch`) VALUES
(1, '2014_10_12_000000_create_users_table', 1),
(2, '2014_10_12_100000_create_password_resets_table', 1),
(3, '2019_08_19_000000_create_failed_jobs_table', 1),
(4, '2021_04_27_182503_create_posts_table', 1),
(5, '2021_04_27_183624_create_post_comments_table', 1),
(6, '2021_04_27_184708_create_reactions_table', 1),
(7, '2021_04_27_185338_create_subscriptions_table', 1),
(8, '2021_04_27_192318_create_withdrawals_table', 1),
(9, '2021_05_09_125019_user_messages', 1),
(10, '2021_05_09_125020_create_attachments_table', 1),
(11, '2021_05_20_181455_create_invoices_table', 1),
(12, '2021_05_23_190500_create_transactions_table', 1),
(13, '2021_07_26_182432_user_bookmarks', 1),
(14, '2021_07_26_182613_user_lists', 1),
(15, '2021_07_26_182632_user_list_members', 1),
(16, '2021_07_30_164554_create_notifications_table', 1),
(17, '2021_08_01_192155_create_jobs_table', 1),
(18, '2021_08_02_171126_create_wallets_table', 1),
(19, '2021_09_09_182917_create_user_reports', 1),
(20, '2021_09_10_155813_create_taxes_table', 1),
(21, '2021_09_10_160221_create_countries_table', 1),
(22, '2021_09_10_164638_create_country_taxes_table', 1),
(23, '2021_09_29_165028_add_public_pages_table', 1),
(24, '2021_10_20_143619_create_user_verifies_table', 1),
(25, '2021_10_25_184224_create_creator_offers', 1),
(26, '2021_11_19_174900_create_contact_messages_table', 1),
(27, '2021_11_20_174900_pre_voyager_deletion', 1),
(28, '2021_11_21_171513_insert_default_admin_settings', 1),
(29, '2021_12_19_170152_v1_0_4', 1),
(30, '2021_12_19_170152_v1_0_5', 1),
(31, '2021_12_19_170152_v1_0_6', 1),
(32, '2021_12_28_170152_v1_1_0', 1),
(33, '2021_12_28_170152_v1_1_1', 1),
(34, '2021_12_31_170152_v1_1_2', 1),
(35, '2022_1_6_170152_v1_1_4', 1),
(36, '2022_1_8_170152_v1_1_5', 1),
(37, '2100_1_12_170153_v1_2_0', 1),
(38, '2101_1_20_170153_v1_3_1', 1),
(39, '2102_1_22_170153_v1_4_0', 1),
(40, '2103_1_25_170153_v1_5_0', 1),
(41, '2104_1_29_170153_v1_5_2', 1),
(42, '2105_1_31_170153_v1_6_0', 1),
(43, '2106_2_5_170153_v1_6_2', 1),
(44, '2107_02_01_205525_v1_7_0', 1),
(45, '2108_2_10_205525_v1_7_1', 1),
(46, '2109_2_11_205525_v1_8_1', 1),
(47, '2110_2_23_205525_v1_9_0', 1),
(48, '2111_2_23_205525_v2_0_0', 1),
(49, '2112_3_5_205525_v2_1_0', 1),
(50, '2113_3_10_205525_v2_2_0', 1),
(51, '2114_3_14_205525_v2_3_0', 1),
(52, '2116_03_10_185313_v2_4_0', 1),
(53, '2117_03_22_185313_v2_5_0', 1),
(54, '2118_03_28_202948_v2_6_0', 1),
(55, '2119_04_9_202948_v2_7_0', 1),
(56, '2119_04_9_202948_v2_8_0', 1),
(57, '2120_02_16_190107_v3_0_0', 1),
(58, '2121_04_30_190107_v3_2_0', 1),
(59, '2122_05_2_190107_v3_3_0', 1),
(60, '2123_05_9_190107_v3_4_0', 1),
(61, '2125_05_16_190107_v3_5_0', 1),
(62, '2126_05_20_190107_v3_5_1', 1),
(63, '2127_03_29_184610_v3_6_0', 1),
(64, '2128_05_31_184610_v3_7_0', 1),
(65, '2129_05_31_184610_v3_8_0', 1),
(66, '2130_05_31_184610_v3_9_0', 1),
(67, '2131_06_24_184610_v4_0_0', 1),
(68, '2132_07_8_184610_v4_2_0', 1),
(69, '2133_07_8_184610_v4_3_0', 1),
(70, '2134_07_8_184610_v4_3_1', 1),
(71, '2135_07_19_181329_v4_4_0', 1),
(72, '2136_08_13_141149_v4_5_0', 1),
(73, '2137_09_10_165955_v4_7_0', 1),
(74, '2138_09_10_165955_v4_8_0', 1),
(75, '2138_09_26_172825_v_4_9_0', 1),
(76, '2140_10_17_165955_v5_0_0', 1),
(77, '2142_10_20_165955_v5_1_0', 1),
(78, '2145_11_7_165955_v5_2_0', 1),
(79, '2145_11_7_165955_v5_3_0', 1),
(80, '2146_11_21_192853_v5_3_1', 1),
(81, '2147_11_22_192853_v5_4_0', 1),
(82, '2148_12_11_192854_v5_5_0', 1),
(83, '2149_12_29_192854_v5_6_0', 1),
(84, '2150_12_01_200043_v5_7_0', 1),
(85, '2151_3_07_200043_v5_8_0', 1),
(86, '2152_3_07_200043_v5_9_0', 1),
(87, '2153_3_07_200044_v6_1_0', 1),
(88, '2154_3_07_200045_v6_2_0', 1),
(89, '2155_3_07_200045_v6_3_0', 1),
(90, '2156_3_07_200046_v6_4_0', 1),
(91, '2157_09_20_181428_v6_5_0', 1),
(92, '2158_08_24_184332_v6_6_0', 1),
(93, '2158_08_24_184333_v6_7_0', 1),
(94, '2158_08_24_184334_v6_8_0', 1),
(95, '2159_08_24_184334_v6_9_0', 1),
(96, '2160_08_24_184334_v7_0_0', 1),
(97, '2161_03_26_203627_v7_1_0', 1),
(98, '2162_03_26_203627_v7_2_0', 1),
(99, '2163_07_16_180250_v7_3_0', 1),
(100, '2163_07_16_180250_v7_4_0', 1),
(101, '2164_07_16_180250_v7_5_0', 1),
(102, '2165_07_16_180250_v7_6_0', 1),
(103, '2166_07_16_180250_v7_7_0', 1),
(104, '2167_07_16_180250_v7_8_0', 1),
(105, '2168_07_16_180250_v7_9_0', 1),
(106, '2169_02_08_171024_v8_0_0', 1),
(107, '2170_02_08_240325_v8_1_0', 1),
(108, '2172_02_08_171024_v8_2_0', 1),
(109, '2173_02_08_171024_v8_2_1', 1),
(110, '2173_02_08_171024_v8_3_0', 1),
(111, '2174_02_08_171024_create_permission_tables', 1),
(112, '2229_12_14_083707_create_settings_table', 1),
(113, '2230_05_28_201834_settings_general', 1),
(114, '2230_06_06_231943_settings_profiles', 1),
(115, '2230_06_06_233841_setting_admin', 1),
(116, '2230_06_06_234733_setting_a_i', 1),
(117, '2230_06_06_235223_setting_referrals', 1),
(118, '2230_06_06_235443_setting_compliance', 1),
(119, '2230_06_07_000116_setting_code_and_ads', 1),
(120, '2230_06_07_000637_setting_social', 1),
(121, '2230_06_07_004701_setting_security', 1),
(122, '2230_06_07_095003_setting_feed', 1),
(123, '2230_06_07_100120_setting_media', 1),
(124, '2230_06_07_142410_setting_storage', 1),
(125, '2230_06_07_154458_setting_websockets', 1),
(126, '2230_06_07_154804_setting_emails', 1),
(127, '2230_06_07_162639_setting_streams', 1),
(128, '2230_06_07_190417_setting_payments', 1),
(129, '2230_06_07_190418_setting_license', 1),
(130, '2230_06_07_190419_setting_colors', 1),
(131, '2230_07_08_171024_v9_0_0', 1),
(132, '2230_07_08_171025_v9_1_0', 1),
(133, '2230_07_08_171026_v9_2_0', 1),
(134, '2230_07_08_171027_v9_3_0', 1);

-- --------------------------------------------------------

--
-- Struktur-dump for tabellen `model_has_permissions`
--

CREATE TABLE `model_has_permissions` (
  `permission_id` bigint(20) UNSIGNED NOT NULL,
  `model_type` varchar(191) NOT NULL,
  `model_id` bigint(20) UNSIGNED NOT NULL
) ENGINE=InnoDB DEFAULT CHARSET=utf8mb4 COLLATE=utf8mb4_unicode_ci;

-- --------------------------------------------------------

--
-- Struktur-dump for tabellen `model_has_roles`
--

CREATE TABLE `model_has_roles` (
  `role_id` bigint(20) UNSIGNED NOT NULL,
  `model_type` varchar(191) NOT NULL,
  `model_id` bigint(20) UNSIGNED NOT NULL
) ENGINE=InnoDB DEFAULT CHARSET=utf8mb4 COLLATE=utf8mb4_unicode_ci;

--
-- Data dump for tabellen `model_has_roles`
--

INSERT INTO `model_has_roles` (`role_id`, `model_type`, `model_id`) VALUES
(1, 'App\\Model\\User', 1);

-- --------------------------------------------------------

--
-- Struktur-dump for tabellen `notifications`
--

CREATE TABLE `notifications` (
  `id` char(36) NOT NULL,
  `from_user_id` bigint(20) UNSIGNED DEFAULT NULL,
  `to_user_id` bigint(20) UNSIGNED DEFAULT NULL,
  `type` varchar(191) NOT NULL,
  `post_id` bigint(20) UNSIGNED DEFAULT NULL,
  `post_comment_id` bigint(20) UNSIGNED DEFAULT NULL,
  `subscription_id` bigint(20) UNSIGNED DEFAULT NULL,
  `transaction_id` bigint(20) UNSIGNED DEFAULT NULL,
  `reaction_id` bigint(20) UNSIGNED DEFAULT NULL,
  `withdrawal_id` bigint(20) UNSIGNED DEFAULT NULL,
  `user_message_id` bigint(20) UNSIGNED DEFAULT NULL,
  `stream_id` bigint(20) UNSIGNED DEFAULT NULL,
  `read` tinyint(1) NOT NULL DEFAULT 0,
  `created_at` timestamp NULL DEFAULT NULL,
  `updated_at` timestamp NULL DEFAULT NULL
) ENGINE=InnoDB DEFAULT CHARSET=utf8mb4 COLLATE=utf8mb4_unicode_ci;

-- --------------------------------------------------------

--
-- Struktur-dump for tabellen `password_resets`
--

CREATE TABLE `password_resets` (
  `email` varchar(191) NOT NULL,
  `token` varchar(191) NOT NULL,
  `created_at` timestamp NULL DEFAULT NULL
) ENGINE=InnoDB DEFAULT CHARSET=utf8mb4 COLLATE=utf8mb4_unicode_ci;

-- --------------------------------------------------------

--
-- Struktur-dump for tabellen `payment_requests`
--

CREATE TABLE `payment_requests` (
  `id` bigint(20) UNSIGNED NOT NULL,
  `user_id` bigint(20) UNSIGNED NOT NULL,
  `transaction_id` bigint(20) UNSIGNED NOT NULL,
  `status` varchar(191) NOT NULL DEFAULT 'pending',
  `type` varchar(191) DEFAULT NULL,
  `reason` varchar(191) DEFAULT NULL,
  `message` longtext DEFAULT NULL,
  `amount` decimal(12,2) DEFAULT NULL,
  `created_at` timestamp NULL DEFAULT NULL,
  `updated_at` timestamp NULL DEFAULT NULL
) ENGINE=InnoDB DEFAULT CHARSET=utf8mb4 COLLATE=utf8mb4_unicode_ci;

-- --------------------------------------------------------

--
-- Struktur-dump for tabellen `permissions`
--

CREATE TABLE `permissions` (
  `id` bigint(20) UNSIGNED NOT NULL,
  `name` varchar(191) NOT NULL,
  `guard_name` varchar(191) NOT NULL,
  `created_at` timestamp NULL DEFAULT NULL,
  `updated_at` timestamp NULL DEFAULT NULL
) ENGINE=InnoDB DEFAULT CHARSET=utf8mb4 COLLATE=utf8mb4_unicode_ci;

--
-- Data dump for tabellen `permissions`
--

INSERT INTO `permissions` (`id`, `name`, `guard_name`, `created_at`, `updated_at`) VALUES
(1, 'ViewAny:Attachment', 'web', '2025-10-25 11:56:29', '2025-10-25 11:56:29'),
(2, 'View:Attachment', 'web', '2025-10-25 11:56:29', '2025-10-25 11:56:29'),
(3, 'Create:Attachment', 'web', '2025-10-25 11:56:29', '2025-10-25 11:56:29'),
(4, 'Update:Attachment', 'web', '2025-10-25 11:56:29', '2025-10-25 11:56:29'),
(5, 'Delete:Attachment', 'web', '2025-10-25 11:56:29', '2025-10-25 11:56:29'),
(6, 'ViewAny:ContactMessage', 'web', '2025-10-25 11:56:29', '2025-10-25 11:56:29'),
(7, 'View:ContactMessage', 'web', '2025-10-25 11:56:29', '2025-10-25 11:56:29'),
(8, 'Create:ContactMessage', 'web', '2025-10-25 11:56:29', '2025-10-25 11:56:29'),
(9, 'Update:ContactMessage', 'web', '2025-10-25 11:56:29', '2025-10-25 11:56:29'),
(10, 'Delete:ContactMessage', 'web', '2025-10-25 11:56:29', '2025-10-25 11:56:29'),
(11, 'ViewAny:Country', 'web', '2025-10-25 11:56:29', '2025-10-25 11:56:29'),
(12, 'View:Country', 'web', '2025-10-25 11:56:29', '2025-10-25 11:56:29'),
(13, 'Create:Country', 'web', '2025-10-25 11:56:29', '2025-10-25 11:56:29'),
(14, 'Update:Country', 'web', '2025-10-25 11:56:29', '2025-10-25 11:56:29'),
(15, 'Delete:Country', 'web', '2025-10-25 11:56:29', '2025-10-25 11:56:29'),
(16, 'ViewAny:FeaturedUser', 'web', '2025-10-25 11:56:29', '2025-10-25 11:56:29'),
(17, 'View:FeaturedUser', 'web', '2025-10-25 11:56:29', '2025-10-25 11:56:29'),
(18, 'Create:FeaturedUser', 'web', '2025-10-25 11:56:29', '2025-10-25 11:56:29'),
(19, 'Update:FeaturedUser', 'web', '2025-10-25 11:56:29', '2025-10-25 11:56:29'),
(20, 'Delete:FeaturedUser', 'web', '2025-10-25 11:56:29', '2025-10-25 11:56:29'),
(21, 'ViewAny:GlobalAnnouncement', 'web', '2025-10-25 11:56:29', '2025-10-25 11:56:29'),
(22, 'View:GlobalAnnouncement', 'web', '2025-10-25 11:56:29', '2025-10-25 11:56:29'),
(23, 'Create:GlobalAnnouncement', 'web', '2025-10-25 11:56:29', '2025-10-25 11:56:29'),
(24, 'Update:GlobalAnnouncement', 'web', '2025-10-25 11:56:29', '2025-10-25 11:56:29'),
(25, 'Delete:GlobalAnnouncement', 'web', '2025-10-25 11:56:29', '2025-10-25 11:56:29'),
(26, 'ViewAny:Invoice', 'web', '2025-10-25 11:56:29', '2025-10-25 11:56:29'),
(27, 'View:Invoice', 'web', '2025-10-25 11:56:29', '2025-10-25 11:56:29'),
(28, 'Create:Invoice', 'web', '2025-10-25 11:56:29', '2025-10-25 11:56:29'),
(29, 'Update:Invoice', 'web', '2025-10-25 11:56:29', '2025-10-25 11:56:29'),
(30, 'Delete:Invoice', 'web', '2025-10-25 11:56:29', '2025-10-25 11:56:29'),
(31, 'ViewAny:Notification', 'web', '2025-10-25 11:56:29', '2025-10-25 11:56:29'),
(32, 'View:Notification', 'web', '2025-10-25 11:56:29', '2025-10-25 11:56:29'),
(33, 'Create:Notification', 'web', '2025-10-25 11:56:29', '2025-10-25 11:56:29'),
(34, 'Update:Notification', 'web', '2025-10-25 11:56:29', '2025-10-25 11:56:29'),
(35, 'Delete:Notification', 'web', '2025-10-25 11:56:29', '2025-10-25 11:56:29'),
(36, 'ViewAny:PaymentRequest', 'web', '2025-10-25 11:56:29', '2025-10-25 11:56:29'),
(37, 'View:PaymentRequest', 'web', '2025-10-25 11:56:29', '2025-10-25 11:56:29'),
(38, 'Create:PaymentRequest', 'web', '2025-10-25 11:56:29', '2025-10-25 11:56:29'),
(39, 'Update:PaymentRequest', 'web', '2025-10-25 11:56:29', '2025-10-25 11:56:29'),
(40, 'Delete:PaymentRequest', 'web', '2025-10-25 11:56:29', '2025-10-25 11:56:29'),
(41, 'ViewAny:PollAnswer', 'web', '2025-10-25 11:56:29', '2025-10-25 11:56:29'),
(42, 'View:PollAnswer', 'web', '2025-10-25 11:56:29', '2025-10-25 11:56:29'),
(43, 'Create:PollAnswer', 'web', '2025-10-25 11:56:29', '2025-10-25 11:56:29'),
(44, 'Update:PollAnswer', 'web', '2025-10-25 11:56:29', '2025-10-25 11:56:29'),
(45, 'Delete:PollAnswer', 'web', '2025-10-25 11:56:29', '2025-10-25 11:56:29'),
(46, 'ViewAny:PollUserAnswer', 'web', '2025-10-25 11:56:29', '2025-10-25 11:56:29'),
(47, 'View:PollUserAnswer', 'web', '2025-10-25 11:56:29', '2025-10-25 11:56:29'),
(48, 'Create:PollUserAnswer', 'web', '2025-10-25 11:56:29', '2025-10-25 11:56:29'),
(49, 'Update:PollUserAnswer', 'web', '2025-10-25 11:56:29', '2025-10-25 11:56:29'),
(50, 'Delete:PollUserAnswer', 'web', '2025-10-25 11:56:29', '2025-10-25 11:56:29'),
(51, 'ViewAny:Poll', 'web', '2025-10-25 11:56:29', '2025-10-25 11:56:29'),
(52, 'View:Poll', 'web', '2025-10-25 11:56:29', '2025-10-25 11:56:29'),
(53, 'Create:Poll', 'web', '2025-10-25 11:56:29', '2025-10-25 11:56:29'),
(54, 'Update:Poll', 'web', '2025-10-25 11:56:29', '2025-10-25 11:56:29'),
(55, 'Delete:Poll', 'web', '2025-10-25 11:56:29', '2025-10-25 11:56:29'),
(56, 'ViewAny:PostComment', 'web', '2025-10-25 11:56:29', '2025-10-25 11:56:29'),
(57, 'View:PostComment', 'web', '2025-10-25 11:56:29', '2025-10-25 11:56:29'),
(58, 'Create:PostComment', 'web', '2025-10-25 11:56:29', '2025-10-25 11:56:29'),
(59, 'Update:PostComment', 'web', '2025-10-25 11:56:29', '2025-10-25 11:56:29'),
(60, 'Delete:PostComment', 'web', '2025-10-25 11:56:29', '2025-10-25 11:56:29'),
(61, 'ViewAny:Post', 'web', '2025-10-25 11:56:29', '2025-10-25 11:56:29'),
(62, 'View:Post', 'web', '2025-10-25 11:56:29', '2025-10-25 11:56:29'),
(63, 'Create:Post', 'web', '2025-10-25 11:56:29', '2025-10-25 11:56:29'),
(64, 'Update:Post', 'web', '2025-10-25 11:56:29', '2025-10-25 11:56:29'),
(65, 'Delete:Post', 'web', '2025-10-25 11:56:29', '2025-10-25 11:56:29'),
(66, 'ViewAny:PublicPage', 'web', '2025-10-25 11:56:29', '2025-10-25 11:56:29'),
(67, 'View:PublicPage', 'web', '2025-10-25 11:56:29', '2025-10-25 11:56:29'),
(68, 'Create:PublicPage', 'web', '2025-10-25 11:56:29', '2025-10-25 11:56:29'),
(69, 'Update:PublicPage', 'web', '2025-10-25 11:56:29', '2025-10-25 11:56:29'),
(70, 'Delete:PublicPage', 'web', '2025-10-25 11:56:29', '2025-10-25 11:56:29'),
(71, 'ViewAny:Reaction', 'web', '2025-10-25 11:56:29', '2025-10-25 11:56:29'),
(72, 'View:Reaction', 'web', '2025-10-25 11:56:29', '2025-10-25 11:56:29'),
(73, 'Create:Reaction', 'web', '2025-10-25 11:56:29', '2025-10-25 11:56:29'),
(74, 'Update:Reaction', 'web', '2025-10-25 11:56:29', '2025-10-25 11:56:29'),
(75, 'Delete:Reaction', 'web', '2025-10-25 11:56:29', '2025-10-25 11:56:29'),
(76, 'ViewAny:Reward', 'web', '2025-10-25 11:56:29', '2025-10-25 11:56:29'),
(77, 'View:Reward', 'web', '2025-10-25 11:56:29', '2025-10-25 11:56:29'),
(78, 'Create:Reward', 'web', '2025-10-25 11:56:29', '2025-10-25 11:56:29'),
(79, 'Update:Reward', 'web', '2025-10-25 11:56:29', '2025-10-25 11:56:29'),
(80, 'Delete:Reward', 'web', '2025-10-25 11:56:29', '2025-10-25 11:56:29'),
(81, 'ViewAny:Role', 'web', '2025-10-25 11:56:29', '2025-10-25 11:56:29'),
(82, 'View:Role', 'web', '2025-10-25 11:56:29', '2025-10-25 11:56:29'),
(83, 'Create:Role', 'web', '2025-10-25 11:56:29', '2025-10-25 11:56:29'),
(84, 'Update:Role', 'web', '2025-10-25 11:56:29', '2025-10-25 11:56:29'),
(85, 'Delete:Role', 'web', '2025-10-25 11:56:29', '2025-10-25 11:56:29'),
(86, 'ViewAny:StreamMessage', 'web', '2025-10-25 11:56:29', '2025-10-25 11:56:29'),
(87, 'View:StreamMessage', 'web', '2025-10-25 11:56:29', '2025-10-25 11:56:29'),
(88, 'Create:StreamMessage', 'web', '2025-10-25 11:56:29', '2025-10-25 11:56:29'),
(89, 'Update:StreamMessage', 'web', '2025-10-25 11:56:29', '2025-10-25 11:56:29'),
(90, 'Delete:StreamMessage', 'web', '2025-10-25 11:56:29', '2025-10-25 11:56:29'),
(91, 'ViewAny:Stream', 'web', '2025-10-25 11:56:29', '2025-10-25 11:56:29'),
(92, 'View:Stream', 'web', '2025-10-25 11:56:29', '2025-10-25 11:56:29'),
(93, 'Create:Stream', 'web', '2025-10-25 11:56:29', '2025-10-25 11:56:29'),
(94, 'Update:Stream', 'web', '2025-10-25 11:56:29', '2025-10-25 11:56:29'),
(95, 'Delete:Stream', 'web', '2025-10-25 11:56:29', '2025-10-25 11:56:29'),
(96, 'ViewAny:Subscription', 'web', '2025-10-25 11:56:29', '2025-10-25 11:56:29'),
(97, 'View:Subscription', 'web', '2025-10-25 11:56:29', '2025-10-25 11:56:29'),
(98, 'Create:Subscription', 'web', '2025-10-25 11:56:29', '2025-10-25 11:56:29'),
(99, 'Update:Subscription', 'web', '2025-10-25 11:56:29', '2025-10-25 11:56:29'),
(100, 'Delete:Subscription', 'web', '2025-10-25 11:56:29', '2025-10-25 11:56:29'),
(101, 'ViewAny:Tax', 'web', '2025-10-25 11:56:29', '2025-10-25 11:56:29'),
(102, 'View:Tax', 'web', '2025-10-25 11:56:29', '2025-10-25 11:56:29'),
(103, 'Create:Tax', 'web', '2025-10-25 11:56:29', '2025-10-25 11:56:29'),
(104, 'Update:Tax', 'web', '2025-10-25 11:56:29', '2025-10-25 11:56:29'),
(105, 'Delete:Tax', 'web', '2025-10-25 11:56:29', '2025-10-25 11:56:29'),
(106, 'ViewAny:Transaction', 'web', '2025-10-25 11:56:29', '2025-10-25 11:56:29'),
(107, 'View:Transaction', 'web', '2025-10-25 11:56:29', '2025-10-25 11:56:29'),
(108, 'Create:Transaction', 'web', '2025-10-25 11:56:29', '2025-10-25 11:56:29'),
(109, 'Update:Transaction', 'web', '2025-10-25 11:56:29', '2025-10-25 11:56:29'),
(110, 'Delete:Transaction', 'web', '2025-10-25 11:56:29', '2025-10-25 11:56:29'),
(111, 'ViewAny:UserBookmark', 'web', '2025-10-25 11:56:29', '2025-10-25 11:56:29'),
(112, 'View:UserBookmark', 'web', '2025-10-25 11:56:29', '2025-10-25 11:56:29'),
(113, 'Create:UserBookmark', 'web', '2025-10-25 11:56:29', '2025-10-25 11:56:29'),
(114, 'Update:UserBookmark', 'web', '2025-10-25 11:56:29', '2025-10-25 11:56:29'),
(115, 'Delete:UserBookmark', 'web', '2025-10-25 11:56:29', '2025-10-25 11:56:29'),
(116, 'ViewAny:UserList', 'web', '2025-10-25 11:56:29', '2025-10-25 11:56:29'),
(117, 'View:UserList', 'web', '2025-10-25 11:56:29', '2025-10-25 11:56:29'),
(118, 'Create:UserList', 'web', '2025-10-25 11:56:29', '2025-10-25 11:56:29'),
(119, 'Update:UserList', 'web', '2025-10-25 11:56:29', '2025-10-25 11:56:29'),
(120, 'Delete:UserList', 'web', '2025-10-25 11:56:29', '2025-10-25 11:56:29'),
(121, 'ViewAny:UserMessage', 'web', '2025-10-25 11:56:29', '2025-10-25 11:56:29'),
(122, 'View:UserMessage', 'web', '2025-10-25 11:56:29', '2025-10-25 11:56:29'),
(123, 'Create:UserMessage', 'web', '2025-10-25 11:56:29', '2025-10-25 11:56:29'),
(124, 'Update:UserMessage', 'web', '2025-10-25 11:56:29', '2025-10-25 11:56:29'),
(125, 'Delete:UserMessage', 'web', '2025-10-25 11:56:29', '2025-10-25 11:56:29'),
(126, 'ViewAny:UserReport', 'web', '2025-10-25 11:56:29', '2025-10-25 11:56:29'),
(127, 'View:UserReport', 'web', '2025-10-25 11:56:29', '2025-10-25 11:56:29'),
(128, 'Create:UserReport', 'web', '2025-10-25 11:56:29', '2025-10-25 11:56:29'),
(129, 'Update:UserReport', 'web', '2025-10-25 11:56:29', '2025-10-25 11:56:29'),
(130, 'Delete:UserReport', 'web', '2025-10-25 11:56:29', '2025-10-25 11:56:29'),
(131, 'ViewAny:UserTax', 'web', '2025-10-25 11:56:29', '2025-10-25 11:56:29'),
(132, 'View:UserTax', 'web', '2025-10-25 11:56:29', '2025-10-25 11:56:29'),
(133, 'Create:UserTax', 'web', '2025-10-25 11:56:29', '2025-10-25 11:56:29'),
(134, 'Update:UserTax', 'web', '2025-10-25 11:56:29', '2025-10-25 11:56:29'),
(135, 'Delete:UserTax', 'web', '2025-10-25 11:56:29', '2025-10-25 11:56:29'),
(136, 'ViewAny:UserVerify', 'web', '2025-10-25 11:56:29', '2025-10-25 11:56:29'),
(137, 'View:UserVerify', 'web', '2025-10-25 11:56:29', '2025-10-25 11:56:29'),
(138, 'Create:UserVerify', 'web', '2025-10-25 11:56:29', '2025-10-25 11:56:29'),
(139, 'Update:UserVerify', 'web', '2025-10-25 11:56:29', '2025-10-25 11:56:29'),
(140, 'Delete:UserVerify', 'web', '2025-10-25 11:56:29', '2025-10-25 11:56:29'),
(141, 'ViewAny:User', 'web', '2025-10-25 11:56:29', '2025-10-25 11:56:29'),
(142, 'View:User', 'web', '2025-10-25 11:56:29', '2025-10-25 11:56:29'),
(143, 'Create:User', 'web', '2025-10-25 11:56:29', '2025-10-25 11:56:29'),
(144, 'Update:User', 'web', '2025-10-25 11:56:29', '2025-10-25 11:56:29'),
(145, 'Delete:User', 'web', '2025-10-25 11:56:29', '2025-10-25 11:56:29'),
(146, 'ViewAny:Wallet', 'web', '2025-10-25 11:56:29', '2025-10-25 11:56:29'),
(147, 'View:Wallet', 'web', '2025-10-25 11:56:29', '2025-10-25 11:56:29'),
(148, 'Create:Wallet', 'web', '2025-10-25 11:56:29', '2025-10-25 11:56:29'),
(149, 'Update:Wallet', 'web', '2025-10-25 11:56:29', '2025-10-25 11:56:29'),
(150, 'Delete:Wallet', 'web', '2025-10-25 11:56:29', '2025-10-25 11:56:29'),
(151, 'ViewAny:Withdrawal', 'web', '2025-10-25 11:56:29', '2025-10-25 11:56:29'),
(152, 'View:Withdrawal', 'web', '2025-10-25 11:56:29', '2025-10-25 11:56:29'),
(153, 'Create:Withdrawal', 'web', '2025-10-25 11:56:29', '2025-10-25 11:56:29'),
(154, 'Update:Withdrawal', 'web', '2025-10-25 11:56:29', '2025-10-25 11:56:29'),
(155, 'Delete:Withdrawal', 'web', '2025-10-25 11:56:29', '2025-10-25 11:56:29'),
(156, 'View:Dashboard', 'web', '2025-10-25 11:56:29', '2025-10-25 11:56:29'),
(157, 'View:ManageAdminSettings', 'web', '2025-10-25 11:56:29', '2025-10-25 11:56:29'),
(158, 'View:ManageAiSettings', 'web', '2025-10-25 11:56:29', '2025-10-25 11:56:29'),
(159, 'View:ManageCodeAndAdsSettings', 'web', '2025-10-25 11:56:29', '2025-10-25 11:56:29'),
(160, 'View:ManageColorsSettings', 'web', '2025-10-25 11:56:29', '2025-10-25 11:56:29'),
(161, 'View:ManageComplianceSettings', 'web', '2025-10-25 11:56:29', '2025-10-25 11:56:29'),
(162, 'View:ManageEmailsSettings', 'web', '2025-10-25 11:56:29', '2025-10-25 11:56:29'),
(163, 'View:ManageFeedSettings', 'web', '2025-10-25 11:56:29', '2025-10-25 11:56:29'),
(164, 'View:ManageGeneralSettings', 'web', '2025-10-25 11:56:29', '2025-10-25 11:56:29'),
(165, 'View:ManageLicenseSettings', 'web', '2025-10-25 11:56:29', '2025-10-25 11:56:29'),
(166, 'View:ManageMediaSettings', 'web', '2025-10-25 11:56:29', '2025-10-25 11:56:29'),
(167, 'View:ManagePaymentsSettings', 'web', '2025-10-25 11:56:29', '2025-10-25 11:56:29'),
(168, 'View:ManageProfilesSettings', 'web', '2025-10-25 11:56:29', '2025-10-25 11:56:29'),
(169, 'View:ManageReferralSettings', 'web', '2025-10-25 11:56:29', '2025-10-25 11:56:29'),
(170, 'View:ManageSecuritySettings', 'web', '2025-10-25 11:56:29', '2025-10-25 11:56:29'),
(171, 'View:ManageSocialSettings', 'web', '2025-10-25 11:56:29', '2025-10-25 11:56:29'),
(172, 'View:ManageStorageSettings', 'web', '2025-10-25 11:56:29', '2025-10-25 11:56:29'),
(173, 'View:ManageStreamsSettings', 'web', '2025-10-25 11:56:29', '2025-10-25 11:56:29'),
(174, 'View:ManageWebsocketsSettings', 'web', '2025-10-25 11:56:29', '2025-10-25 11:56:29'),
(175, 'View:ViewLog', 'web', '2025-10-25 11:56:29', '2025-10-25 11:56:29'),
(176, 'View:UsersChart', 'web', '2025-10-25 11:56:29', '2025-10-25 11:56:29'),
(177, 'View:PostsChart', 'web', '2025-10-25 11:56:29', '2025-10-25 11:56:29'),
(178, 'View:TransactionsChart', 'web', '2025-10-25 11:56:29', '2025-10-25 11:56:29'),
(179, 'View:StreamsChart', 'web', '2025-10-25 11:56:29', '2025-10-25 11:56:29');

-- --------------------------------------------------------

--
-- Struktur-dump for tabellen `polls`
--

CREATE TABLE `polls` (
  `id` bigint(20) UNSIGNED NOT NULL,
  `user_id` bigint(20) UNSIGNED NOT NULL,
  `post_id` bigint(20) UNSIGNED NOT NULL,
  `ends_at` timestamp NULL DEFAULT NULL,
  `created_at` timestamp NULL DEFAULT NULL,
  `updated_at` timestamp NULL DEFAULT NULL
) ENGINE=InnoDB DEFAULT CHARSET=utf8mb4 COLLATE=utf8mb4_unicode_ci;

-- --------------------------------------------------------

--
-- Struktur-dump for tabellen `poll_answers`
--

CREATE TABLE `poll_answers` (
  `id` bigint(20) UNSIGNED NOT NULL,
  `poll_id` bigint(20) UNSIGNED NOT NULL,
  `answer` longtext NOT NULL,
  `created_at` timestamp NULL DEFAULT NULL,
  `updated_at` timestamp NULL DEFAULT NULL
) ENGINE=InnoDB DEFAULT CHARSET=utf8mb4 COLLATE=utf8mb4_unicode_ci;

-- --------------------------------------------------------

--
-- Struktur-dump for tabellen `poll_user_answers`
--

CREATE TABLE `poll_user_answers` (
  `id` bigint(20) UNSIGNED NOT NULL,
  `poll_id` bigint(20) UNSIGNED NOT NULL,
  `user_id` bigint(20) UNSIGNED NOT NULL,
  `answer_id` bigint(20) UNSIGNED NOT NULL,
  `created_at` timestamp NULL DEFAULT NULL,
  `updated_at` timestamp NULL DEFAULT NULL
) ENGINE=InnoDB DEFAULT CHARSET=utf8mb4 COLLATE=utf8mb4_unicode_ci;

-- --------------------------------------------------------

--
-- Struktur-dump for tabellen `posts`
--

CREATE TABLE `posts` (
  `id` bigint(20) UNSIGNED NOT NULL,
  `user_id` bigint(20) UNSIGNED NOT NULL,
  `text` longtext DEFAULT NULL,
  `price` decimal(12,2) DEFAULT 0.00,
  `status` int(11) NOT NULL DEFAULT 1,
  `release_date` timestamp NULL DEFAULT NULL,
  `expire_date` timestamp NULL DEFAULT NULL,
  `is_pinned` tinyint(1) NOT NULL DEFAULT 0,
  `created_at` timestamp NULL DEFAULT NULL,
  `updated_at` timestamp NULL DEFAULT NULL
) ENGINE=InnoDB DEFAULT CHARSET=utf8mb4 COLLATE=utf8mb4_unicode_ci;

-- --------------------------------------------------------

--
-- Struktur-dump for tabellen `post_comments`
--

CREATE TABLE `post_comments` (
  `id` bigint(20) UNSIGNED NOT NULL,
  `user_id` bigint(20) UNSIGNED NOT NULL,
  `post_id` bigint(20) UNSIGNED NOT NULL,
  `message` text NOT NULL,
  `created_at` timestamp NULL DEFAULT NULL,
  `updated_at` timestamp NULL DEFAULT NULL
) ENGINE=InnoDB DEFAULT CHARSET=utf8mb4 COLLATE=utf8mb4_unicode_ci;

-- --------------------------------------------------------

--
-- Struktur-dump for tabellen `public_pages`
--

CREATE TABLE `public_pages` (
  `id` bigint(20) UNSIGNED NOT NULL,
  `slug` varchar(191) NOT NULL,
  `title` varchar(191) NOT NULL,
  `short_title` varchar(191) DEFAULT '',
  `content` longtext NOT NULL,
  `created_at` timestamp NULL DEFAULT NULL,
  `updated_at` timestamp NULL DEFAULT NULL,
  `page_order` int(10) UNSIGNED NOT NULL DEFAULT 0,
  `shown_in_footer` tinyint(1) DEFAULT NULL,
  `is_tos` tinyint(1) DEFAULT 0,
  `is_privacy` tinyint(1) DEFAULT 0,
  `show_last_update_date` tinyint(1) DEFAULT 0
) ENGINE=InnoDB DEFAULT CHARSET=utf8mb4 COLLATE=utf8mb4_unicode_ci;

--
-- Data dump for tabellen `public_pages`
--

INSERT INTO `public_pages` (`id`, `slug`, `title`, `short_title`, `content`, `created_at`, `updated_at`, `page_order`, `shown_in_footer`, `is_tos`, `is_privacy`, `show_last_update_date`) VALUES
(3, 'terms-and-conditions', 'Terms and conditions', 'Terms', '<h3><strong>Overview</strong></h3><p>This website is operated by Qdev Techs. Throughout the site, the terms “we”, “us” and “our” refer to Qdev Techs. Qdev Techs offers this website, including all information, tools and services available from this site to you, the user, conditioned upon your acceptance of all terms, conditions, policies and notices stated here.</p><p>By visiting our site and/ or purchasing something from us, you engage in our “Service” and agree to be bound by the following terms and conditions (“Terms of Service”, “Terms”), including those additional terms and conditions and policies referenced herein and/or available by hyperlink. These Terms of Service apply&nbsp; to all users of the site, including without limitation users who are browsers, vendors, customers, merchants, and/ or contributors of content.</p><p>Please read these Terms of Service carefully before accessing or using our website. By accessing or using any part of the site, you agree to be bound by these Terms of Service. If you do not agree to all the terms and conditions of this agreement, then you may not access the website or use any services. If these Terms of Service are considered an offer, acceptance is expressly limited to these Terms of Service.</p><p>Any new features or tools which are added to the current store shall also be subject to the Terms of Service. You can review the most current version of the Terms of Service at any time on this page. We reserve the right to update, change or replace any part of these Terms of Service by posting updates and/or changes to our website. It is your responsibility to check this page periodically for changes. Your continued use of or access to the website following the posting of any changes constitutes acceptance of those changes.</p><p><br></p><h3><strong>Platform Terms</strong></h3><p>By agreeing to these Terms of Service, you represent that you are at least the age of majority in your state or province of residence, or that you are the age of majority in your state or province of residence and you have given us your consent to allow any of your minor dependents to use this site.</p><p>You may not use our products for any illegal or unauthorized purpose nor may you, in the use of the Service, violate any laws in your jurisdiction (including but not limited to copyright laws).</p><p>You must not transmit any worms or viruses or any code of a destructive nature.</p><p>A breach or violation of any of the Terms will result in an immediate termination of your Services.</p><p><br></p><h3><strong>General Conditions</strong></h3><p>We reserve the right to refuse service to anyone for any reason at any time.</p><p>You understand that your content (not including credit card information), may be transferred unencrypted and involve (a) transmissions over various networks; and (b) changes to conform and adapt to technical requirements of connecting networks or devices. Credit card information is always encrypted during transfer over networks.</p><p>You agree not to reproduce, duplicate, copy, sell, resell or exploit any portion of the Service, use of the Service, or access to the Service or any contact on the website through which the service is provided, without express written permission by us.</p><p>The headings used in this agreement are included for convenience only and will not limit or otherwise affect these Terms.</p><p><br></p><h3><strong>Accuracy, Completeness And Timeliness Of Information</strong></h3><p>We are not responsible if information made available on this site is not accurate, complete or current. The material on this site is provided for general information only and should not be relied upon or used as the sole basis for making decisions without consulting primary, more accurate, more complete or more timely sources of information. Any reliance on the material on this site is at your own risk.</p><p>This site may contain certain historical information. Historical information, necessarily, is not current and is provided for your reference only. We reserve the right to modify the contents of this site at any time, but we have no obligation to update any information on our site. You agree that it is your responsibility to monitor changes to our site.</p><p><br></p><h3><strong>Modifications To The Service And Prices</strong></h3><p>Prices for our products are subject to change without notice.</p><p>We reserve the right at any time to modify or discontinue the Service (or any part or content thereof) without notice at any time.</p><p>We shall not be liable to you or to any third-party for any modification, price change, suspension or discontinuance of the Service.</p><p><br></p><h3><strong>Products And Services</strong></h3><p>Certain products or services may be available exclusively online through the website. These products or services may have limited quantities and are subject to return or exchange only according to our Return Policy.</p><p>We have made every effort to display as accurately as possible the colors and images of our products that appear at the store. We cannot guarantee that your computer monitor\'s display of any color will be accurate.</p><p>We reserve the right, but are not obligated, to limit the sales of our products or Services to any person, geographic region or jurisdiction. We may exercise this right on a case-by-case basis. We reserve the right to limit the quantities of any products or services that we offer. All descriptions of products or product pricing are subject to change at anytime without notice, at the sole discretion of our users. Users reserve the right to discontinue any product at any time. Any offer for any product or service made on this site is void where prohibited.</p><p>We do not warrant that the quality of any products, services, information, or other material purchased or obtained by you will meet your expectations, or that any errors in the Service will be corrected.</p><p><br></p><h3><strong>Accuracy Of Billing And Account Information</strong></h3><p>We reserve the right to refuse any order you place with us. We may, in our sole discretion, limit or cancel quantities purchased per person, per household or per order. These restrictions may include orders placed by or under the same customer account, the same credit card, and/or orders that use the same billing and/or shipping address. In the event that we make a change to or cancel an order, we may attempt to notify you by contacting the e-mail and/or billing address/phone number provided at the time the order was made. We reserve the right to limit or prohibit orders that, in our sole judgment, appear to be placed by dealers, resellers or distributors.</p><p>You agree to provide current, complete and accurate purchase and account information for all purchases made at our store.</p><p>For more detail, please review our Returns Policy.</p><p><br></p><h3><strong>Optional Tools</strong></h3><p>We may provide you with access to third-party tools over which we neither monitor nor have any control nor input.</p><p>You acknowledge and agree that we provide access to such tools ”as is” and “as available” without any warranties, representations or conditions of any kind and without any endorsement. We shall have no liability whatsoever arising from or relating to your use of optional third-party tools.</p><p>Any use by you of optional tools offered through the site is entirely at your own risk and discretion and you should ensure that you are familiar with and approve of the terms on which tools are provided by the relevant third-party provider(s).</p><p>We may also, in the future, offer new services and/or features through the website (including, the release of new tools and resources). Such new features and/or services shall also be subject to these Terms of Service.</p><p><br></p><h3><strong>Third-party Links</strong></h3><p>Certain content, products and services available via our Service may include materials from third-parties.</p><p>Third-party links on this site may direct you to third-party websites that are not affiliated with us. We are not responsible for examining or evaluating the content or accuracy and we do not warrant and will not have any liability or responsibility for any third-party materials or websites, or for any other materials, products, or services of third-parties.</p><p>We are not liable for any harm or damages related to the purchase or use of goods, services, resources, content, or any other transactions made in connection with any third-party websites. Please review carefully the third-party\'s policies and practices and make sure you understand them before you engage in any transaction. Complaints, claims, concerns, or questions regarding third-party products should be directed to the third-party.</p><p><br></p><h3><strong>User Comments, Feedback And Other Submissions</strong></h3><p>If, at our request, you send certain specific submissions (for example contest entries) or without a request from us you send creative ideas, suggestions, proposals, plans, or other materials, whether online, by email, by postal mail, or otherwise (collectively, \'comments\'), you agree that we may, at any time, without restriction, edit, copy, publish, distribute, translate and otherwise use in any medium any comments that you forward to us. We are and shall be under no obligation (1) to maintain any comments in confidence; (2) to pay compensation for any comments; or (3) to respond to any comments.</p><p>We may, but have no obligation to, monitor, edit or remove content that we determine in our sole discretion are unlawful, offensive, threatening, libelous, defamatory, pornographic, obscene or otherwise objectionable or violates any party’s intellectual property or these Terms of Service.</p><p>You agree that your comments will not violate any right of any third-party, including copyright, trademark, privacy, personality or other personal or proprietary right. You further agree that your comments will not contain libelous or otherwise unlawful, abusive or obscene material, or contain any computer virus or other malware that could in any way affect the operation of the Service or any related website. You may not use a false e-mail address, pretend to be someone other than yourself, or otherwise mislead us or third-parties as to the origin of any comments. You are solely responsible for any comments you make and their accuracy. We take no responsibility and assume no liability for any comments posted by you or any third-party.</p><p>Your submission of personal information through the store is governed by our Privacy Policy. To view our Privacy Policy.</p><p><br></p><h3><strong>Errors, Inaccuracies And Omissions</strong></h3><p>Occasionally there may be information on our site or in the Service that contains typographical errors, inaccuracies or omissions that may relate to product descriptions, pricing, promotions, offers, product shipping charges, transit times and availability. We reserve the right to correct any errors, inaccuracies or omissions, and to change or update information or cancel orders if any information in the Service or on any related website is inaccurate at any time without prior notice (including after you have submitted your order).</p><p>We undertake no obligation to update, amend or clarify information in the Service or on any related website, including without limitation, pricing information, except as required by law. No specified update or refresh date applied in the Service or on any related website, should be taken to indicate that all information in the Service or on any related website has been modified or updated.</p><p><br></p><h3><strong>Prohibited Uses</strong></h3><p>In addition to other prohibitions as set forth in the Terms of Service, you are prohibited from using the site or its content: (a) for any unlawful purpose; (b) to solicit others to perform or participate in any unlawful acts; (c) to violate any international, federal, provincial or state regulations, rules, laws, or local ordinances; (d) to infringe upon or violate our intellectual property rights or the intellectual property rights of others; (e) to harass, abuse, insult, harm, defame, slander, disparage, intimidate, or discriminate based on gender, sexual orientation, religion, ethnicity, race, age, national origin, or disability; (f) to submit false or misleading information; (g) to upload or transmit viruses or any other type of malicious code that will or may be used in any way that will affect the functionality or operation of the Service or of any related website, other websites, or the Internet; (h) to collect or track the personal information of others; (i) to spam, phish, pharm, pretext, spider, crawl, or scrape; (j) for any obscene or immoral purpose; or (k) to interfere with or circumvent the security features of the Service or any related website, other websites, or the Internet. We reserve the right to terminate your use of the Service or any related website for violating any of the prohibited uses.</p><p><br></p><h3><strong>Disclaimer Of Warranties; Limitation Of Liability</strong></h3><p>We do not guarantee, represent or warrant that your use of our service will be uninterrupted, timely, secure or error-free.</p><p>We do not warrant that the results that may be obtained from the use of the service will be accurate or reliable.</p><p>You agree that from time to time we may remove the service for indefinite periods of time or cancel the service at any time, without notice to you.</p><p>You expressly agree that your use of, or inability to use, the service is at your sole risk. The service and all products and services delivered to you through the service are (except as expressly stated by us) provided \'as is\' and \'as available\' for your use, without any representation, warranties or conditions of any kind, either express or implied, including all implied warranties or conditions of merchantability, merchantable quality, fitness for a particular purpose, durability, title, and non-infringement.</p><p>In no case shall Qdev Techs, our directors, officers, employees, affiliates, agents, contractors, interns, suppliers, service providers or licensors be liable for any injury, loss, claim, or any direct, indirect, incidental, punitive, special, or consequential damages of any kind, including, without limitation lost profits, lost revenue, lost savings, loss of data, replacement costs, or any similar damages, whether based in contract, tort (including negligence), strict liability or otherwise, arising from your use of any of the service or any products procured using the service, or for any other claim related in any way to your use of the service or any product, including, but not limited to, any errors or omissions in any content, or any loss or damage of any kind incurred as a result of the use of the service or any content (or product) posted, transmitted, or otherwise made available via the service, even if advised of their possibility. Because some states or jurisdictions do not allow the exclusion or the limitation of liability for consequential or incidental damages, in such states or jurisdictions, our liability shall be limited to the maximum extent permitted by law.</p><p><br></p><h3><strong>Indemnification</strong></h3><p>You agree to indemnify, defend and hold harmless Qdev Techs and our parent, subsidiaries, affiliates, partners, officers, directors, agents, contractors, licensors, service providers, subcontractors, suppliers, interns and employees, harmless from any claim or demand, including reasonable attorneys’ fees, made by any third-party due to or arising out of your breach of these Terms of Service or the documents they incorporate by reference, or your violation of any law or the rights of a third-party.</p><p><br></p><h3><strong>Severability</strong></h3><p>In the event that any provision of these Terms of Service is determined to be unlawful, void or unenforceable, such provision shall nonetheless be enforceable to the fullest extent permitted by applicable law, and the unenforceable portion shall be deemed to be severed from these Terms of Service, such determination shall not affect the validity and enforceability of any other remaining provisions.</p><p><br></p><h3><strong>Termination</strong></h3><p>The obligations and liabilities of the parties incurred prior to the termination date shall survive the termination of this agreement for all purposes.</p><p>These Terms of Service are effective unless and until terminated by either you or us. You may terminate these Terms of Service at any time by notifying us that you no longer wish to use our Services, or when you cease using our site.</p><p>If in our sole judgment you fail, or we suspect that you have failed, to comply with any term or provision of these Terms of Service, we also may terminate this agreement at any time without notice and you will remain liable for all amounts due up to and including the date of termination; and/or accordingly may deny you access to our Services (or any part thereof).</p><p><br></p><h3><strong>Entire Agreement</strong></h3><p>The failure of us to exercise or enforce any right or provision of these Terms of Service shall not constitute a waiver of such right or provision.</p><p>These Terms of Service and any policies or operating rules posted by us on this site or in respect to The Service constitutes the entire agreement and understanding between you and us and govern your use of the Service, superseding any prior or contemporaneous agreements, communications and proposals, whether oral or written, between you and us (including, but not limited to, any prior versions of the Terms of Service).</p><p>Any ambiguities in the interpretation of these Terms of Service shall not be construed against the drafting party.</p><p><br></p><h3><strong>Governing Law</strong></h3><p>These Terms of Service and any separate agreements whereby we provide you Services shall be governed by and construed in accordance with the laws.</p><p><br></p><h3><strong>Changes To Terms Of Service</strong></h3><p>You can review the most current version of the Terms of Service at any time at this page.</p><p>We reserve the right, at our sole discretion, to update, change or replace any part of these Terms of Service by posting updates and changes to our website. It is your responsibility to check our website periodically for changes. Your continued use of or access to our website or the Service following the posting of any changes to these Terms of Service constitutes acceptance of those changes.</p><p><br></p><h3><strong>Contact Information</strong></h3><p>Questions about the Terms of Service should be sent to us over the <a href=\"../contact\"><span style=\"text-decoration: underline;\">contact page</span></a>.</p>', '2021-09-30 10:07:35', '2025-07-16 16:12:11', 3, 1, 1, 0, 1),
(4, 'privacy', 'Privacy Policy', 'Privacy', '<p>This Privacy Policy describes how your personal information is collected, used, and shared when you visit or make a purchase from https://your-domain.com (the “Site”). Continuing using this site means you agree to all of the mentions below.</p><p>&nbsp;</p><h3><strong>Personal information we collect</strong></h3><p>When you visit the Site, we automatically collect certain information about your device, including information about your web browser, IP address, time zone, and some of the cookies that are installed on your device. Additionally, as you browse the Site, we collect information about the individual web pages or products that you view, what websites or search terms referred you to the Site, and information about how you interact with the Site. We refer to this automatically-collected information as “Device Information.”</p><p>We collect Device Information using the following technologies:</p><ul><li>“Cookies” are data files that are placed on your device or computer and often include an anonymous unique identifier. For more information about cookies, and how to disable cookies, visit <a href=\"https://www.cookiesandyou.com/\"><span style=\"text-decoration: underline;\">cookiesandyou.com</span></a>.</li><li>“Log files” track actions occurring on the Site, and collect data including your IP address, browser type, Internet service provider, referring/exit pages, and date/time stamps.</li></ul><p>The payments on our marketplace are made via Paypal, so we do not store any transactions related information, like credit card number, billing information etc. We do however store the Paypal transaction ID for easier reference in case of any disputes. We refer to this information as “Order Information.”</p><p>When we talk about “Personal Information” in this Privacy Policy, we are talking both about Device Information and Order Information.</p><p><br></p><h3><strong>How do we use your personal information?</strong></h3><p>We use the Order Information that we collect generally to fulfill any orders placed through the Site). Additionally, we use this Order Information to:</p><ul><li>Communicate with you;</li><li>Screen our orders for potential risk or fraud; and</li><li>When in line with the preferences you have shared with us, provide you with information or advertising relating to our products or services.</li><li>We use the Device Information that we collect to help us screen for potential risk and fraud (in particular, your IP address), and more generally to improve and optimize our Site (for example, by generating analytics about how our customers browse and interact with the Site, and to assess the success of our marketing and advertising campaigns).</li></ul><p><br></p><h3><strong>Sharing your personal information</strong></h3><p>We do not share your Personal Information with third parties.</p><p>We use Google Analytics to help us understand how our customers use the Site. You can read more about how Google uses your Personal Information <a href=\"https://www.google.com/intl/en/policies/privacy/\"><span style=\"text-decoration: underline;\">Here</span></a>. You can also opt-out of Google Analytics <a href=\"https://tools.google.com/dlpage/gaoptout\"><span style=\"text-decoration: underline;\">Here</span></a> .</p><p>Finally, we may also share <strong>limited</strong> Personal Information to comply with applicable laws and regulations, to respond to a subpoena, search warrant or other lawful request for information we receive, or to otherwise protect our rights.</p><p><br></p><h3><strong>Do not track</strong></h3><p>Please note that we do not alter our Site’s data collection and use practices when we see a Do Not Track signal from your browser.</p><p><br></p><h3><strong>Your rights</strong></h3><p>If you are a European resident, you have the right to access personal information we hold about you and to ask that your personal information be corrected, updated, or deleted. If you would like to exercise this right, please contact us through the contact information below.</p><p>Additionally, if you are a European resident we note that we are processing your information in order to fulfill contracts we might have with you (for example if you make an order through the Site), or otherwise to pursue our legitimate business interests listed above.</p><p><br></p><h3><strong>Data retention</strong></h3><p>When you place an order through the Site, we will maintain your Order Information for our records unless and until you ask us to delete this information.</p><p><br></p><h3><strong>Minors</strong></h3><p>The Site is not intended for individuals under the age of 18.</p><p><br></p><h3><strong>Changes</strong></h3><p>We may update this privacy policy from time to time in order to reflect, for example, changes to our practices or for other operational, legal or regulatory reasons.</p><p><br></p><h3><strong>Contact us</strong></h3><p>For more information about our privacy practices, if you have questions, or if you would like to make a complaint, please contact us by e-mail at contact@website.com or by sending us a <a href=\"../contact\"><span style=\"text-decoration: underline;\">contact message</span></a>.</p>', '2021-09-30 10:09:39', '2025-07-16 16:27:52', 2, 1, 0, 1, 1),
(5, 'help', 'Help & FAQ', 'Help', '<p><strong>JustFans – Premium Content Creators SaaS</strong> is a fully-featured PHP platform that allows you to start your own premium content-based social media platform in no time. It allows your users to post premium content, which can only be unlocked by other viewers when purchasing a monthly subscription. On top of that, creators can earn more money from tips and paid posts, on top of the regular subscription content.<br><br>The experience is powered by a mobile-first, clean, and easy-to-use design, with De themes, RTL, and localization capabilities. It allows your creators to sell their premium content via monthly subscriptions, offers, bundles, tips, and pay to unlock posts.</p><p><br></p><h3><strong>Posting content</strong></h3><p>In order to be able to start posting content and earn money, you will need to create an account, deppending on the platform settings you might have to verify it, then you will be able to create posts by accessing the <a href=\"http://localhost/only-fuck/public/admin/custom-pages/posts/create\"><span style=\"text-decoration: underline;\">Create post</span></a> page, where you can upload any kind of media you want, by either drag and dropping your files onto the text area, or by clicking on the file icon bellow the text area.</p><p>&nbsp;</p><h3><strong>Subscriptions</strong></h3><p>Once you get an account rolling, you will be able to purchase user subscriptions, send tips, and unlock posts with your PayPal account or a credit/debit card via Stripe. Once you have a valid subscription to a user, you will then also be able to chat with them via the live messenger. Subscriptions can be cancelled at any time.<br><br></p><h3><strong>Taxes &amp; Rates</strong></h3><p>Taxes can be set on the admin side by the site administrator. Generally, platform taxes can be set as an exclusive tax or custom set &amp; applied at withdrawal.&nbsp;</p><p>&nbsp;</p><h3><strong>Withdrawals&nbsp;</strong></h3><p>Withdrawals can be requested by authors at any time. We allow PayPal &amp; Bank Transfer and the transfer are manuall made by the administrator, as a two factor check.</p><p>&nbsp;</p><h3><strong>Reporting a user or a post</strong></h3><p>In order to report a user or it\'s content, you can go to that user\'s profile or post, click on the three dots icon, and select report. Our admins will analyze and take action accordingly. You can also block a certain user from seeing your profile or messaging you again.<br><br></p><h3><strong>Got questions?</strong></h3><p>If you have any questions whatsoever, do not hesitate to send us a message via the <a href=\"http://localhost/only-fuck/public/admin/custom-pages/contact\"><span style=\"text-decoration: underline;\">Contact Page</span></a>.</p><p>&nbsp;</p>', '2021-09-30 10:10:09', '2025-07-16 16:27:16', 1, 1, 0, 0, 1),
(6, 'creator-agreement', 'Creator Agreement', 'Creator Agreement', '<p>This Creator Agreement (\"Agreement\") sets forth the terms between the platform operator (\"Platform,\" \"We,\" \"Us\") and the content provider or creator (\"Creator,\" \"You,\" \"Your\"). By creating an account, verifying your identity, and uploading content, you explicitly accept these terms.</p><p>&nbsp;</p><h3><strong>Eligibility</strong></h3><ul><li>You confirm you are at least 18 years of age.</li><li>You must provide accurate, valid, government-issued identification to verify your age and identity.</li></ul><p><br></p><h3><strong>Pre-screening of Content</strong></h3><ul><li>All content uploaded by you will be reviewed and pre-screened by the Platform prior to publication.</li><li>We reserve the right to reject or remove any content determined to be illegal, inappropriate, or otherwise violating Platform guidelines or applicable laws.</li></ul><p><br></p><h3><strong>Content Ownership and Licensing</strong></h3><ul><li>You retain full ownership of your uploaded content.</li><li>You grant the Platform a worldwide, non-exclusive, royalty-free license to host, promote, display, and monetize your content.</li><li>You may remove your content at any time, excluding previously purchased or downloaded content by users.</li></ul><p><br></p><h3><strong>Compliance and Prohibited Activities</strong></h3><ul><li>You expressly agree that all content you upload will adhere to applicable laws and Platform standards.</li><li>You shall not upload content involving minors, non-consensual material, or illegal acts.</li></ul><p><br></p><h3><strong>Consent and Documentation</strong></h3><ul><li>You are required to obtain and retain written consent from every person depicted in your content, clearly specifying:<ul><li>Consent to be depicted in the content.</li><li>Consent for public distribution on the Platform.</li><li>Consent for downloading of content by users, if applicable.</li></ul></li><li>You must verify and document the identity and age of all persons depicted, ensuring each is an adult (18+). You agree to provide these documents promptly upon request by the Platform or relevant authorities.</li></ul><p><br></p><h3><strong>Image and Likeness Consent</strong></h3><ul><li>By checking the designated consent checkbox upon signup, you explicitly acknowledge and grant the Platform permission to publicly use, display, and distribute your images and likeness.</li></ul><p><br></p><h3><strong>Revenue and Payments</strong></h3><ul><li>Revenue generated from your content is subject to the Platform’s revenue-sharing structure, clearly communicated upon account creation.</li><li>Payments will be made according to the Platform’s established payout schedule.</li><li>You are responsible for applicable taxes.</li></ul><p><br></p><h3><strong>Creator Responsibilities</strong></h3><ul><li>You agree to regularly monitor and manage your content, promptly reporting unauthorized use or copyright infringements.</li><li>You agree to adhere strictly to Platform policies and applicable laws.</li></ul><p><br></p><h3><strong>Termination</strong></h3><ul><li>Either party may terminate this agreement at any time with appropriate notice or by account closure.</li><li>Upon termination, licenses end except for continued access by users who previously purchased or downloaded your content.</li></ul><p><br></p><h3><strong>Indemnification</strong></h3><ul><li>You agree to indemnify and hold harmless the Platform against any liabilities, claims, or expenses arising from your uploaded content or actions on the Platform.</li></ul><p><br></p><h3><strong>Amendments</strong></h3><ul><li>The Platform reserves the right to amend this Agreement periodically. Continued use of the Platform constitutes your acceptance of any updated terms.</li></ul><p><br></p><h3><strong>Governing Law</strong></h3><ul><li>This Agreement shall be governed by the laws of [Your Jurisdiction].</li></ul>', '2025-04-08 11:47:41', '2025-07-16 17:10:09', 4, 0, 0, 0, 1);

-- --------------------------------------------------------

--
-- Struktur-dump for tabellen `reactions`
--

CREATE TABLE `reactions` (
  `id` bigint(20) UNSIGNED NOT NULL,
  `user_id` bigint(20) UNSIGNED DEFAULT NULL,
  `post_id` bigint(20) UNSIGNED DEFAULT NULL,
  `post_comment_id` bigint(20) UNSIGNED DEFAULT NULL,
  `reaction_type` varchar(191) DEFAULT NULL,
  `created_at` timestamp NULL DEFAULT NULL,
  `updated_at` timestamp NULL DEFAULT NULL
) ENGINE=InnoDB DEFAULT CHARSET=utf8mb4 COLLATE=utf8mb4_unicode_ci;

-- --------------------------------------------------------

--
-- Struktur-dump for tabellen `referral_code_usages`
--

CREATE TABLE `referral_code_usages` (
  `id` bigint(20) UNSIGNED NOT NULL,
  `used_by` bigint(20) UNSIGNED NOT NULL,
  `referral_code` varchar(191) NOT NULL,
  `created_at` timestamp NULL DEFAULT NULL,
  `updated_at` timestamp NULL DEFAULT NULL
) ENGINE=InnoDB DEFAULT CHARSET=utf8mb4 COLLATE=utf8mb4_unicode_ci;

-- --------------------------------------------------------

--
-- Struktur-dump for tabellen `rewards`
--

CREATE TABLE `rewards` (
  `id` bigint(20) UNSIGNED NOT NULL,
  `from_user_id` bigint(20) UNSIGNED DEFAULT NULL,
  `to_user_id` bigint(20) UNSIGNED DEFAULT NULL,
  `transaction_id` bigint(20) UNSIGNED DEFAULT NULL,
  `referral_code_usage_id` bigint(20) UNSIGNED DEFAULT NULL,
  `amount` decimal(12,2) DEFAULT NULL,
  `reward_type` int(11) NOT NULL,
  `created_at` timestamp NULL DEFAULT NULL,
  `updated_at` timestamp NULL DEFAULT NULL
) ENGINE=InnoDB DEFAULT CHARSET=utf8mb4 COLLATE=utf8mb4_unicode_ci;

-- --------------------------------------------------------

--
-- Struktur-dump for tabellen `roles`
--

CREATE TABLE `roles` (
  `id` bigint(20) UNSIGNED NOT NULL,
  `name` varchar(191) NOT NULL,
  `guard_name` varchar(191) NOT NULL,
  `created_at` timestamp NULL DEFAULT NULL,
  `updated_at` timestamp NULL DEFAULT NULL
) ENGINE=InnoDB DEFAULT CHARSET=utf8mb4 COLLATE=utf8mb4_unicode_ci;

--
-- Data dump for tabellen `roles`
--

INSERT INTO `roles` (`id`, `name`, `guard_name`, `created_at`, `updated_at`) VALUES
(1, 'admin', 'web', '2025-06-15 19:26:45', '2025-06-15 19:26:45'),
(2, 'user', 'web', '2025-06-15 19:27:04', '2025-06-15 19:27:04'),
(3, 'demo', 'web', '2025-07-28 09:57:56', '2025-07-28 09:57:56');

-- --------------------------------------------------------

--
-- Struktur-dump for tabellen `role_has_permissions`
--

CREATE TABLE `role_has_permissions` (
  `permission_id` bigint(20) UNSIGNED NOT NULL,
  `role_id` bigint(20) UNSIGNED NOT NULL
) ENGINE=InnoDB DEFAULT CHARSET=utf8mb4 COLLATE=utf8mb4_unicode_ci;

--
-- Data dump for tabellen `role_has_permissions`
--

INSERT INTO `role_has_permissions` (`permission_id`, `role_id`) VALUES
(1, 1),
(1, 3),
(2, 1),
(2, 3),
(3, 1),
(4, 1),
(5, 1),
(6, 1),
(6, 3),
(7, 1),
(7, 3),
(8, 1),
(9, 1),
(10, 1),
(11, 1),
(11, 3),
(12, 1),
(12, 3),
(13, 1),
(14, 1),
(15, 1),
(16, 1),
(16, 3),
(17, 1),
(17, 3),
(18, 1),
(19, 1),
(20, 1),
(21, 1),
(21, 3),
(22, 1),
(22, 3),
(23, 1),
(24, 1),
(25, 1),
(26, 1),
(26, 3),
(27, 1),
(27, 3),
(28, 1),
(29, 1),
(30, 1),
(31, 1),
(31, 3),
(32, 1),
(32, 3),
(33, 1),
(34, 1),
(35, 1),
(36, 1),
(36, 3),
(37, 1),
(37, 3),
(38, 1),
(39, 1),
(40, 1),
(41, 1),
(41, 3),
(42, 1),
(42, 3),
(43, 1),
(44, 1),
(45, 1),
(46, 1),
(46, 3),
(47, 1),
(47, 3),
(48, 1),
(49, 1),
(50, 1),
(51, 1),
(51, 3),
(52, 1),
(52, 3),
(53, 1),
(54, 1),
(55, 1),
(56, 1),
(56, 3),
(57, 1),
(57, 3),
(58, 1),
(59, 1),
(60, 1),
(61, 1),
(61, 3),
(62, 1),
(62, 3),
(63, 1),
(64, 1),
(65, 1),
(66, 1),
(66, 3),
(67, 1),
(67, 3),
(68, 1),
(69, 1),
(70, 1),
(71, 1),
(71, 3),
(72, 1),
(72, 3),
(73, 1),
(74, 1),
(75, 1),
(76, 1),
(76, 3),
(77, 1),
(77, 3),
(78, 1),
(79, 1),
(80, 1),
(81, 1),
(81, 3),
(82, 1),
(82, 3),
(83, 1),
(84, 1),
(85, 1),
(86, 1),
(86, 3),
(87, 1),
(87, 3),
(88, 1),
(89, 1),
(90, 1),
(91, 1),
(91, 3),
(92, 1),
(92, 3),
(93, 1),
(94, 1),
(95, 1),
(96, 1),
(96, 3),
(97, 1),
(97, 3),
(98, 1),
(99, 1),
(100, 1),
(101, 1),
(101, 3),
(102, 1),
(102, 3),
(103, 1),
(104, 1),
(105, 1),
(106, 1),
(106, 3),
(107, 1),
(107, 3),
(108, 1),
(109, 1),
(110, 1),
(111, 1),
(111, 3),
(112, 1),
(112, 3),
(113, 1),
(114, 1),
(115, 1),
(116, 1),
(116, 3),
(117, 1),
(117, 3),
(118, 1),
(119, 1),
(120, 1),
(121, 1),
(121, 3),
(122, 1),
(122, 3),
(123, 1),
(124, 1),
(125, 1),
(126, 1),
(126, 3),
(127, 1),
(127, 3),
(128, 1),
(129, 1),
(130, 1),
(131, 1),
(131, 3),
(132, 1),
(132, 3),
(133, 1),
(134, 1),
(135, 1),
(136, 1),
(136, 3),
(137, 1),
(137, 3),
(138, 1),
(139, 1),
(140, 1),
(141, 1),
(141, 3),
(142, 1),
(142, 3),
(143, 1),
(144, 1),
(145, 1),
(146, 1),
(146, 3),
(147, 1),
(147, 3),
(148, 1),
(149, 1),
(150, 1),
(151, 1),
(151, 3),
(152, 1),
(152, 3),
(153, 1),
(154, 1),
(155, 1),
(156, 1),
(157, 1),
(157, 3),
(158, 1),
(158, 3),
(159, 1),
(159, 3),
(160, 1),
(160, 3),
(161, 1),
(161, 3),
(162, 1),
(162, 3),
(163, 1),
(163, 3),
(164, 1),
(164, 3),
(165, 1),
(165, 3),
(166, 1),
(166, 3),
(167, 1),
(167, 3),
(168, 1),
(168, 3),
(169, 1),
(169, 3),
(170, 1),
(170, 3),
(171, 1),
(171, 3),
(172, 1),
(172, 3),
(173, 1),
(173, 3),
(174, 1),
(174, 3),
(175, 1),
(175, 3),
(176, 1),
(176, 3),
(177, 1),
(177, 3),
(178, 1),
(178, 3),
(179, 1),
(179, 3);

-- --------------------------------------------------------

--
-- Struktur-dump for tabellen `settings`
--

CREATE TABLE `settings` (
  `id` bigint(20) UNSIGNED NOT NULL,
  `group` varchar(191) NOT NULL,
  `name` varchar(191) NOT NULL,
  `locked` tinyint(1) NOT NULL DEFAULT 0,
  `payload` longtext NOT NULL,
  `created_at` timestamp NULL DEFAULT NULL,
  `updated_at` timestamp NULL DEFAULT NULL
) ENGINE=InnoDB DEFAULT CHARSET=utf8mb4 COLLATE=utf8mb4_unicode_ci;

--
-- Data dump for tabellen `settings`
--

INSERT INTO `settings` (`id`, `group`, `name`, `locked`, `payload`, `created_at`, `updated_at`) VALUES
(1, 'site', 'name', 0, '\"Justfans\"', '2025-10-30 14:10:36', '2025-10-30 14:10:36'),
(2, 'site', 'description', 0, '\"Site Description\"', '2025-10-30 14:10:36', '2025-10-30 14:10:36'),
(3, 'site', 'light_logo', 0, '\"\"', '2025-10-30 14:10:36', '2025-10-30 14:10:36'),
(4, 'site', 'dark_logo', 0, '\"\"', '2025-10-30 14:10:36', '2025-10-30 14:10:36'),
(5, 'site', 'favicon', 0, '\"\"', '2025-10-30 14:10:36', '2025-10-30 14:10:36'),
(6, 'site', 'allow_theme_switch', 0, 'true', '2025-10-30 14:10:36', '2025-10-30 14:10:36'),
(7, 'site', 'default_user_theme', 0, '\"light\"', '2025-10-30 14:10:36', '2025-10-30 14:10:36'),
(8, 'site', 'allow_direction_switch', 0, 'true', '2025-10-30 14:10:36', '2025-10-30 14:10:36'),
(9, 'site', 'default_site_direction', 0, '\"ltr\"', '2025-10-30 14:10:36', '2025-10-30 14:10:36'),
(10, 'site', 'allow_language_switch', 0, 'true', '2025-10-30 14:10:36', '2025-10-30 14:10:36'),
(11, 'site', 'default_site_language', 0, '\"en\"', '2025-10-30 14:10:36', '2025-10-30 14:10:36'),
(12, 'site', 'homepage_type', 0, '\"landing\"', '2025-10-30 14:10:36', '2025-10-30 14:10:36'),
(13, 'site', 'enforce_user_identity_checks', 0, 'false', '2025-10-30 14:10:36', '2025-10-30 14:10:36'),
(14, 'site', 'app_url', 0, '\"http:\\/\\/yourdomain.com\"', '2025-10-30 14:10:36', '2025-10-30 14:10:36'),
(15, 'site', 'allow_pwa_installs', 0, 'false', '2025-10-30 14:10:36', '2025-10-30 14:10:36'),
(16, 'site', 'hide_identity_checks', 0, 'false', '2025-10-30 14:10:36', '2025-10-30 14:10:36'),
(17, 'site', 'slogan', 0, '\"\"', '2025-10-30 14:10:36', '2025-10-30 14:10:36'),
(18, 'site', 'redirect_page_after_register', 0, '\"feed\"', '2025-10-30 14:10:36', '2025-10-30 14:10:36'),
(19, 'site', 'enforce_email_validation', 0, 'false', '2025-10-30 14:10:36', '2025-10-30 14:10:36'),
(20, 'site', 'homepage_redirect', 0, '\"\"', '2025-10-30 14:10:36', '2025-10-30 14:10:36'),
(21, 'site', 'hide_create_post_menu', 0, 'false', '2025-10-30 14:10:36', '2025-10-30 14:10:36'),
(22, 'site', 'default_og_image', 0, '\"\"', '2025-10-30 14:10:36', '2025-10-30 14:10:36'),
(23, 'site', 'use_browser_language_if_available', 0, 'true', '2025-10-30 14:10:36', '2025-10-30 14:10:36'),
(24, 'site', 'timezone', 0, '\"UTC\"', '2025-10-30 14:10:36', '2025-10-30 14:10:36'),
(25, 'site', 'hide_stream_create_menu', 0, 'false', '2025-10-30 14:10:36', '2025-10-30 14:10:36'),
(26, 'site', 'login_page_background_image', 0, '\"\"', '2025-10-30 14:10:36', '2025-10-30 14:10:36'),
(27, 'site', 'enable_smooth_page_change_transitions', 0, 'false', '2025-10-30 14:10:36', '2025-10-30 14:10:36'),
(28, 'profiles', 'allow_profile_qr_code', 0, 'false', '2025-10-30 14:10:36', '2025-10-30 14:10:36'),
(29, 'profiles', 'allow_gender_pronouns', 0, 'true', '2025-10-30 14:10:36', '2025-10-30 14:10:36'),
(30, 'profiles', 'default_profile_type_on_register', 0, '\"paid\"', '2025-10-30 14:10:36', '2025-10-30 14:10:36'),
(31, 'profiles', 'default_users_to_follow', 0, '\"\"', '2025-10-30 14:10:36', '2025-10-30 14:10:36'),
(32, 'profiles', 'default_user_privacy_setting_on_register', 0, '\"public\"', '2025-10-30 14:10:36', '2025-10-30 14:10:36'),
(33, 'profiles', 'allow_users_enabling_open_profiles', 0, 'false', '2025-10-30 14:10:36', '2025-10-30 14:10:36'),
(34, 'profiles', 'default_wallet_balance_on_register', 0, '0', '2025-10-30 14:10:36', '2025-10-30 14:10:36'),
(35, 'profiles', 'allow_profile_bio_markdown', 0, 'false', '2025-10-30 14:10:36', '2025-10-30 14:10:36'),
(36, 'profiles', 'disable_profile_bio_excerpt', 0, 'false', '2025-10-30 14:10:36', '2025-10-30 14:10:36'),
(37, 'profiles', 'max_profile_bio_length', 0, '1500', '2025-10-30 14:10:36', '2025-10-30 14:10:36'),
(38, 'profiles', 'enable_new_post_notification_setting', 0, 'false', '2025-10-30 14:10:36', '2025-10-30 14:10:36'),
(39, 'profiles', 'default_new_post_notification_setting', 0, 'false', '2025-10-30 14:10:36', '2025-10-30 14:10:36'),
(40, 'profiles', 'disable_website_link_on_profile', 0, 'false', '2025-10-30 14:10:36', '2025-10-30 14:10:36'),
(41, 'profiles', 'disable_profile_offers', 0, 'false', '2025-10-30 14:10:36', '2025-10-30 14:10:36'),
(42, 'profiles', 'allow_hyperlinks', 0, 'false', '2025-10-30 14:10:36', '2025-10-30 14:10:36'),
(43, 'profiles', 'show_online_users_indicator', 0, 'false', '2025-10-30 14:10:36', '2025-10-30 14:10:36'),
(44, 'profiles', 'record_users_last_activity_time', 0, 'false', '2025-10-30 14:10:36', '2025-10-30 14:10:36'),
(45, 'profiles', 'record_users_last_ip_address', 0, 'false', '2025-10-30 14:10:36', '2025-10-30 14:10:36'),
(46, 'admin', 'title', 0, '\"JustFans  Admin\"', '2025-10-30 14:10:36', '2025-10-30 14:10:36'),
(47, 'admin', 'light_logo', 0, 'null', '2025-10-30 14:10:36', '2025-10-30 14:10:36'),
(48, 'admin', 'dark_logo', 0, 'null', '2025-10-30 14:10:36', '2025-10-30 14:10:36'),
(49, 'admin', 'send_notifications_on_contact', 0, 'false', '2025-10-30 14:10:36', '2025-10-30 14:10:36'),
(50, 'admin', 'send_notifications_on_pending_posts', 0, 'false', '2025-10-30 14:10:36', '2025-10-30 14:10:36'),
(51, 'ai', 'open_ai_enabled', 0, 'false', '2025-10-30 14:10:36', '2025-10-30 14:10:36'),
(52, 'ai', 'open_ai_api_key', 0, '\"\"', '2025-10-30 14:10:36', '2025-10-30 14:10:36'),
(53, 'ai', 'open_ai_completion_max_tokens', 0, '100', '2025-10-30 14:10:36', '2025-10-30 14:10:36'),
(54, 'ai', 'open_ai_completion_temperature', 0, '1', '2025-10-30 14:10:36', '2025-10-30 14:10:36'),
(55, 'ai', 'open_ai_model', 0, '\"o4-mini\"', '2025-10-30 14:10:36', '2025-10-30 14:10:36'),
(56, 'referrals', 'enabled', 0, 'false', '2025-10-30 14:10:36', '2025-10-30 14:10:36'),
(57, 'referrals', 'fee_percentage', 0, '5', '2025-10-30 14:10:36', '2025-10-30 14:10:36'),
(58, 'referrals', 'apply_for_months', 0, '12', '2025-10-30 14:10:36', '2025-10-30 14:10:36'),
(59, 'referrals', 'fee_limit', 0, '1000', '2025-10-30 14:10:36', '2025-10-30 14:10:36'),
(60, 'referrals', 'referrals_default_link_page', 0, '\"profile\"', '2025-10-30 14:10:36', '2025-10-30 14:10:36'),
(61, 'referrals', 'disable_for_non_verified', 0, 'false', '2025-10-30 14:10:36', '2025-10-30 14:10:36'),
(62, 'referrals', 'auto_follow_the_user', 0, 'false', '2025-10-30 14:10:36', '2025-10-30 14:10:36'),
(63, 'compliance', 'enable_cookies_box', 0, 'true', '2025-10-30 14:10:36', '2025-10-30 14:10:36'),
(64, 'compliance', 'enable_age_verification_dialog', 0, 'false', '2025-10-30 14:10:36', '2025-10-30 14:10:36'),
(65, 'compliance', 'age_verification_cancel_url', 0, '\"https:\\/\\/google.com\"', '2025-10-30 14:10:36', '2025-10-30 14:10:36'),
(66, 'compliance', 'admin_approved_posts_limit', 0, '0', '2025-10-30 14:10:36', '2025-10-30 14:10:36'),
(67, 'compliance', 'minimum_posts_until_creator', 0, '0', '2025-10-30 14:10:36', '2025-10-30 14:10:36'),
(68, 'compliance', 'minimum_posts_deletion_limit', 0, '0', '2025-10-30 14:10:36', '2025-10-30 14:10:36'),
(69, 'compliance', 'monthly_posts_before_inactive', 0, '0', '2025-10-30 14:10:36', '2025-10-30 14:10:36'),
(70, 'compliance', 'disable_creators_ppv_delete', 0, 'false', '2025-10-30 14:10:36', '2025-10-30 14:10:36'),
(71, 'compliance', 'allow_text_only_ppv', 0, 'false', '2025-10-30 14:10:36', '2025-10-30 14:10:36'),
(72, 'compliance', 'enforce_tos_check_on_id_verify', 0, 'false', '2025-10-30 14:10:36', '2025-10-30 14:10:36'),
(73, 'compliance', 'enforce_media_agreement_on_id_verify', 0, 'false', '2025-10-30 14:10:36', '2025-10-30 14:10:36'),
(74, 'code-and-ads', 'custom_css', 0, 'null', '2025-10-30 14:10:36', '2025-10-30 14:10:36'),
(75, 'code-and-ads', 'custom_js', 0, 'null', '2025-10-30 14:10:36', '2025-10-30 14:10:36'),
(76, 'code-and-ads', 'sidebar_ad_spot', 0, 'null', '2025-10-30 14:10:36', '2025-10-30 14:10:36'),
(77, 'social', 'facebook_url', 0, '\"#\"', '2025-10-30 14:10:36', '2025-10-30 14:10:36'),
(78, 'social', 'instagram_url', 0, '\"#\"', '2025-10-30 14:10:36', '2025-10-30 14:10:36'),
(79, 'social', 'twitter_url', 0, '\"#\"', '2025-10-30 14:10:36', '2025-10-30 14:10:36'),
(80, 'social', 'whatsapp_url', 0, 'null', '2025-10-30 14:10:36', '2025-10-30 14:10:36'),
(81, 'social', 'tiktok_url', 0, '\"#\"', '2025-10-30 14:10:36', '2025-10-30 14:10:36'),
(82, 'social', 'youtube_url', 0, 'null', '2025-10-30 14:10:36', '2025-10-30 14:10:36'),
(83, 'social', 'telegram_link', 0, 'null', '2025-10-30 14:10:36', '2025-10-30 14:10:36'),
(84, 'social', 'reddit_url', 0, '\"\"', '2025-10-30 14:10:36', '2025-10-30 14:10:36'),
(85, 'social', 'facebook_client_id', 0, '\"\"', '2025-10-30 14:10:36', '2025-10-30 14:10:36'),
(86, 'social', 'facebook_secret', 0, '\"\"', '2025-10-30 14:10:36', '2025-10-30 14:10:36'),
(87, 'social', 'twitter_client_id', 0, '\"\"', '2025-10-30 14:10:36', '2025-10-30 14:10:36'),
(88, 'social', 'twitter_secret', 0, '\"\"', '2025-10-30 14:10:36', '2025-10-30 14:10:36'),
(89, 'social', 'google_client_id', 0, '\"\"', '2025-10-30 14:10:36', '2025-10-30 14:10:36'),
(90, 'social', 'google_secret', 0, '\"\"', '2025-10-30 14:10:36', '2025-10-30 14:10:36'),
(91, 'security', 'enable_2fa', 0, 'true', '2025-10-30 14:10:36', '2025-10-30 14:10:36'),
(92, 'security', 'default_2fa_on_register', 0, 'false', '2025-10-30 14:10:36', '2025-10-30 14:10:36'),
(93, 'security', 'allow_users_2fa_switch', 0, 'true', '2025-10-30 14:10:36', '2025-10-30 14:10:36'),
(94, 'security', 'enforce_app_ssl', 0, 'false', '2025-10-30 14:10:36', '2025-10-30 14:10:36'),
(95, 'security', 'allow_geo_blocking', 0, 'false', '2025-10-30 14:10:36', '2025-10-30 14:10:36'),
(96, 'security', 'enforce_email_valid_check', 0, 'false', '2025-10-30 14:10:36', '2025-10-30 14:10:36'),
(97, 'security', 'email_abstract_api_key', 0, '\"\"', '2025-10-30 14:10:36', '2025-10-30 14:10:36'),
(98, 'security', 'abstract_api_key', 0, '\"\"', '2025-10-30 14:10:36', '2025-10-30 14:10:36'),
(99, 'security', 'captcha_driver', 0, '\"none\"', '2025-10-30 14:10:36', '2025-10-30 14:10:36'),
(100, 'security', 'recaptcha_site_key', 0, '\"\"', '2025-10-30 14:10:36', '2025-10-30 14:10:36'),
(101, 'security', 'recaptcha_site_secret_key', 0, '\"\"', '2025-10-30 14:10:36', '2025-10-30 14:10:36'),
(102, 'security', 'turnstile_site_key', 0, '\"\"', '2025-10-30 14:10:36', '2025-10-30 14:10:36'),
(103, 'security', 'turnstile_site_secret_key', 0, '\"\"', '2025-10-30 14:10:36', '2025-10-30 14:10:36'),
(104, 'security', 'hcaptcha_site_key', 0, '\"\"', '2025-10-30 14:10:36', '2025-10-30 14:10:36'),
(105, 'security', 'hcaptcha_site_secret_key', 0, '\"\"', '2025-10-30 14:10:36', '2025-10-30 14:10:36'),
(106, 'feed', 'feed_posts_per_page', 0, '3', '2025-10-30 14:10:36', '2025-10-30 14:10:36'),
(107, 'feed', 'min_post_description', 0, '10', '2025-10-30 14:10:36', '2025-10-30 14:10:36'),
(108, 'feed', 'post_box_max_height', 0, '0', '2025-10-30 14:10:36', '2025-10-30 14:10:36'),
(109, 'feed', 'allow_gallery_zoom', 0, 'false', '2025-10-30 14:10:36', '2025-10-30 14:10:36'),
(110, 'feed', 'allow_post_scheduling', 0, 'false', '2025-10-30 14:10:36', '2025-10-30 14:10:36'),
(111, 'feed', 'allow_post_polls', 0, 'true', '2025-10-30 14:10:36', '2025-10-30 14:10:36'),
(112, 'feed', 'enable_post_description_excerpts', 0, 'false', '2025-10-30 14:10:36', '2025-10-30 14:10:36'),
(113, 'feed', 'disable_posts_text_preview', 0, 'false', '2025-10-30 14:10:36', '2025-10-30 14:10:36'),
(114, 'feed', 'hide_suggestions_slider', 0, 'false', '2025-10-30 14:10:36', '2025-10-30 14:10:36'),
(115, 'feed', 'suggestions_skip_empty_profiles', 0, 'false', '2025-10-30 14:10:36', '2025-10-30 14:10:36'),
(116, 'feed', 'suggestions_skip_unverified_profiles', 0, 'false', '2025-10-30 14:10:36', '2025-10-30 14:10:36'),
(117, 'feed', 'suggestions_use_featured_users_list', 0, 'false', '2025-10-30 14:10:36', '2025-10-30 14:10:36'),
(118, 'feed', 'feed_suggestions_autoplay', 0, 'false', '2025-10-30 14:10:36', '2025-10-30 14:10:36'),
(119, 'feed', 'feed_suggestions_card_per_page', 0, '3', '2025-10-30 14:10:36', '2025-10-30 14:10:36'),
(120, 'feed', 'feed_suggestions_total_cards', 0, '3', '2025-10-30 14:10:36', '2025-10-30 14:10:36'),
(121, 'feed', 'expired_subs_widget_hide', 0, 'true', '2025-10-30 14:10:36', '2025-10-30 14:10:36'),
(122, 'feed', 'expired_subs_widget_autoplay', 0, 'false', '2025-10-30 14:10:36', '2025-10-30 14:10:36'),
(123, 'feed', 'expired_subs_widget_card_per_page', 0, '2', '2025-10-30 14:10:36', '2025-10-30 14:10:36'),
(124, 'feed', 'expired_subs_widget_total_cards', 0, '8', '2025-10-30 14:10:36', '2025-10-30 14:10:36'),
(125, 'feed', 'search_widget_hide', 0, 'false', '2025-10-30 14:10:36', '2025-10-30 14:10:36'),
(126, 'feed', 'default_search_widget_filter', 0, '\"top\"', '2025-10-30 14:10:36', '2025-10-30 14:10:36'),
(127, 'feed', 'hide_non_verified_users_from_search', 0, '\"\"', '2025-10-30 14:10:36', '2025-10-30 14:10:36'),
(128, 'media', 'ffmpeg_path', 0, 'null', '2025-10-30 14:10:36', '2025-10-30 14:10:36'),
(129, 'media', 'ffprobe_path', 0, 'null', '2025-10-30 14:10:36', '2025-10-30 14:10:36'),
(130, 'media', 'transcoding_driver', 0, '\"none\"', '2025-10-30 14:10:36', '2025-10-30 14:10:36'),
(131, 'media', 'ffmpeg_video_conversion_quality_preset', 0, '\"balanced\"', '2025-10-30 14:10:36', '2025-10-30 14:10:36'),
(132, 'media', 'ffmpeg_audio_encoder', 0, '\"aac\"', '2025-10-30 14:10:36', '2025-10-30 14:10:36'),
(133, 'media', 'coconut_api_key', 0, '\"\"', '2025-10-30 14:10:36', '2025-10-30 14:10:36'),
(134, 'media', 'coconut_audio_encoder', 0, '\"aac\"', '2025-10-30 14:10:36', '2025-10-30 14:10:36'),
(135, 'media', 'coconut_video_conversion_quality_preset', 0, '\"coconut_balanced\"', '2025-10-30 14:10:36', '2025-10-30 14:10:36'),
(136, 'media', 'coconut_enforce_mp4_conversion', 0, 'true', '2025-10-30 14:10:36', '2025-10-30 14:10:36'),
(137, 'media', 'coconut_video_region', 0, '\"\"', '2025-10-30 14:10:36', '2025-10-30 14:10:36'),
(138, 'media', 'enforce_mp4_conversion', 0, 'true', '2025-10-30 14:10:36', '2025-10-30 14:10:36'),
(139, 'media', 'max_videos_length', 0, '0', '2025-10-30 14:10:36', '2025-10-30 14:10:36'),
(140, 'media', 'allowed_file_extensions', 0, '\"png,jpg,jpeg,wav,mp3,ogg,mp4,avi,mov,moov,m4v,mpeg,wmv,avi,asf\"', '2025-10-30 14:10:36', '2025-10-30 14:10:36'),
(141, 'media', 'max_file_upload_size', 0, '9', '2025-10-30 14:10:36', '2025-10-30 14:10:36'),
(142, 'media', 'use_chunked_uploads', 0, 'false', '2025-10-30 14:10:36', '2025-10-30 14:10:36'),
(143, 'media', 'upload_chunk_size', 0, '2', '2025-10-30 14:10:36', '2025-10-30 14:10:36'),
(144, 'media', 'apply_watermark', 0, 'false', '2025-10-30 14:10:36', '2025-10-30 14:10:36'),
(145, 'media', 'use_url_watermark', 0, 'false', '2025-10-30 14:10:36', '2025-10-30 14:10:36'),
(146, 'media', 'watermark_image', 0, '\"\"', '2025-10-30 14:10:36', '2025-10-30 14:10:36'),
(147, 'media', 'disable_media_right_click', 0, 'false', '2025-10-30 14:10:36', '2025-10-30 14:10:36'),
(148, 'media', 'max_avatar_cover_file_size', 0, '4', '2025-10-30 14:10:36', '2025-10-30 14:10:36'),
(149, 'media', 'users_covers_size', 0, '\"599x180\"', '2025-10-30 14:10:36', '2025-10-30 14:10:36'),
(150, 'media', 'users_avatars_size', 0, '\"96x96\"', '2025-10-30 14:10:36', '2025-10-30 14:10:36'),
(151, 'media', 'use_blurred_previews_for_locked_posts', 0, 'false', '2025-10-30 14:10:36', '2025-10-30 14:10:36'),
(152, 'storage', 'driver', 0, '\"public\"', '2025-10-30 14:10:36', '2025-10-30 14:10:36'),
(153, 'storage', 'aws_access_key', 0, 'null', '2025-10-30 14:10:36', '2025-10-30 14:10:36'),
(154, 'storage', 'aws_secret_key', 0, 'null', '2025-10-30 14:10:36', '2025-10-30 14:10:36'),
(155, 'storage', 'aws_region', 0, 'null', '2025-10-30 14:10:36', '2025-10-30 14:10:36'),
(156, 'storage', 'aws_bucket_name', 0, 'null', '2025-10-30 14:10:36', '2025-10-30 14:10:36'),
(157, 'storage', 'aws_cdn_enabled', 0, 'false', '2025-10-30 14:10:36', '2025-10-30 14:10:36'),
(158, 'storage', 'aws_cdn_presigned_urls_enabled', 0, 'false', '2025-10-30 14:10:36', '2025-10-30 14:10:36'),
(159, 'storage', 'aws_cdn_key_pair_id', 0, 'null', '2025-10-30 14:10:36', '2025-10-30 14:10:36'),
(160, 'storage', 'aws_cdn_private_key_path', 0, 'null', '2025-10-30 14:10:36', '2025-10-30 14:10:36'),
(161, 'storage', 'cdn_domain_name', 0, 'null', '2025-10-30 14:10:36', '2025-10-30 14:10:36'),
(162, 'storage', 'was_access_key', 0, '\"\"', '2025-10-30 14:10:37', '2025-10-30 14:10:37'),
(163, 'storage', 'was_secret_key', 0, '\"\"', '2025-10-30 14:10:37', '2025-10-30 14:10:37'),
(164, 'storage', 'was_region', 0, '\"\"', '2025-10-30 14:10:37', '2025-10-30 14:10:37'),
(165, 'storage', 'was_bucket_name', 0, '\"\"', '2025-10-30 14:10:37', '2025-10-30 14:10:37'),
(166, 'storage', 'do_access_key', 0, '\"\"', '2025-10-30 14:10:37', '2025-10-30 14:10:37'),
(167, 'storage', 'do_secret_key', 0, '\"\"', '2025-10-30 14:10:37', '2025-10-30 14:10:37'),
(168, 'storage', 'do_region', 0, '\"\"', '2025-10-30 14:10:37', '2025-10-30 14:10:37'),
(169, 'storage', 'do_bucket_name', 0, '\"\"', '2025-10-30 14:10:37', '2025-10-30 14:10:37'),
(170, 'storage', 'minio_access_key', 0, '\"\"', '2025-10-30 14:10:37', '2025-10-30 14:10:37'),
(171, 'storage', 'minio_secret_key', 0, '\"\"', '2025-10-30 14:10:37', '2025-10-30 14:10:37'),
(172, 'storage', 'minio_region', 0, '\"\"', '2025-10-30 14:10:37', '2025-10-30 14:10:37'),
(173, 'storage', 'minio_bucket_name', 0, '\"\"', '2025-10-30 14:10:37', '2025-10-30 14:10:37'),
(174, 'storage', 'minio_endpoint', 0, '\"\"', '2025-10-30 14:10:37', '2025-10-30 14:10:37'),
(175, 'storage', 'pushr_access_key', 0, '\"\"', '2025-10-30 14:10:37', '2025-10-30 14:10:37'),
(176, 'storage', 'pushr_secret_key', 0, '\"\"', '2025-10-30 14:10:37', '2025-10-30 14:10:37'),
(177, 'storage', 'pushr_cdn_hostname', 0, '\"\"', '2025-10-30 14:10:37', '2025-10-30 14:10:37'),
(178, 'storage', 'pushr_bucket_name', 0, '\"\"', '2025-10-30 14:10:37', '2025-10-30 14:10:37'),
(179, 'storage', 'pushr_endpoint', 0, '\"\"', '2025-10-30 14:10:37', '2025-10-30 14:10:37'),
(180, 'websockets', 'driver', 0, '\"pusher\"', '2025-10-30 14:10:37', '2025-10-30 14:10:37'),
(181, 'websockets', 'pusher_app_id', 0, 'null', '2025-10-30 14:10:37', '2025-10-30 14:10:37'),
(182, 'websockets', 'pusher_app_key', 0, 'null', '2025-10-30 14:10:37', '2025-10-30 14:10:37'),
(183, 'websockets', 'pusher_app_secret', 0, 'null', '2025-10-30 14:10:37', '2025-10-30 14:10:37'),
(184, 'websockets', 'pusher_app_cluster', 0, 'null', '2025-10-30 14:10:37', '2025-10-30 14:10:37'),
(185, 'websockets', 'soketi_host_address', 0, '\"\"', '2025-10-30 14:10:37', '2025-10-30 14:10:37'),
(186, 'websockets', 'soketi_host_port', 0, '\"\"', '2025-10-30 14:10:37', '2025-10-30 14:10:37'),
(187, 'websockets', 'soketi_app_id', 0, '\"\"', '2025-10-30 14:10:37', '2025-10-30 14:10:37'),
(188, 'websockets', 'soketi_app_key', 0, '\"\"', '2025-10-30 14:10:37', '2025-10-30 14:10:37'),
(189, 'websockets', 'soketi_app_secret', 0, '\"\"', '2025-10-30 14:10:37', '2025-10-30 14:10:37'),
(190, 'websockets', 'soketi_use_TSL', 0, '\"\"', '2025-10-30 14:10:37', '2025-10-30 14:10:37'),
(191, 'emails', 'driver', 0, '\"log\"', '2025-10-30 14:10:37', '2025-10-30 14:10:37'),
(192, 'emails', 'from_name', 0, 'null', '2025-10-30 14:10:37', '2025-10-30 14:10:37'),
(193, 'emails', 'from_address', 0, 'null', '2025-10-30 14:10:37', '2025-10-30 14:10:37'),
(194, 'emails', 'mailgun_domain', 0, 'null', '2025-10-30 14:10:37', '2025-10-30 14:10:37'),
(195, 'emails', 'mailgun_secret', 0, 'null', '2025-10-30 14:10:37', '2025-10-30 14:10:37'),
(196, 'emails', 'mailgun_endpoint', 0, 'null', '2025-10-30 14:10:37', '2025-10-30 14:10:37'),
(197, 'emails', 'smtp_host', 0, 'null', '2025-10-30 14:10:37', '2025-10-30 14:10:37'),
(198, 'emails', 'smtp_port', 0, 'null', '2025-10-30 14:10:37', '2025-10-30 14:10:37'),
(199, 'emails', 'smtp_encryption', 0, '\"tsl\"', '2025-10-30 14:10:37', '2025-10-30 14:10:37'),
(200, 'emails', 'smtp_username', 0, 'null', '2025-10-30 14:10:37', '2025-10-30 14:10:37'),
(201, 'emails', 'smtp_password', 0, 'null', '2025-10-30 14:10:37', '2025-10-30 14:10:37'),
(202, 'streams', 'streaming_driver', 0, '\"none\"', '2025-10-30 14:10:37', '2025-10-30 14:10:37'),
(203, 'streams', 'allow_free_streams', 0, '\"1\"', '2025-10-30 14:10:37', '2025-10-30 14:10:37'),
(204, 'streams', 'max_live_duration', 0, '\"2\"', '2025-10-30 14:10:37', '2025-10-30 14:10:37'),
(205, 'streams', 'pushr_key', 0, '\"\"', '2025-10-30 14:10:37', '2025-10-30 14:10:37'),
(206, 'streams', 'pushr_zone_id', 0, '\"\"', '2025-10-30 14:10:37', '2025-10-30 14:10:37'),
(207, 'streams', 'pushr_encoder', 0, '\"\"', '2025-10-30 14:10:37', '2025-10-30 14:10:37'),
(208, 'streams', 'pushr_allow_dvr', 0, '\"\"', '2025-10-30 14:10:37', '2025-10-30 14:10:37'),
(209, 'streams', 'pushr_allow_mux', 0, '\"\"', '2025-10-30 14:10:37', '2025-10-30 14:10:37'),
(210, 'streams', 'pushr_allow_360p', 0, '\"\"', '2025-10-30 14:10:37', '2025-10-30 14:10:37'),
(211, 'streams', 'pushr_allow_480p', 0, '\"\"', '2025-10-30 14:10:37', '2025-10-30 14:10:37'),
(212, 'streams', 'pushr_allow_576p', 0, '\"\"', '2025-10-30 14:10:37', '2025-10-30 14:10:37'),
(213, 'streams', 'pushr_allow_720p', 0, '\"\"', '2025-10-30 14:10:37', '2025-10-30 14:10:37'),
(214, 'streams', 'pushr_allow_1080p', 0, '\"1\"', '2025-10-30 14:10:37', '2025-10-30 14:10:37'),
(215, 'streams', 'livekit_api_key', 0, '\"\"', '2025-10-30 14:10:37', '2025-10-30 14:10:37'),
(216, 'streams', 'livekit_api_secret', 0, '\"\"', '2025-10-30 14:10:37', '2025-10-30 14:10:37'),
(217, 'streams', 'livekit_ws_url', 0, '\"\"', '2025-10-30 14:10:37', '2025-10-30 14:10:37'),
(218, 'payments', 'invoices_enabled', 0, '\"1\"', '2025-10-30 14:10:37', '2025-10-30 14:10:37'),
(219, 'payments', 'invoices_sender_name', 0, '\"Web Development for Digital Marketing Agency\"', '2025-10-30 14:10:37', '2025-10-30 14:10:37'),
(220, 'payments', 'invoices_sender_country_name', 0, '\"Australia\"', '2025-10-30 14:10:37', '2025-10-30 14:10:37'),
(221, 'payments', 'invoices_sender_street_address', 0, '\"121 Kopkes Road\"', '2025-10-30 14:10:37', '2025-10-30 14:10:37'),
(222, 'payments', 'invoices_sender_state_name', 0, '\"Victoria\"', '2025-10-30 14:10:37', '2025-10-30 14:10:37'),
(223, 'payments', 'invoices_sender_city_name', 0, '\"3351\"', '2025-10-30 14:10:37', '2025-10-30 14:10:37'),
(224, 'payments', 'invoices_sender_postcode', 0, '\"PITFIELD\"', '2025-10-30 14:10:37', '2025-10-30 14:10:37'),
(225, 'payments', 'invoices_sender_company_number', 0, '\"(03) 5391 1216\"', '2025-10-30 14:10:37', '2025-10-30 14:10:37'),
(226, 'payments', 'invoices_prefix', 0, '\"OF\"', '2025-10-30 14:10:37', '2025-10-30 14:10:37'),
(227, 'payments', 'currency_code', 0, '\"USD\"', '2025-10-30 14:10:37', '2025-10-30 14:10:37'),
(228, 'payments', 'currency_symbol', 0, '\"$\"', '2025-10-30 14:10:37', '2025-10-30 14:10:37'),
(229, 'payments', 'currency_position', 0, '\"left\"', '2025-10-30 14:10:37', '2025-10-30 14:10:37'),
(230, 'payments', 'stripe_public_key', 0, 'null', '2025-10-30 14:10:37', '2025-10-30 14:10:37'),
(231, 'payments', 'stripe_secret_key', 0, 'null', '2025-10-30 14:10:37', '2025-10-30 14:10:37'),
(232, 'payments', 'stripe_webhooks_secret', 0, 'null', '2025-10-30 14:10:37', '2025-10-30 14:10:37'),
(233, 'payments', 'stripe_checkout_disabled', 0, '\"\"', '2025-10-30 14:10:37', '2025-10-30 14:10:37'),
(234, 'payments', 'stripe_recurring_disabled', 0, '\"\"', '2025-10-30 14:10:37', '2025-10-30 14:10:37'),
(235, 'payments', 'stripe_oxxo_provider_enabled', 0, '\"\"', '2025-10-30 14:10:37', '2025-10-30 14:10:37'),
(236, 'payments', 'stripe_ideal_provider_enabled', 0, '\"\"', '2025-10-30 14:10:37', '2025-10-30 14:10:37'),
(237, 'payments', 'stripe_blik_provider_enabled', 0, '\"\"', '2025-10-30 14:10:37', '2025-10-30 14:10:37'),
(238, 'payments', 'stripe_bancontact_provider_enabled', 0, '\"\"', '2025-10-30 14:10:37', '2025-10-30 14:10:37'),
(239, 'payments', 'stripe_eps_provider_enabled', 0, '\"\"', '2025-10-30 14:10:37', '2025-10-30 14:10:37'),
(240, 'payments', 'stripe_giropay_provider_enabled', 0, '\"\"', '2025-10-30 14:10:37', '2025-10-30 14:10:37'),
(241, 'payments', 'stripe_przelewy_provider_enabled', 0, '\"\"', '2025-10-30 14:10:37', '2025-10-30 14:10:37'),
(242, 'payments', 'paypal_client_id', 0, 'null', '2025-10-30 14:10:37', '2025-10-30 14:10:37'),
(243, 'payments', 'paypal_secret', 0, 'null', '2025-10-30 14:10:37', '2025-10-30 14:10:37'),
(244, 'payments', 'paypal_live_mode', 0, '\"1\"', '2025-10-30 14:10:37', '2025-10-30 14:10:37'),
(245, 'payments', 'paypal_checkout_disabled', 0, '\"\"', '2025-10-30 14:10:37', '2025-10-30 14:10:37'),
(246, 'payments', 'paypal_recurring_disabled', 0, '\"\"', '2025-10-30 14:10:37', '2025-10-30 14:10:37'),
(247, 'payments', 'coinbase_api_key', 0, 'null', '2025-10-30 14:10:37', '2025-10-30 14:10:37'),
(248, 'payments', 'coinbase_webhook_key', 0, 'null', '2025-10-30 14:10:37', '2025-10-30 14:10:37'),
(249, 'payments', 'coinbase_checkout_disabled', 0, '\"\"', '2025-10-30 14:10:37', '2025-10-30 14:10:37'),
(250, 'payments', 'nowpayments_api_key', 0, 'null', '2025-10-30 14:10:37', '2025-10-30 14:10:37'),
(251, 'payments', 'nowpayments_ipn_secret_key', 0, 'null', '2025-10-30 14:10:37', '2025-10-30 14:10:37'),
(252, 'payments', 'nowpayments_checkout_disabled', 0, '\"\"', '2025-10-30 14:10:37', '2025-10-30 14:10:37'),
(253, 'payments', 'ccbill_account_number', 0, 'null', '2025-10-30 14:10:37', '2025-10-30 14:10:37'),
(254, 'payments', 'ccbill_subaccount_number_recurring', 0, 'null', '2025-10-30 14:10:37', '2025-10-30 14:10:37'),
(255, 'payments', 'ccbill_subaccount_number_one_time', 0, 'null', '2025-10-30 14:10:37', '2025-10-30 14:10:37'),
(256, 'payments', 'ccbill_flex_form_id', 0, 'null', '2025-10-30 14:10:37', '2025-10-30 14:10:37'),
(257, 'payments', 'ccbill_salt_key', 0, 'null', '2025-10-30 14:10:37', '2025-10-30 14:10:37'),
(258, 'payments', 'ccbill_datalink_username', 0, 'null', '2025-10-30 14:10:37', '2025-10-30 14:10:37'),
(259, 'payments', 'ccbill_datalink_password', 0, 'null', '2025-10-30 14:10:37', '2025-10-30 14:10:37'),
(260, 'payments', 'ccbill_checkout_disabled', 0, '\"\"', '2025-10-30 14:10:37', '2025-10-30 14:10:37'),
(261, 'payments', 'ccbill_recurring_disabled', 0, '\"\"', '2025-10-30 14:10:37', '2025-10-30 14:10:37'),
(262, 'payments', 'ccbill_skip_subaccount_from_cancellations', 0, '\"\"', '2025-10-30 14:10:37', '2025-10-30 14:10:37'),
(263, 'payments', 'verotel_merchant_id', 0, 'null', '2025-10-30 14:10:37', '2025-10-30 14:10:37'),
(264, 'payments', 'verotel_shop_id', 0, 'null', '2025-10-30 14:10:37', '2025-10-30 14:10:37'),
(265, 'payments', 'verotel_signature_key', 0, 'null', '2025-10-30 14:10:37', '2025-10-30 14:10:37'),
(266, 'payments', 'verotel_control_center_api_user', 0, 'null', '2025-10-30 14:10:37', '2025-10-30 14:10:37'),
(267, 'payments', 'verotel_control_center_api_password', 0, 'null', '2025-10-30 14:10:37', '2025-10-30 14:10:37'),
(268, 'payments', 'verotel_checkout_disabled', 0, '\"\"', '2025-10-30 14:10:37', '2025-10-30 14:10:37'),
(269, 'payments', 'verotel_recurring_disabled', 0, '\"\"', '2025-10-30 14:10:37', '2025-10-30 14:10:37'),
(270, 'payments', 'paystack_secret_key', 0, 'null', '2025-10-30 14:10:37', '2025-10-30 14:10:37'),
(271, 'payments', 'paystack_checkout_disabled', 0, '\"\"', '2025-10-30 14:10:37', '2025-10-30 14:10:37'),
(272, 'payments', 'mercado_access_token', 0, '\"\"', '2025-10-30 14:10:37', '2025-10-30 14:10:37'),
(273, 'payments', 'mercado_checkout_disabled', 0, '\"\"', '2025-10-30 14:10:37', '2025-10-30 14:10:37'),
(274, 'payments', 'withdrawal_default_fee_percentage', 0, '\"\"', '2025-10-30 14:10:37', '2025-10-30 14:10:37'),
(275, 'payments', 'withdrawal_allow_fees', 0, '\"\"', '2025-10-30 14:10:37', '2025-10-30 14:10:37'),
(276, 'payments', 'withdrawal_allow_only_for_verified', 0, '\"\"', '2025-10-30 14:10:37', '2025-10-30 14:10:37'),
(277, 'payments', 'withdrawal_enable_stripe_connect', 0, '\"\"', '2025-10-30 14:10:37', '2025-10-30 14:10:37'),
(278, 'payments', 'withdrawal_stripe_connect_webhooks_secret', 0, 'null', '2025-10-30 14:10:37', '2025-10-30 14:10:37'),
(279, 'payments', 'withdrawal_min_amount', 0, '\"20\"', '2025-10-30 14:10:37', '2025-10-30 14:10:37'),
(280, 'payments', 'withdrawal_max_amount', 0, '\"500\"', '2025-10-30 14:10:37', '2025-10-30 14:10:37'),
(281, 'payments', 'withdrawal_payment_methods', 0, '\"Bank transfer, Other\"', '2025-10-30 14:10:37', '2025-10-30 14:10:37'),
(282, 'payments', 'withdrawal_custom_message_box', 0, '\"\"', '2025-10-30 14:10:37', '2025-10-30 14:10:37'),
(283, 'payments', 'deposit_min_amount', 0, '\"5\"', '2025-10-30 14:10:37', '2025-10-30 14:10:37'),
(284, 'payments', 'deposit_max_amount', 0, '\"500\"', '2025-10-30 14:10:37', '2025-10-30 14:10:37'),
(285, 'payments', 'default_subscription_price', 0, '\"5\"', '2025-10-30 14:10:37', '2025-10-30 14:10:37'),
(286, 'payments', 'minimum_subscription_price', 0, '\"1\"', '2025-10-30 14:10:37', '2025-10-30 14:10:37'),
(287, 'payments', 'maximum_subscription_price', 0, '\"500\"', '2025-10-30 14:10:37', '2025-10-30 14:10:37'),
(288, 'payments', 'min_tip_value', 0, '\"1\"', '2025-10-30 14:10:37', '2025-10-30 14:10:37'),
(289, 'payments', 'max_tip_value', 0, '\"500\"', '2025-10-30 14:10:37', '2025-10-30 14:10:37'),
(290, 'payments', 'min_ppv_post_price', 0, '\"1\"', '2025-10-30 14:10:37', '2025-10-30 14:10:37'),
(291, 'payments', 'max_ppv_post_price', 0, '\"500\"', '2025-10-30 14:10:37', '2025-10-30 14:10:37'),
(292, 'payments', 'min_ppv_message_price', 0, '\"1\"', '2025-10-30 14:10:37', '2025-10-30 14:10:37'),
(293, 'payments', 'max_ppv_message_price', 0, '\"500\"', '2025-10-30 14:10:37', '2025-10-30 14:10:37'),
(294, 'payments', 'min_ppv_stream_price', 0, '\"5\"', '2025-10-30 14:10:37', '2025-10-30 14:10:37'),
(295, 'payments', 'max_ppv_stream_price', 0, '\"500\"', '2025-10-30 14:10:37', '2025-10-30 14:10:37'),
(296, 'payments', 'offline_payments_owner', 0, '\"\"', '2025-10-30 14:10:37', '2025-10-30 14:10:37'),
(297, 'payments', 'offline_payments_account_number', 0, '\"\"', '2025-10-30 14:10:37', '2025-10-30 14:10:37'),
(298, 'payments', 'offline_payments_bank_name', 0, '\"\"', '2025-10-30 14:10:37', '2025-10-30 14:10:37'),
(299, 'payments', 'offline_payments_routing_number', 0, '\"\"', '2025-10-30 14:10:37', '2025-10-30 14:10:37'),
(300, 'payments', 'offline_payments_iban', 0, '\"\"', '2025-10-30 14:10:37', '2025-10-30 14:10:37'),
(301, 'payments', 'offline_payments_swift', 0, '\"\"', '2025-10-30 14:10:37', '2025-10-30 14:10:37'),
(302, 'payments', 'offline_payments_custom_message_box', 0, '\"\"', '2025-10-30 14:10:37', '2025-10-30 14:10:37'),
(303, 'payments', 'offline_payments_make_notes_field_mandatory', 0, '\"\"', '2025-10-30 14:10:37', '2025-10-30 14:10:37'),
(304, 'payments', 'offline_payments_minimum_attachments_required', 0, '\"1\"', '2025-10-30 14:10:37', '2025-10-30 14:10:37'),
(305, 'payments', 'allow_manual_payments', 0, '\"\"', '2025-10-30 14:10:37', '2025-10-30 14:10:37'),
(306, 'payments', 'disable_local_wallet_for_subscriptions', 0, '\"\"', '2025-10-30 14:10:37', '2025-10-30 14:10:37'),
(307, 'payments', 'tax_info_dac7_enabled', 0, '\"\"', '2025-10-30 14:10:37', '2025-10-30 14:10:37'),
(308, 'payments', 'tax_info_dac7_withdrawals_enforced', 0, '\"\"', '2025-10-30 14:10:37', '2025-10-30 14:10:37'),
(309, 'license', 'product_license_key', 0, 'null', '2025-10-30 14:10:37', '2025-10-30 14:10:37'),
(310, 'colors', 'theme_color_code', 0, '\"\"', '2025-10-30 14:10:37', '2025-10-30 14:10:37'),
(311, 'colors', 'theme_gradient_from', 0, '\"\"', '2025-10-30 14:10:37', '2025-10-30 14:10:37'),
(312, 'colors', 'theme_gradient_to', 0, '\"\"', '2025-10-30 14:10:37', '2025-10-30 14:10:37'),
(313, 'payments', 'paypal_webhook_id', 0, '\"\"', '2025-10-30 14:10:37', '2025-10-30 14:10:37');

-- --------------------------------------------------------

--
-- Struktur-dump for tabellen `streams`
--

CREATE TABLE `streams` (
  `id` bigint(20) UNSIGNED NOT NULL,
  `driver` int(11) NOT NULL DEFAULT 1,
  `user_id` bigint(20) UNSIGNED NOT NULL,
  `status` varchar(191) NOT NULL,
  `name` varchar(191) DEFAULT NULL,
  `slug` varchar(191) DEFAULT NULL,
  `poster` varchar(191) DEFAULT NULL,
  `price` decimal(12,2) DEFAULT 0.00,
  `requires_subscription` tinyint(1) DEFAULT 0,
  `sent_expiring_reminder` tinyint(1) DEFAULT 0,
  `is_public` tinyint(1) DEFAULT 1,
  `pushr_id` bigint(20) UNSIGNED DEFAULT NULL,
  `rtmp_key` varchar(191) DEFAULT NULL,
  `rtmp_server` varchar(191) DEFAULT NULL,
  `hls_link` varchar(191) DEFAULT NULL,
  `vod_link` varchar(191) DEFAULT NULL,
  `settings` text DEFAULT NULL,
  `ended_at` datetime DEFAULT NULL,
  `created_at` timestamp NULL DEFAULT NULL,
  `updated_at` timestamp NULL DEFAULT NULL
) ENGINE=InnoDB DEFAULT CHARSET=utf8mb4 COLLATE=utf8mb4_unicode_ci;

-- --------------------------------------------------------

--
-- Struktur-dump for tabellen `stream_messages`
--

CREATE TABLE `stream_messages` (
  `id` bigint(20) UNSIGNED NOT NULL,
  `user_id` bigint(20) UNSIGNED NOT NULL,
  `stream_id` bigint(20) UNSIGNED NOT NULL,
  `message` longtext NOT NULL,
  `created_at` timestamp NULL DEFAULT NULL,
  `updated_at` timestamp NULL DEFAULT NULL
) ENGINE=InnoDB DEFAULT CHARSET=utf8mb4 COLLATE=utf8mb4_unicode_ci;

-- --------------------------------------------------------

--
-- Struktur-dump for tabellen `subscriptions`
--

CREATE TABLE `subscriptions` (
  `id` bigint(20) UNSIGNED NOT NULL,
  `sender_user_id` bigint(20) UNSIGNED NOT NULL,
  `recipient_user_id` bigint(20) UNSIGNED NOT NULL,
  `paypal_agreement_id` varchar(191) DEFAULT NULL,
  `stripe_subscription_id` varchar(191) DEFAULT NULL,
  `paypal_plan_id` varchar(191) DEFAULT NULL,
  `ccbill_subscription_id` varchar(191) DEFAULT NULL,
  `verotel_sale_id` varchar(191) DEFAULT NULL,
  `type` varchar(191) NOT NULL,
  `provider` varchar(191) NOT NULL,
  `status` varchar(191) NOT NULL,
  `expires_at` datetime DEFAULT NULL,
  `canceled_at` datetime DEFAULT NULL,
  `amount` decimal(12,2) DEFAULT NULL,
  `created_at` timestamp NULL DEFAULT NULL,
  `updated_at` timestamp NULL DEFAULT NULL
) ENGINE=InnoDB DEFAULT CHARSET=utf8mb4 COLLATE=utf8mb4_unicode_ci;

-- --------------------------------------------------------

--
-- Struktur-dump for tabellen `taxes`
--

CREATE TABLE `taxes` (
  `id` bigint(20) UNSIGNED NOT NULL,
  `name` varchar(191) NOT NULL,
  `percentage` decimal(5,2) NOT NULL,
  `type` varchar(191) NOT NULL,
  `created_at` timestamp NULL DEFAULT NULL,
  `updated_at` timestamp NULL DEFAULT NULL,
  `hidden` tinyint(1) NOT NULL DEFAULT 0
) ENGINE=InnoDB DEFAULT CHARSET=utf8mb4 COLLATE=utf8mb4_unicode_ci;

-- --------------------------------------------------------

--
-- Struktur-dump for tabellen `transactions`
--

CREATE TABLE `transactions` (
  `id` bigint(20) UNSIGNED NOT NULL,
  `sender_user_id` bigint(20) UNSIGNED NOT NULL,
  `recipient_user_id` bigint(20) UNSIGNED DEFAULT NULL,
  `subscription_id` bigint(20) UNSIGNED DEFAULT NULL,
  `post_id` bigint(20) UNSIGNED DEFAULT NULL,
  `stream_id` bigint(20) UNSIGNED DEFAULT NULL,
  `invoice_id` bigint(20) UNSIGNED DEFAULT NULL,
  `user_message_id` bigint(20) UNSIGNED DEFAULT NULL,
  `stripe_transaction_id` varchar(191) DEFAULT NULL,
  `stripe_session_id` varchar(191) DEFAULT NULL,
  `paypal_transaction_id` varchar(191) DEFAULT NULL,
  `paypal_transaction_token` varchar(191) DEFAULT NULL,
  `coinbase_charge_id` varchar(191) DEFAULT NULL,
  `coinbase_transaction_token` varchar(191) DEFAULT NULL,
  `nowpayments_payment_id` varchar(191) DEFAULT NULL,
  `nowpayments_order_id` varchar(191) DEFAULT NULL,
  `ccbill_payment_token` varchar(191) DEFAULT NULL,
  `ccbill_transaction_id` varchar(191) DEFAULT NULL,
  `ccbill_subscription_id` varchar(191) DEFAULT NULL,
  `paystack_payment_token` varchar(191) DEFAULT NULL,
  `mercado_payment_token` varchar(191) DEFAULT NULL,
  `mercado_payment_id` varchar(191) DEFAULT NULL,
  `verotel_sale_id` varchar(191) DEFAULT NULL,
  `verotel_payment_token` varchar(191) DEFAULT NULL,
  `status` varchar(191) NOT NULL,
  `type` varchar(191) NOT NULL,
  `payment_provider` varchar(191) NOT NULL,
  `currency` varchar(191) NOT NULL,
  `paypal_payer_id` varchar(191) DEFAULT NULL,
  `amount` decimal(12,2) DEFAULT NULL,
  `taxes` text DEFAULT NULL,
  `created_at` timestamp NULL DEFAULT NULL,
  `updated_at` timestamp NULL DEFAULT NULL
) ENGINE=InnoDB DEFAULT CHARSET=utf8mb4 COLLATE=utf8mb4_unicode_ci;

-- --------------------------------------------------------

--
-- Struktur-dump for tabellen `user_bookmarks`
--

CREATE TABLE `user_bookmarks` (
  `id` bigint(20) UNSIGNED NOT NULL,
  `user_id` bigint(20) UNSIGNED NOT NULL,
  `post_id` bigint(20) UNSIGNED NOT NULL,
  `created_at` timestamp NULL DEFAULT NULL,
  `updated_at` timestamp NULL DEFAULT NULL
) ENGINE=InnoDB DEFAULT CHARSET=utf8mb4 COLLATE=utf8mb4_unicode_ci;

-- --------------------------------------------------------

--
-- Struktur-dump for tabellen `user_codes`
--

CREATE TABLE `user_codes` (
  `id` bigint(20) UNSIGNED NOT NULL,
  `user_id` bigint(20) UNSIGNED NOT NULL,
  `code` varchar(191) NOT NULL,
  `created_at` timestamp NULL DEFAULT NULL,
  `updated_at` timestamp NULL DEFAULT NULL
) ENGINE=InnoDB DEFAULT CHARSET=utf8mb4 COLLATE=utf8mb4_unicode_ci;

-- --------------------------------------------------------

--
-- Struktur-dump for tabellen `user_devices`
--

CREATE TABLE `user_devices` (
  `id` bigint(20) UNSIGNED NOT NULL,
  `user_id` bigint(20) UNSIGNED NOT NULL,
  `address` varchar(191) NOT NULL,
  `agent` text DEFAULT NULL,
  `signature` varchar(191) NOT NULL,
  `verified_at` timestamp NULL DEFAULT NULL,
  `created_at` timestamp NULL DEFAULT NULL,
  `updated_at` timestamp NULL DEFAULT NULL
) ENGINE=InnoDB DEFAULT CHARSET=utf8mb4 COLLATE=utf8mb4_unicode_ci;

-- --------------------------------------------------------

--
-- Struktur-dump for tabellen `user_genders`
--

CREATE TABLE `user_genders` (
  `id` bigint(20) UNSIGNED NOT NULL,
  `gender_name` varchar(191) NOT NULL,
  `created_at` timestamp NULL DEFAULT NULL,
  `updated_at` timestamp NULL DEFAULT NULL
) ENGINE=InnoDB DEFAULT CHARSET=utf8mb4 COLLATE=utf8mb4_unicode_ci;

--
-- Data dump for tabellen `user_genders`
--

INSERT INTO `user_genders` (`id`, `gender_name`, `created_at`, `updated_at`) VALUES
(1, 'Male', NULL, NULL),
(2, 'Female', NULL, NULL),
(3, 'Couple', NULL, NULL),
(4, 'Other', NULL, NULL);

-- --------------------------------------------------------

--
-- Struktur-dump for tabellen `user_lists`
--

CREATE TABLE `user_lists` (
  `id` bigint(20) UNSIGNED NOT NULL,
  `name` text NOT NULL,
  `user_id` bigint(20) UNSIGNED NOT NULL,
  `type` varchar(191) NOT NULL DEFAULT 'custom',
  `created_at` timestamp NULL DEFAULT NULL,
  `updated_at` timestamp NULL DEFAULT NULL
) ENGINE=InnoDB DEFAULT CHARSET=utf8mb4 COLLATE=utf8mb4_unicode_ci;

--
-- Data dump for tabellen `user_lists`
--

INSERT INTO `user_lists` (`id`, `name`, `user_id`, `type`, `created_at`, `updated_at`) VALUES
(1, 'Following', 1, 'following', '2025-10-30 14:10:38', '2025-10-30 14:10:38'),
(2, 'Blocked', 1, 'blocked', '2025-10-30 14:10:38', '2025-10-30 14:10:38');

-- --------------------------------------------------------

--
-- Struktur-dump for tabellen `user_list_members`
--

CREATE TABLE `user_list_members` (
  `id` bigint(20) UNSIGNED NOT NULL,
  `list_id` bigint(20) UNSIGNED NOT NULL,
  `user_id` bigint(20) UNSIGNED NOT NULL,
  `created_at` timestamp NULL DEFAULT NULL,
  `updated_at` timestamp NULL DEFAULT NULL
) ENGINE=InnoDB DEFAULT CHARSET=utf8mb4 COLLATE=utf8mb4_unicode_ci;

-- --------------------------------------------------------

--
-- Struktur-dump for tabellen `user_messages`
--

CREATE TABLE `user_messages` (
  `id` bigint(20) UNSIGNED NOT NULL,
  `sender_id` bigint(20) UNSIGNED NOT NULL,
  `receiver_id` bigint(20) UNSIGNED NOT NULL,
  `replyTo` int(11) NOT NULL DEFAULT 0,
  `message` longtext DEFAULT NULL,
  `isSeen` tinyint(1) NOT NULL DEFAULT 0,
  `price` decimal(12,2) DEFAULT NULL,
  `created_at` timestamp NULL DEFAULT NULL,
  `updated_at` timestamp NULL DEFAULT NULL
) ENGINE=InnoDB DEFAULT CHARSET=utf8mb4 COLLATE=utf8mb4_unicode_ci;

-- --------------------------------------------------------

--
-- Struktur-dump for tabellen `user_reports`
--

CREATE TABLE `user_reports` (
  `id` bigint(20) UNSIGNED NOT NULL,
  `from_user_id` bigint(20) UNSIGNED NOT NULL,
  `user_id` bigint(20) UNSIGNED NOT NULL,
  `post_id` bigint(20) UNSIGNED DEFAULT NULL,
  `message_id` bigint(20) DEFAULT NULL,
  `stream_id` bigint(20) DEFAULT NULL,
  `details` text DEFAULT NULL,
  `type` varchar(191) NOT NULL,
  `status` varchar(191) NOT NULL,
  `created_at` timestamp NULL DEFAULT NULL,
  `updated_at` timestamp NULL DEFAULT NULL
) ENGINE=InnoDB DEFAULT CHARSET=utf8mb4 COLLATE=utf8mb4_unicode_ci;

-- --------------------------------------------------------

--
-- Struktur-dump for tabellen `user_taxes`
--

CREATE TABLE `user_taxes` (
  `id` bigint(20) UNSIGNED NOT NULL,
  `user_id` bigint(20) UNSIGNED NOT NULL,
  `issuing_country_id` bigint(20) UNSIGNED NOT NULL,
  `legal_name` varchar(191) NOT NULL,
  `tax_identification_number` varchar(191) NOT NULL,
  `vat_number` varchar(191) DEFAULT NULL,
  `tax_type` varchar(191) NOT NULL,
  `primary_address` text NOT NULL,
  `date_of_birth` timestamp NOT NULL,
  `created_at` timestamp NULL DEFAULT NULL,
  `updated_at` timestamp NULL DEFAULT NULL
) ENGINE=InnoDB DEFAULT CHARSET=utf8mb4 COLLATE=utf8mb4_unicode_ci;

-- --------------------------------------------------------

--
-- Struktur-dump for tabellen `user_verifies`
--

CREATE TABLE `user_verifies` (
  `id` bigint(20) UNSIGNED NOT NULL,
  `user_id` bigint(20) UNSIGNED NOT NULL,
  `files` text DEFAULT NULL,
  `status` varchar(191) NOT NULL DEFAULT 'pending',
  `rejectionReason` varchar(191) DEFAULT NULL,
  `created_at` timestamp NULL DEFAULT NULL,
  `updated_at` timestamp NULL DEFAULT NULL
) ENGINE=InnoDB DEFAULT CHARSET=utf8mb4 COLLATE=utf8mb4_unicode_ci;

-- --------------------------------------------------------

--
-- Struktur-dump for tabellen `wallets`
--

CREATE TABLE `wallets` (
  `id` char(36) NOT NULL,
  `user_id` bigint(20) UNSIGNED DEFAULT NULL,
  `total` decimal(12,2) DEFAULT NULL,
  `created_at` timestamp NULL DEFAULT NULL,
  `updated_at` timestamp NULL DEFAULT NULL
) ENGINE=InnoDB DEFAULT CHARSET=utf8mb4 COLLATE=utf8mb4_unicode_ci;

--
-- Data dump for tabellen `wallets`
--

INSERT INTO `wallets` (`id`, `user_id`, `total`, `created_at`, `updated_at`) VALUES
('f454cbef66984e5d9ecb9f3549be7a0a', 1, 0.00, '2025-10-30 14:10:38', '2025-10-30 14:10:38');

-- --------------------------------------------------------

--
-- Struktur-dump for tabellen `withdrawals`
--

CREATE TABLE `withdrawals` (
  `id` bigint(20) UNSIGNED NOT NULL,
  `user_id` bigint(20) UNSIGNED NOT NULL,
  `amount` decimal(12,2) DEFAULT NULL,
  `status` varchar(191) NOT NULL,
  `message` text DEFAULT NULL,
  `fee` decimal(12,2) DEFAULT 0.00,
  `created_at` timestamp NULL DEFAULT NULL,
  `updated_at` timestamp NULL DEFAULT NULL,
  `processed` tinyint(1) NOT NULL DEFAULT 0,
  `payment_method` varchar(191) DEFAULT NULL,
  `payment_identifier` varchar(191) DEFAULT NULL,
  `stripe_payout_id` varchar(191) DEFAULT NULL,
  `stripe_transfer_id` varchar(191) DEFAULT NULL
) ENGINE=InnoDB DEFAULT CHARSET=utf8mb4 COLLATE=utf8mb4_unicode_ci;

--
-- Begrænsninger for dumpede tabeller
--

--
-- Indeks for tabel `attachments`
--
ALTER TABLE `attachments`
  ADD PRIMARY KEY (`id`),
  ADD KEY `attachments_user_id_foreign` (`user_id`),
  ADD KEY `attachments_post_id_foreign` (`post_id`),
  ADD KEY `attachments_message_id_foreign` (`message_id`),
  ADD KEY `attachments_type_index` (`type`),
  ADD KEY `attachments_payment_request_id_foreign` (`payment_request_id`),
  ADD KEY `attachments_coconut_id_index` (`coconut_id`);

--
-- Indeks for tabel `contact_messages`
--
ALTER TABLE `contact_messages`
  ADD PRIMARY KEY (`id`),
  ADD KEY `contact_messages_email_index` (`email`);

--
-- Indeks for tabel `countries`
--
ALTER TABLE `countries`
  ADD PRIMARY KEY (`id`),
  ADD UNIQUE KEY `countries_name_unique` (`name`),
  ADD KEY `countries_country_code_index` (`country_code`),
  ADD KEY `countries_phone_code_index` (`phone_code`);

--
-- Indeks for tabel `country_taxes`
--
ALTER TABLE `country_taxes`
  ADD KEY `country_taxes_tax_id_foreign` (`tax_id`),
  ADD KEY `country_taxes_country_id_foreign` (`country_id`);

--
-- Indeks for tabel `creator_offers`
--
ALTER TABLE `creator_offers`
  ADD PRIMARY KEY (`id`),
  ADD KEY `creator_offers_user_id_foreign` (`user_id`);

--
-- Indeks for tabel `failed_jobs`
--
ALTER TABLE `failed_jobs`
  ADD PRIMARY KEY (`id`);

--
-- Indeks for tabel `featured_users`
--
ALTER TABLE `featured_users`
  ADD PRIMARY KEY (`id`),
  ADD KEY `featured_users_user_id_foreign` (`user_id`);

--
-- Indeks for tabel `global_announcements`
--
ALTER TABLE `global_announcements`
  ADD PRIMARY KEY (`id`);

--
-- Indeks for tabel `invoices`
--
ALTER TABLE `invoices`
  ADD PRIMARY KEY (`id`),
  ADD UNIQUE KEY `invoices_invoice_id_unique` (`invoice_id`);

--
-- Indeks for tabel `jobs`
--
ALTER TABLE `jobs`
  ADD PRIMARY KEY (`id`),
  ADD KEY `jobs_queue_index` (`queue`);

--
-- Indeks for tabel `migrations`
--
ALTER TABLE `migrations`
  ADD PRIMARY KEY (`id`);

--
-- Indeks for tabel `model_has_permissions`
--
ALTER TABLE `model_has_permissions`
  ADD PRIMARY KEY (`permission_id`,`model_id`,`model_type`),
  ADD KEY `model_has_permissions_model_id_model_type_index` (`model_id`,`model_type`);

--
-- Indeks for tabel `model_has_roles`
--
ALTER TABLE `model_has_roles`
  ADD PRIMARY KEY (`role_id`,`model_id`,`model_type`),
  ADD KEY `model_has_roles_model_id_model_type_index` (`model_id`,`model_type`);

--
-- Indeks for tabel `notifications`
--
ALTER TABLE `notifications`
  ADD PRIMARY KEY (`id`),
  ADD KEY `notifications_from_user_id_foreign` (`from_user_id`),
  ADD KEY `notifications_to_user_id_foreign` (`to_user_id`),
  ADD KEY `notifications_post_id_foreign` (`post_id`),
  ADD KEY `notifications_post_comment_id_foreign` (`post_comment_id`),
  ADD KEY `notifications_subscription_id_foreign` (`subscription_id`),
  ADD KEY `notifications_transaction_id_foreign` (`transaction_id`),
  ADD KEY `notifications_reaction_id_foreign` (`reaction_id`),
  ADD KEY `notifications_withdrawal_id_foreign` (`withdrawal_id`),
  ADD KEY `notifications_type_index` (`type`),
  ADD KEY `notifications_user_message_id_index` (`user_message_id`),
  ADD KEY `notifications_stream_id_foreign` (`stream_id`);

--
-- Indeks for tabel `password_resets`
--
ALTER TABLE `password_resets`
  ADD KEY `password_resets_email_index` (`email`);

--
-- Indeks for tabel `payment_requests`
--
ALTER TABLE `payment_requests`
  ADD PRIMARY KEY (`id`),
  ADD KEY `payment_requests_user_id_foreign` (`user_id`),
  ADD KEY `payment_requests_transaction_id_foreign` (`transaction_id`),
  ADD KEY `payment_requests_status_index` (`status`),
  ADD KEY `payment_requests_type_index` (`type`);

--
-- Indeks for tabel `permissions`
--
ALTER TABLE `permissions`
  ADD PRIMARY KEY (`id`),
  ADD UNIQUE KEY `permissions_name_guard_name_unique` (`name`,`guard_name`);

--
-- Indeks for tabel `polls`
--
ALTER TABLE `polls`
  ADD PRIMARY KEY (`id`),
  ADD KEY `polls_user_id_foreign` (`user_id`),
  ADD KEY `polls_post_id_foreign` (`post_id`);

--
-- Indeks for tabel `poll_answers`
--
ALTER TABLE `poll_answers`
  ADD PRIMARY KEY (`id`),
  ADD KEY `poll_answers_poll_id_foreign` (`poll_id`);

--
-- Indeks for tabel `poll_user_answers`
--
ALTER TABLE `poll_user_answers`
  ADD PRIMARY KEY (`id`),
  ADD UNIQUE KEY `poll_user_unique` (`poll_id`,`user_id`),
  ADD KEY `poll_user_answers_user_id_foreign` (`user_id`),
  ADD KEY `poll_user_answers_answer_id_foreign` (`answer_id`);

--
-- Indeks for tabel `posts`
--
ALTER TABLE `posts`
  ADD PRIMARY KEY (`id`),
  ADD KEY `posts_user_id_foreign` (`user_id`),
  ADD KEY `posts_status_index` (`status`),
  ADD KEY `posts_created_at_index` (`created_at`),
  ADD KEY `posts_release_date_index` (`release_date`),
  ADD KEY `posts_expire_date_index` (`expire_date`);

--
-- Indeks for tabel `post_comments`
--
ALTER TABLE `post_comments`
  ADD PRIMARY KEY (`id`),
  ADD KEY `post_comments_user_id_foreign` (`user_id`),
  ADD KEY `post_comments_post_id_foreign` (`post_id`);

--
-- Indeks for tabel `public_pages`
--
ALTER TABLE `public_pages`
  ADD PRIMARY KEY (`id`),
  ADD KEY `public_pages_slug_index` (`slug`);

--
-- Indeks for tabel `reactions`
--
ALTER TABLE `reactions`
  ADD PRIMARY KEY (`id`),
  ADD UNIQUE KEY `reactions_user_id_post_id_unique` (`user_id`,`post_id`),
  ADD UNIQUE KEY `reactions_user_id_post_comment_id_unique` (`user_id`,`post_comment_id`),
  ADD KEY `reactions_post_id_foreign` (`post_id`),
  ADD KEY `reactions_post_comment_id_foreign` (`post_comment_id`),
  ADD KEY `reactions_reaction_type_index` (`reaction_type`);

--
-- Indeks for tabel `referral_code_usages`
--
ALTER TABLE `referral_code_usages`
  ADD PRIMARY KEY (`id`),
  ADD KEY `referral_code_usages_used_by_index` (`used_by`),
  ADD KEY `referral_code_usages_referral_code_index` (`referral_code`);

--
-- Indeks for tabel `rewards`
--
ALTER TABLE `rewards`
  ADD PRIMARY KEY (`id`),
  ADD KEY `rewards_from_user_id_index` (`from_user_id`),
  ADD KEY `rewards_to_user_id_index` (`to_user_id`),
  ADD KEY `rewards_reward_type_index` (`reward_type`),
  ADD KEY `rewards_transaction_id_index` (`transaction_id`),
  ADD KEY `rewards_referral_code_usage_id_index` (`referral_code_usage_id`);

--
-- Indeks for tabel `roles`
--
ALTER TABLE `roles`
  ADD PRIMARY KEY (`id`),
  ADD UNIQUE KEY `roles_name_guard_name_unique` (`name`,`guard_name`);

--
-- Indeks for tabel `role_has_permissions`
--
ALTER TABLE `role_has_permissions`
  ADD PRIMARY KEY (`permission_id`,`role_id`),
  ADD KEY `role_has_permissions_role_id_foreign` (`role_id`);

--
-- Indeks for tabel `settings`
--
ALTER TABLE `settings`
  ADD PRIMARY KEY (`id`),
  ADD UNIQUE KEY `settings_new_group_name_unique` (`group`,`name`);

--
-- Indeks for tabel `streams`
--
ALTER TABLE `streams`
  ADD PRIMARY KEY (`id`),
  ADD UNIQUE KEY `streams_pushr_id_unique` (`pushr_id`),
  ADD KEY `streams_user_id_foreign` (`user_id`),
  ADD KEY `streams_status_index` (`status`),
  ADD KEY `streams_slug_index` (`slug`),
  ADD KEY `streams_is_public_index` (`is_public`),
  ADD KEY `streams_requires_subscription_index` (`requires_subscription`);

--
-- Indeks for tabel `stream_messages`
--
ALTER TABLE `stream_messages`
  ADD PRIMARY KEY (`id`),
  ADD KEY `stream_messages_user_id_foreign` (`user_id`),
  ADD KEY `stream_messages_stream_id_foreign` (`stream_id`);

--
-- Indeks for tabel `subscriptions`
--
ALTER TABLE `subscriptions`
  ADD PRIMARY KEY (`id`),
  ADD KEY `subscriptions_paypal_agreement_id_index` (`paypal_agreement_id`),
  ADD KEY `subscriptions_stripe_subscription_id_index` (`stripe_subscription_id`),
  ADD KEY `subscriptions_type_index` (`type`),
  ADD KEY `subscriptions_provider_index` (`provider`),
  ADD KEY `subscriptions_status_index` (`status`),
  ADD KEY `subscriptions_sender_user_id_foreign` (`sender_user_id`),
  ADD KEY `subscriptions_recipient_user_id_foreign` (`recipient_user_id`),
  ADD KEY `subscriptions_paypal_plan_id_index` (`paypal_plan_id`),
  ADD KEY `subscriptions_ccbill_subscription_id_index` (`ccbill_subscription_id`),
  ADD KEY `subscriptions_verotel_sale_id_index` (`verotel_sale_id`);

--
-- Indeks for tabel `taxes`
--
ALTER TABLE `taxes`
  ADD PRIMARY KEY (`id`);

--
-- Indeks for tabel `transactions`
--
ALTER TABLE `transactions`
  ADD PRIMARY KEY (`id`),
  ADD KEY `transactions_sender_user_id_foreign` (`sender_user_id`),
  ADD KEY `transactions_recipient_user_id_foreign` (`recipient_user_id`),
  ADD KEY `transactions_subscription_id_foreign` (`subscription_id`),
  ADD KEY `transactions_post_id_foreign` (`post_id`),
  ADD KEY `transactions_stream_id_foreign` (`stream_id`),
  ADD KEY `transactions_stripe_transaction_id_index` (`stripe_transaction_id`),
  ADD KEY `transactions_stripe_session_id_index` (`stripe_session_id`),
  ADD KEY `transactions_paypal_payer_id_index` (`paypal_payer_id`),
  ADD KEY `transactions_paypal_transaction_id_index` (`paypal_transaction_id`),
  ADD KEY `transactions_paypal_transaction_token_index` (`paypal_transaction_token`),
  ADD KEY `transactions_coinbase_charge_id_index` (`coinbase_charge_id`),
  ADD KEY `transactions_coinbase_transaction_token_index` (`coinbase_transaction_token`),
  ADD KEY `transactions_nowpayments_payment_id_index` (`nowpayments_payment_id`),
  ADD KEY `transactions_nowpayments_order_id_index` (`nowpayments_order_id`),
  ADD KEY `transactions_ccbill_payment_token_index` (`ccbill_payment_token`),
  ADD KEY `transactions_ccbill_transaction_id_index` (`ccbill_transaction_id`),
  ADD KEY `transactions_ccbill_subscription_id_index` (`ccbill_subscription_id`),
  ADD KEY `transactions_status_index` (`status`),
  ADD KEY `transactions_type_index` (`type`),
  ADD KEY `transactions_invoice_id_foreign` (`invoice_id`),
  ADD KEY `transactions_paystack_payment_token_index` (`paystack_payment_token`),
  ADD KEY `transactions_user_message_id_foreign` (`user_message_id`),
  ADD KEY `transactions_mercado_payment_token_index` (`mercado_payment_token`),
  ADD KEY `transactions_mercado_payment_id_index` (`mercado_payment_id`),
  ADD KEY `transactions_verotel_sale_id_index` (`verotel_sale_id`),
  ADD KEY `transactions_verotel_payment_token_index` (`verotel_payment_token`);

--
-- Indeks for tabel `user_bookmarks`
--
ALTER TABLE `user_bookmarks`
  ADD PRIMARY KEY (`id`),
  ADD KEY `user_bookmarks_user_id_foreign` (`user_id`),
  ADD KEY `user_bookmarks_post_id_foreign` (`post_id`);

--
-- Indeks for tabel `user_codes`
--
ALTER TABLE `user_codes`
  ADD PRIMARY KEY (`id`),
  ADD KEY `user_codes_user_id_foreign` (`user_id`),
  ADD KEY `user_codes_code_index` (`code`);

--
-- Indeks for tabel `user_devices`
--
ALTER TABLE `user_devices`
  ADD PRIMARY KEY (`id`),
  ADD KEY `user_devices_user_id_foreign` (`user_id`),
  ADD KEY `user_devices_signature_index` (`signature`);

--
-- Indeks for tabel `user_genders`
--
ALTER TABLE `user_genders`
  ADD PRIMARY KEY (`id`),
  ADD KEY `user_genders_gender_name_index` (`gender_name`);

--
-- Indeks for tabel `user_lists`
--
ALTER TABLE `user_lists`
  ADD PRIMARY KEY (`id`),
  ADD KEY `user_lists_user_id_foreign` (`user_id`),
  ADD KEY `user_lists_type_index` (`type`);

--
-- Indeks for tabel `user_list_members`
--
ALTER TABLE `user_list_members`
  ADD PRIMARY KEY (`id`),
  ADD UNIQUE KEY `list_id_user_id` (`list_id`,`user_id`),
  ADD KEY `user_list_members_user_id_foreign` (`user_id`);

--
-- Indeks for tabel `user_messages`
--
ALTER TABLE `user_messages`
  ADD PRIMARY KEY (`id`),
  ADD KEY `user_messages_sender_id_foreign` (`sender_id`),
  ADD KEY `user_messages_receiver_id_foreign` (`receiver_id`),
  ADD KEY `user_messages_isseen_index` (`isSeen`);

--
-- Indeks for tabel `user_reports`
--
ALTER TABLE `user_reports`
  ADD PRIMARY KEY (`id`),
  ADD KEY `user_reports_from_user_id_foreign` (`from_user_id`),
  ADD KEY `user_reports_post_id_index` (`post_id`),
  ADD KEY `user_reports_type_index` (`type`),
  ADD KEY `user_reports_status_index` (`status`),
  ADD KEY `user_reports_user_id_foreign` (`user_id`),
  ADD KEY `user_reports_message_id_index` (`message_id`),
  ADD KEY `user_reports_stream_id_index` (`stream_id`);

--
-- Indeks for tabel `user_taxes`
--
ALTER TABLE `user_taxes`
  ADD PRIMARY KEY (`id`),
  ADD KEY `user_taxes_user_id_foreign` (`user_id`),
  ADD KEY `user_taxes_issuing_country_id_foreign` (`issuing_country_id`),
  ADD KEY `user_taxes_legal_name_index` (`legal_name`),
  ADD KEY `user_taxes_tax_identification_number_index` (`tax_identification_number`),
  ADD KEY `user_taxes_tax_type_index` (`tax_type`);

--
-- Indeks for tabel `user_verifies`
--
ALTER TABLE `user_verifies`
  ADD PRIMARY KEY (`id`),
  ADD KEY `user_verifies_user_id_foreign` (`user_id`),
  ADD KEY `user_verifies_status_index` (`status`);

--
-- Indeks for tabel `wallets`
--
ALTER TABLE `wallets`
  ADD PRIMARY KEY (`id`),
  ADD KEY `wallets_user_id_foreign` (`user_id`);

--
-- Indeks for tabel `withdrawals`
--
ALTER TABLE `withdrawals`
  ADD PRIMARY KEY (`id`),
  ADD KEY `withdrawals_user_id_foreign` (`user_id`),
  ADD KEY `withdrawals_status_index` (`status`);

--
-- Brug ikke AUTO_INCREMENT for slettede tabeller
--

--
-- Tilføj AUTO_INCREMENT i tabel `contact_messages`
--
ALTER TABLE `contact_messages`
  MODIFY `id` bigint(20) UNSIGNED NOT NULL AUTO_INCREMENT;

--
-- Tilføj AUTO_INCREMENT i tabel `countries`
--
ALTER TABLE `countries`
  MODIFY `id` bigint(20) UNSIGNED NOT NULL AUTO_INCREMENT, AUTO_INCREMENT=251;

--
-- Tilføj AUTO_INCREMENT i tabel `creator_offers`
--
ALTER TABLE `creator_offers`
  MODIFY `id` bigint(20) UNSIGNED NOT NULL AUTO_INCREMENT;

--
-- Tilføj AUTO_INCREMENT i tabel `failed_jobs`
--
ALTER TABLE `failed_jobs`
  MODIFY `id` bigint(20) UNSIGNED NOT NULL AUTO_INCREMENT;

--
-- Tilføj AUTO_INCREMENT i tabel `featured_users`
--
ALTER TABLE `featured_users`
  MODIFY `id` bigint(20) UNSIGNED NOT NULL AUTO_INCREMENT;

--
-- Tilføj AUTO_INCREMENT i tabel `global_announcements`
--
ALTER TABLE `global_announcements`
  MODIFY `id` bigint(20) UNSIGNED NOT NULL AUTO_INCREMENT;

--
-- Tilføj AUTO_INCREMENT i tabel `invoices`
--
ALTER TABLE `invoices`
  MODIFY `id` bigint(20) UNSIGNED NOT NULL AUTO_INCREMENT;

--
-- Tilføj AUTO_INCREMENT i tabel `jobs`
--
ALTER TABLE `jobs`
  MODIFY `id` bigint(20) UNSIGNED NOT NULL AUTO_INCREMENT;

--
-- Tilføj AUTO_INCREMENT i tabel `migrations`
--
ALTER TABLE `migrations`
  MODIFY `id` int(10) UNSIGNED NOT NULL AUTO_INCREMENT, AUTO_INCREMENT=135;

--
-- Tilføj AUTO_INCREMENT i tabel `payment_requests`
--
ALTER TABLE `payment_requests`
  MODIFY `id` bigint(20) UNSIGNED NOT NULL AUTO_INCREMENT;

--
-- Tilføj AUTO_INCREMENT i tabel `permissions`
--
ALTER TABLE `permissions`
  MODIFY `id` bigint(20) UNSIGNED NOT NULL AUTO_INCREMENT, AUTO_INCREMENT=180;

--
-- Tilføj AUTO_INCREMENT i tabel `polls`
--
ALTER TABLE `polls`
  MODIFY `id` bigint(20) UNSIGNED NOT NULL AUTO_INCREMENT;

--
-- Tilføj AUTO_INCREMENT i tabel `poll_answers`
--
ALTER TABLE `poll_answers`
  MODIFY `id` bigint(20) UNSIGNED NOT NULL AUTO_INCREMENT;

--
-- Tilføj AUTO_INCREMENT i tabel `poll_user_answers`
--
ALTER TABLE `poll_user_answers`
  MODIFY `id` bigint(20) UNSIGNED NOT NULL AUTO_INCREMENT;

--
-- Tilføj AUTO_INCREMENT i tabel `posts`
--
ALTER TABLE `posts`
  MODIFY `id` bigint(20) UNSIGNED NOT NULL AUTO_INCREMENT;

--
-- Tilføj AUTO_INCREMENT i tabel `post_comments`
--
ALTER TABLE `post_comments`
  MODIFY `id` bigint(20) UNSIGNED NOT NULL AUTO_INCREMENT;

--
-- Tilføj AUTO_INCREMENT i tabel `public_pages`
--
ALTER TABLE `public_pages`
  MODIFY `id` bigint(20) UNSIGNED NOT NULL AUTO_INCREMENT, AUTO_INCREMENT=7;

--
-- Tilføj AUTO_INCREMENT i tabel `reactions`
--
ALTER TABLE `reactions`
  MODIFY `id` bigint(20) UNSIGNED NOT NULL AUTO_INCREMENT;

--
-- Tilføj AUTO_INCREMENT i tabel `referral_code_usages`
--
ALTER TABLE `referral_code_usages`
  MODIFY `id` bigint(20) UNSIGNED NOT NULL AUTO_INCREMENT;

--
-- Tilføj AUTO_INCREMENT i tabel `rewards`
--
ALTER TABLE `rewards`
  MODIFY `id` bigint(20) UNSIGNED NOT NULL AUTO_INCREMENT;

--
-- Tilføj AUTO_INCREMENT i tabel `roles`
--
ALTER TABLE `roles`
  MODIFY `id` bigint(20) UNSIGNED NOT NULL AUTO_INCREMENT, AUTO_INCREMENT=4;

--
-- Tilføj AUTO_INCREMENT i tabel `settings`
--
ALTER TABLE `settings`
  MODIFY `id` bigint(20) UNSIGNED NOT NULL AUTO_INCREMENT, AUTO_INCREMENT=314;

--
-- Tilføj AUTO_INCREMENT i tabel `streams`
--
ALTER TABLE `streams`
  MODIFY `id` bigint(20) UNSIGNED NOT NULL AUTO_INCREMENT;

--
-- Tilføj AUTO_INCREMENT i tabel `stream_messages`
--
ALTER TABLE `stream_messages`
  MODIFY `id` bigint(20) UNSIGNED NOT NULL AUTO_INCREMENT;

--
-- Tilføj AUTO_INCREMENT i tabel `subscriptions`
--
ALTER TABLE `subscriptions`
  MODIFY `id` bigint(20) UNSIGNED NOT NULL AUTO_INCREMENT;

--
-- Tilføj AUTO_INCREMENT i tabel `taxes`
--
ALTER TABLE `taxes`
  MODIFY `id` bigint(20) UNSIGNED NOT NULL AUTO_INCREMENT;

--
-- Tilføj AUTO_INCREMENT i tabel `transactions`
--
ALTER TABLE `transactions`
  MODIFY `id` bigint(20) UNSIGNED NOT NULL AUTO_INCREMENT;

--
-- Tilføj AUTO_INCREMENT i tabel `user_bookmarks`
--
ALTER TABLE `user_bookmarks`
  MODIFY `id` bigint(20) UNSIGNED NOT NULL AUTO_INCREMENT;

--
-- Tilføj AUTO_INCREMENT i tabel `user_codes`
--
ALTER TABLE `user_codes`
  MODIFY `id` bigint(20) UNSIGNED NOT NULL AUTO_INCREMENT;

--
-- Tilføj AUTO_INCREMENT i tabel `user_devices`
--
ALTER TABLE `user_devices`
  MODIFY `id` bigint(20) UNSIGNED NOT NULL AUTO_INCREMENT;

--
-- Tilføj AUTO_INCREMENT i tabel `user_genders`
--
ALTER TABLE `user_genders`
  MODIFY `id` bigint(20) UNSIGNED NOT NULL AUTO_INCREMENT, AUTO_INCREMENT=5;

--
-- Tilføj AUTO_INCREMENT i tabel `user_lists`
--
ALTER TABLE `user_lists`
  MODIFY `id` bigint(20) UNSIGNED NOT NULL AUTO_INCREMENT, AUTO_INCREMENT=3;

--
-- Tilføj AUTO_INCREMENT i tabel `user_list_members`
--
ALTER TABLE `user_list_members`
  MODIFY `id` bigint(20) UNSIGNED NOT NULL AUTO_INCREMENT;

--
-- Tilføj AUTO_INCREMENT i tabel `user_messages`
--
ALTER TABLE `user_messages`
  MODIFY `id` bigint(20) UNSIGNED NOT NULL AUTO_INCREMENT;

--
-- Tilføj AUTO_INCREMENT i tabel `user_reports`
--
ALTER TABLE `user_reports`
  MODIFY `id` bigint(20) UNSIGNED NOT NULL AUTO_INCREMENT;

--
-- Tilføj AUTO_INCREMENT i tabel `user_taxes`
--
ALTER TABLE `user_taxes`
  MODIFY `id` bigint(20) UNSIGNED NOT NULL AUTO_INCREMENT;

--
-- Tilføj AUTO_INCREMENT i tabel `user_verifies`
--
ALTER TABLE `user_verifies`
  MODIFY `id` bigint(20) UNSIGNED NOT NULL AUTO_INCREMENT;

--
-- Tilføj AUTO_INCREMENT i tabel `withdrawals`
--
ALTER TABLE `withdrawals`
  MODIFY `id` bigint(20) UNSIGNED NOT NULL AUTO_INCREMENT;

--
-- Begrænsninger for dumpede tabeller
--

--
-- Begrænsninger for tabel `attachments`
--
ALTER TABLE `attachments`
  ADD CONSTRAINT `attachments_message_id_foreign` FOREIGN KEY (`message_id`) REFERENCES `user_messages` (`id`) ON DELETE CASCADE,
  ADD CONSTRAINT `attachments_payment_request_id_foreign` FOREIGN KEY (`payment_request_id`) REFERENCES `payment_requests` (`id`) ON DELETE CASCADE,
  ADD CONSTRAINT `attachments_post_id_foreign` FOREIGN KEY (`post_id`) REFERENCES `posts` (`id`) ON DELETE CASCADE,
  ADD CONSTRAINT `attachments_user_id_foreign` FOREIGN KEY (`user_id`) REFERENCES `users` (`id`) ON DELETE CASCADE;

--
-- Begrænsninger for tabel `country_taxes`
--
ALTER TABLE `country_taxes`
  ADD CONSTRAINT `country_taxes_country_id_foreign` FOREIGN KEY (`country_id`) REFERENCES `countries` (`id`) ON DELETE CASCADE,
  ADD CONSTRAINT `country_taxes_tax_id_foreign` FOREIGN KEY (`tax_id`) REFERENCES `taxes` (`id`) ON DELETE CASCADE;

--
-- Begrænsninger for tabel `creator_offers`
--
ALTER TABLE `creator_offers`
  ADD CONSTRAINT `creator_offers_user_id_foreign` FOREIGN KEY (`user_id`) REFERENCES `users` (`id`) ON DELETE CASCADE;

--
-- Begrænsninger for tabel `featured_users`
--
ALTER TABLE `featured_users`
  ADD CONSTRAINT `featured_users_user_id_foreign` FOREIGN KEY (`user_id`) REFERENCES `users` (`id`) ON DELETE CASCADE;

--
-- Begrænsninger for tabel `model_has_permissions`
--
ALTER TABLE `model_has_permissions`
  ADD CONSTRAINT `model_has_permissions_permission_id_foreign` FOREIGN KEY (`permission_id`) REFERENCES `permissions` (`id`) ON DELETE CASCADE;

--
-- Begrænsninger for tabel `model_has_roles`
--
ALTER TABLE `model_has_roles`
  ADD CONSTRAINT `model_has_roles_role_id_foreign` FOREIGN KEY (`role_id`) REFERENCES `roles` (`id`) ON DELETE CASCADE;

--
-- Begrænsninger for tabel `notifications`
--
ALTER TABLE `notifications`
  ADD CONSTRAINT `1` FOREIGN KEY (`user_message_id`) REFERENCES `user_messages` (`id`) ON DELETE CASCADE,
  ADD CONSTRAINT `notifications_from_user_id_foreign` FOREIGN KEY (`from_user_id`) REFERENCES `users` (`id`) ON DELETE CASCADE,
  ADD CONSTRAINT `notifications_post_comment_id_foreign` FOREIGN KEY (`post_comment_id`) REFERENCES `post_comments` (`id`) ON DELETE CASCADE,
  ADD CONSTRAINT `notifications_post_id_foreign` FOREIGN KEY (`post_id`) REFERENCES `posts` (`id`) ON DELETE CASCADE,
  ADD CONSTRAINT `notifications_reaction_id_foreign` FOREIGN KEY (`reaction_id`) REFERENCES `reactions` (`id`) ON DELETE CASCADE,
  ADD CONSTRAINT `notifications_stream_id_foreign` FOREIGN KEY (`stream_id`) REFERENCES `streams` (`id`) ON DELETE CASCADE,
  ADD CONSTRAINT `notifications_subscription_id_foreign` FOREIGN KEY (`subscription_id`) REFERENCES `subscriptions` (`id`) ON DELETE CASCADE,
  ADD CONSTRAINT `notifications_to_user_id_foreign` FOREIGN KEY (`to_user_id`) REFERENCES `users` (`id`) ON DELETE CASCADE,
  ADD CONSTRAINT `notifications_transaction_id_foreign` FOREIGN KEY (`transaction_id`) REFERENCES `transactions` (`id`) ON DELETE CASCADE,
  ADD CONSTRAINT `notifications_withdrawal_id_foreign` FOREIGN KEY (`withdrawal_id`) REFERENCES `withdrawals` (`id`) ON DELETE CASCADE;

--
-- Begrænsninger for tabel `payment_requests`
--
ALTER TABLE `payment_requests`
  ADD CONSTRAINT `payment_requests_transaction_id_foreign` FOREIGN KEY (`transaction_id`) REFERENCES `transactions` (`id`) ON DELETE CASCADE,
  ADD CONSTRAINT `payment_requests_user_id_foreign` FOREIGN KEY (`user_id`) REFERENCES `users` (`id`) ON DELETE CASCADE;

--
-- Begrænsninger for tabel `polls`
--
ALTER TABLE `polls`
  ADD CONSTRAINT `polls_post_id_foreign` FOREIGN KEY (`post_id`) REFERENCES `posts` (`id`) ON DELETE CASCADE,
  ADD CONSTRAINT `polls_user_id_foreign` FOREIGN KEY (`user_id`) REFERENCES `users` (`id`) ON DELETE CASCADE;

--
-- Begrænsninger for tabel `poll_answers`
--
ALTER TABLE `poll_answers`
  ADD CONSTRAINT `poll_answers_poll_id_foreign` FOREIGN KEY (`poll_id`) REFERENCES `polls` (`id`) ON DELETE CASCADE;

--
-- Begrænsninger for tabel `poll_user_answers`
--
ALTER TABLE `poll_user_answers`
  ADD CONSTRAINT `poll_user_answers_answer_id_foreign` FOREIGN KEY (`answer_id`) REFERENCES `poll_answers` (`id`) ON DELETE CASCADE,
  ADD CONSTRAINT `poll_user_answers_poll_id_foreign` FOREIGN KEY (`poll_id`) REFERENCES `polls` (`id`) ON DELETE CASCADE,
  ADD CONSTRAINT `poll_user_answers_user_id_foreign` FOREIGN KEY (`user_id`) REFERENCES `users` (`id`) ON DELETE CASCADE;

--
-- Begrænsninger for tabel `posts`
--
ALTER TABLE `posts`
  ADD CONSTRAINT `posts_user_id_foreign` FOREIGN KEY (`user_id`) REFERENCES `users` (`id`) ON DELETE CASCADE;

--
-- Begrænsninger for tabel `post_comments`
--
ALTER TABLE `post_comments`
  ADD CONSTRAINT `post_comments_post_id_foreign` FOREIGN KEY (`post_id`) REFERENCES `posts` (`id`) ON DELETE CASCADE,
  ADD CONSTRAINT `post_comments_user_id_foreign` FOREIGN KEY (`user_id`) REFERENCES `users` (`id`) ON DELETE CASCADE;

--
-- Begrænsninger for tabel `reactions`
--
ALTER TABLE `reactions`
  ADD CONSTRAINT `reactions_post_comment_id_foreign` FOREIGN KEY (`post_comment_id`) REFERENCES `post_comments` (`id`) ON DELETE CASCADE,
  ADD CONSTRAINT `reactions_post_id_foreign` FOREIGN KEY (`post_id`) REFERENCES `posts` (`id`) ON DELETE CASCADE,
  ADD CONSTRAINT `reactions_user_id_foreign` FOREIGN KEY (`user_id`) REFERENCES `users` (`id`) ON DELETE CASCADE;

--
-- Begrænsninger for tabel `referral_code_usages`
--
ALTER TABLE `referral_code_usages`
  ADD CONSTRAINT `referral_code_usages_used_by_foreign` FOREIGN KEY (`used_by`) REFERENCES `users` (`id`) ON DELETE CASCADE;

--
-- Begrænsninger for tabel `rewards`
--
ALTER TABLE `rewards`
  ADD CONSTRAINT `rewards_from_user_id_foreign` FOREIGN KEY (`from_user_id`) REFERENCES `users` (`id`) ON DELETE CASCADE,
  ADD CONSTRAINT `rewards_referral_code_usage_id_foreign` FOREIGN KEY (`referral_code_usage_id`) REFERENCES `referral_code_usages` (`id`) ON DELETE CASCADE,
  ADD CONSTRAINT `rewards_to_user_id_foreign` FOREIGN KEY (`to_user_id`) REFERENCES `users` (`id`) ON DELETE CASCADE,
  ADD CONSTRAINT `rewards_transaction_id_foreign` FOREIGN KEY (`transaction_id`) REFERENCES `transactions` (`id`) ON DELETE CASCADE;

--
-- Begrænsninger for tabel `role_has_permissions`
--
ALTER TABLE `role_has_permissions`
  ADD CONSTRAINT `role_has_permissions_permission_id_foreign` FOREIGN KEY (`permission_id`) REFERENCES `permissions` (`id`) ON DELETE CASCADE,
  ADD CONSTRAINT `role_has_permissions_role_id_foreign` FOREIGN KEY (`role_id`) REFERENCES `roles` (`id`) ON DELETE CASCADE;

--
-- Begrænsninger for tabel `streams`
--
ALTER TABLE `streams`
  ADD CONSTRAINT `streams_user_id_foreign` FOREIGN KEY (`user_id`) REFERENCES `users` (`id`) ON DELETE CASCADE;

--
-- Begrænsninger for tabel `stream_messages`
--
ALTER TABLE `stream_messages`
  ADD CONSTRAINT `stream_messages_stream_id_foreign` FOREIGN KEY (`stream_id`) REFERENCES `streams` (`id`) ON DELETE CASCADE,
  ADD CONSTRAINT `stream_messages_user_id_foreign` FOREIGN KEY (`user_id`) REFERENCES `users` (`id`) ON DELETE CASCADE;

--
-- Begrænsninger for tabel `subscriptions`
--
ALTER TABLE `subscriptions`
  ADD CONSTRAINT `subscriptions_recipient_user_id_foreign` FOREIGN KEY (`recipient_user_id`) REFERENCES `users` (`id`) ON DELETE CASCADE,
  ADD CONSTRAINT `subscriptions_sender_user_id_foreign` FOREIGN KEY (`sender_user_id`) REFERENCES `users` (`id`) ON DELETE CASCADE;

--
-- Begrænsninger for tabel `transactions`
--
ALTER TABLE `transactions`
  ADD CONSTRAINT `transactions_invoice_id_foreign` FOREIGN KEY (`invoice_id`) REFERENCES `invoices` (`id`) ON DELETE SET NULL,
  ADD CONSTRAINT `transactions_post_id_foreign` FOREIGN KEY (`post_id`) REFERENCES `posts` (`id`) ON DELETE CASCADE,
  ADD CONSTRAINT `transactions_recipient_user_id_foreign` FOREIGN KEY (`recipient_user_id`) REFERENCES `users` (`id`) ON DELETE CASCADE,
  ADD CONSTRAINT `transactions_sender_user_id_foreign` FOREIGN KEY (`sender_user_id`) REFERENCES `users` (`id`) ON DELETE CASCADE,
  ADD CONSTRAINT `transactions_stream_id_foreign` FOREIGN KEY (`stream_id`) REFERENCES `streams` (`id`) ON DELETE CASCADE,
  ADD CONSTRAINT `transactions_subscription_id_foreign` FOREIGN KEY (`subscription_id`) REFERENCES `subscriptions` (`id`) ON DELETE CASCADE,
  ADD CONSTRAINT `transactions_user_message_id_foreign` FOREIGN KEY (`user_message_id`) REFERENCES `user_messages` (`id`) ON DELETE CASCADE;

--
-- Begrænsninger for tabel `user_bookmarks`
--
ALTER TABLE `user_bookmarks`
  ADD CONSTRAINT `user_bookmarks_post_id_foreign` FOREIGN KEY (`post_id`) REFERENCES `posts` (`id`) ON DELETE CASCADE,
  ADD CONSTRAINT `user_bookmarks_user_id_foreign` FOREIGN KEY (`user_id`) REFERENCES `users` (`id`) ON DELETE CASCADE;

--
-- Begrænsninger for tabel `user_codes`
--
ALTER TABLE `user_codes`
  ADD CONSTRAINT `user_codes_user_id_foreign` FOREIGN KEY (`user_id`) REFERENCES `users` (`id`) ON DELETE CASCADE;

--
-- Begrænsninger for tabel `user_devices`
--
ALTER TABLE `user_devices`
  ADD CONSTRAINT `user_devices_user_id_foreign` FOREIGN KEY (`user_id`) REFERENCES `users` (`id`) ON DELETE CASCADE;

--
-- Begrænsninger for tabel `user_lists`
--
ALTER TABLE `user_lists`
  ADD CONSTRAINT `user_lists_user_id_foreign` FOREIGN KEY (`user_id`) REFERENCES `users` (`id`) ON DELETE CASCADE;

--
-- Begrænsninger for tabel `user_list_members`
--
ALTER TABLE `user_list_members`
  ADD CONSTRAINT `user_list_members_list_id_foreign` FOREIGN KEY (`list_id`) REFERENCES `user_lists` (`id`) ON DELETE CASCADE,
  ADD CONSTRAINT `user_list_members_user_id_foreign` FOREIGN KEY (`user_id`) REFERENCES `users` (`id`) ON DELETE CASCADE;

--
-- Begrænsninger for tabel `user_messages`
--
ALTER TABLE `user_messages`
  ADD CONSTRAINT `user_messages_receiver_id_foreign` FOREIGN KEY (`receiver_id`) REFERENCES `users` (`id`) ON DELETE CASCADE,
  ADD CONSTRAINT `user_messages_sender_id_foreign` FOREIGN KEY (`sender_id`) REFERENCES `users` (`id`) ON DELETE CASCADE;

--
-- Begrænsninger for tabel `user_reports`
--
ALTER TABLE `user_reports`
  ADD CONSTRAINT `user_reports_from_user_id_foreign` FOREIGN KEY (`from_user_id`) REFERENCES `users` (`id`) ON DELETE CASCADE,
  ADD CONSTRAINT `user_reports_user_id_foreign` FOREIGN KEY (`user_id`) REFERENCES `users` (`id`) ON DELETE CASCADE;

--
-- Begrænsninger for tabel `user_taxes`
--
ALTER TABLE `user_taxes`
  ADD CONSTRAINT `user_taxes_issuing_country_id_foreign` FOREIGN KEY (`issuing_country_id`) REFERENCES `countries` (`id`) ON DELETE CASCADE,
  ADD CONSTRAINT `user_taxes_user_id_foreign` FOREIGN KEY (`user_id`) REFERENCES `users` (`id`) ON DELETE CASCADE;

--
-- Begrænsninger for tabel `user_verifies`
--
ALTER TABLE `user_verifies`
  ADD CONSTRAINT `user_verifies_user_id_foreign` FOREIGN KEY (`user_id`) REFERENCES `users` (`id`) ON DELETE CASCADE;

--
-- Begrænsninger for tabel `wallets`
--
ALTER TABLE `wallets`
  ADD CONSTRAINT `wallets_user_id_foreign` FOREIGN KEY (`user_id`) REFERENCES `users` (`id`) ON DELETE CASCADE;

--
-- Begrænsninger for tabel `withdrawals`
--
ALTER TABLE `withdrawals`
  ADD CONSTRAINT `withdrawals_user_id_foreign` FOREIGN KEY (`user_id`) REFERENCES `users` (`id`) ON DELETE CASCADE;
COMMIT;

